{"id":1155,"date":"2011-08-25T07:31:59","date_gmt":"2011-08-25T07:31:59","guid":{"rendered":"http:\/\/www.komedija.hr\/web\/?page_id=1155"},"modified":"2011-08-25T07:33:11","modified_gmt":"2011-08-25T07:33:11","slug":"komedijini-mjuzikli-za-novi-milenij","status":"publish","type":"page","link":"https:\/\/www.komedija.hr\/www\/o-kazalistu\/komedijini-mjuzikli-za-novi-milenij\/","title":{"rendered":"&#8220;Komedijini&#8221; mjuzikli za novi milenij"},"content":{"rendered":"<p align=\"left\"><span style=\"color: #660000;\"><strong>&#8220;KOMEDIJINI&#8221; MJUZIKLI ZA NOVI MILENIJ<br \/>\n<\/strong><\/span>U povodu &#8220;Komedijine&#8221; 55. sezone pi\u0161e Irena Paulus<\/p>\n<p>Prvoga travnja 2000. godine malo zagreba\u010dko kazali\u0161te &#8220;Komedija&#8221; u velikoj KD &#8220;V. Lisinski&#8221; premijerno je izvelo rock operu <strong>Tima Ricea<\/strong> i <strong>Andrewa Lloyda Webbera<\/strong> <em>Isus Krist Superstar<\/em>. Bilo je to prvi put da je zagreba\u010dka publika mogla u\u017eivo gledati i slu\u0161ati glazbu <strong>Andrewa Lloyda Webbera<\/strong> i prvi put da su glazba, gluma i ples masovno pokrenuli publiku koja se odazvala posebnom obilje\u017eavanju blagdana Uskrsa (<em>timing<\/em> je tako\u0111er bio iznimno va\u017ean). Takvih je projekata u &#8220;Komedijinoj&#8221; povijesti bilo i ranije, ali je od postavljanja rock-opere <em>Gubec-beg<\/em> (1975.) s impresivnim <strong>Brankom Bla\u0107em<\/strong> u naslovnoj ulozi pro\u0161lo mnogo godina. Operetno obilje\u017eavanje Novih godina s pjeva\u010dkim zvijezdama poput <strong>Sandre Bagari\u0107<\/strong> nakon Straussovog <em>\u0160i\u0161mi\u0161a<\/em> (1995.) po\u010delo se &#8220;podrazumijevati samo po sebi&#8221;, a rijetko se razmi\u0161ljalo o ulo\u017eenom trudu. Isti su status imali mjuzikli <strong>Alfija Kabilja<\/strong> (koji ove godine slavi sedamdeseti ro\u0111endan) na \u010delu s <em>Jaltom, Jaltom<\/em>(Sve\u010dana premijera Jalte odr\u017eana je 7. sije\u010dnja 1972.).<\/p>\n<p>Zapravo, mnogi nisu vjerovali da \u0107e <em>Isus Krist Superstar<\/em> uop\u0107e napuniti koncertnu dvoranu &#8220;Vatroslav Lisinski&#8221;: govorkalo se da je rock-opera zastarjela (s ameri\u010dkom premijerom 1971. bila je u &#8220;starosnom rangu&#8221; <em>Gubec-bega<\/em>i <em>Jalte<\/em>) i da je prete\u0161ka za izvedbu. Me\u0111utim, pokazalo se da zli jezici nisu bili u pravu. S jedne su strane glazbeni hitovi <strong>Lloyda Webbera<\/strong> odu\u0161evili staru i mladu publiku (jedni su se prisje\u0107ali, a drugi otkrivali), a s druge je strane te\u017eina materijala djelovala poput podstreka i izazova. Zbog <em>Isusa<\/em> &#8220;Komedija&#8221; je otkrila nove zvijezde kao \u0161to je bio &#8220;klapski&#8221; pjeva\u010d <strong>\u0110ani Stipeni\u010dev<\/strong> (danas stalni \u010dlan &#8220;Komedijinog&#8221; ansambla, nositelj uglavnom romanti\u010dnih naslovnih uloga) i &#8220;rocker&#8221; <strong>Ervin Bau\u010di\u0107<\/strong> (danas stalni &#8220;Komedijin&#8221; gost). Udru\u017eivanje mladosti koja je &#8220;grizla&#8221; s iskustvom redatelja <strong>Vlade \u0160tefan\u010di\u0107a<\/strong> i dirigenta <strong>Veseljka Bare\u0161i\u0107a<\/strong> (a i on se izmjenjivao s &#8220;novim licem&#8221; dirigentom <strong>Dinkom Appeltom<\/strong>) pokazali su se dobitnom kombinacijom.<\/p>\n<p>Novi odnos prema mjuziklu nije bila slu\u010dajnost: trebalo je mnogo stvarala\u010dkog zamaha, idejne kreativnosti i organizacijskih sposobnosti da se pokrenu projekti koji su uslijedili nakon Isusa. Iza &#8220;vidljivih&#8221; \u010dlanova ansambla &#8211; izvo\u0111a\u010da (koji su, kao i uvijek, uklju\u010divali stalne \u010dlanove i goste &#8211; od <strong>Josipe Lisac, Branka Bla\u0107e, Radojke \u0160verko<\/strong> do <strong>Giuliana<\/strong> i <strong>Nikite<\/strong>), stajali su &#8220;nevidljivi&#8221; \u010dlanovi, odnosno uprava na \u010delu s <strong>Nikom Pavlovi\u0107em<\/strong>. Uprava, organizatori i producenti pomno su birali mjuzikle, organizirali, riskirali i nerijetko pokazivali iznimnu hrabrost kada je trebalo financijski pokrenuti novi projekt. Osim toga, oni su pokrenuli i niz audicija uz pomo\u0107 kojih su se u &#8220;Komedijinim&#8221; predstavama pojavili iznimni mladi talenti, \u010dime se naglo i neo\u010dekivano pove\u0107ala kvaliteta izvedbi.<\/p>\n<p>Projekti poput <em>Kose<\/em> <strong>Galta MacDermota<\/strong> i <em>Malog du\u0107ana strave<\/em> <strong>H. Ashmana<\/strong> i <strong>A.Menkena<\/strong> &#8211; &#8220;izbacili&#8221; su nove zvijezde poput <strong>Ronalda \u017dlabura<\/strong> i <strong>Renate Sabljak<\/strong>. Ti su projekti tako\u0111er pokazali da \u0107e &#8220;Komedija&#8221; u budu\u0107nosti djelovati na dva glazbena podru\u010dja. Prvo su veliki projekti, a drugo su manje, komorne predstave koje su zbog iznimnih izvedbi prerasle u prave hitove. Govorimo o <em>Malom du\u0107anu strave<\/em>, koji je odu\u0161evio \u0161armantno-stravi\u010dnim humorom, o <em>Chicagu<\/em>, koji se pojavio nedugo nakon istoimenog filma a koji je do danas do\u017eivio gotovo 100 izvedbi, o glazbenoj biografskoj drami <em>Piaf <\/em>s nezaboravnom <strong>Jasnom Bilu\u0161i\u0107<\/strong> te o kontroverzno-\u0161kakljivom <em>Skidajte se do kraja<\/em> za koji se danas tra\u017ei karta vi\u0161e.<\/p>\n<p>Nasuprot malim, veliki projekti su zahtijevali veliki asnambl, sna\u017ene solisti\u010dke glasove, eventualne izvo\u0111a\u010de-goste (npr. u udaraljka\u0161koj sekciji u orkestru ustalio se <strong>Hrvoje Rup\u010di\u0107<\/strong>), brojne probe i mnogo, mnogo entuzijazma, strpljenja i jo\u0161 vi\u0161e novaca. Tako je nakon <em>Isusa<\/em> i <em>Kose<\/em> slijedila obnova <em>Gubec-bega<\/em> <strong>Kraja\u010da, Metiko\u0161a<\/strong> i <strong>Prohaske<\/strong> te najnovija postava ambicioznog mjuzikla <strong>E. Johna<\/strong> <em>Aida<\/em>. Ovi su glazbeni epovi publici ponekad predstavljani na pozornici KD &#8220;Vatroslav Lisinski&#8221; a mnogo \u010de\u0161\u0107e na ljetnoj pozornici &#8220;Jarunfesta&#8221; koji je tako\u0111er (sretne li &#8220;slu\u010dajnosti&#8221;!) pokrenut nakon praizvedbe rock-opere <em>Isus Krist Superstar<\/em>. 2000. godina pokazala je da je publika \u017eeljna pravih, velikih i rasko\u0161nih mjuzikla. Ali ne samo to: po\u010detak 21. stolje\u0107a u\u010dinio je Zagreb i &#8220;Komediju&#8221; sredi\u0161tem odli\u010dnih izvedbi, \u0161to je uklju\u010divalo sve komponente &#8211; i pjesmu i govor i glumu i ples.<\/p>\n","protected":false},"excerpt":{"rendered":"<p>&#8220;KOMEDIJINI&#8221; MJUZIKLI ZA NOVI MILENIJ U povodu &#8220;Komedijine&#8221; 55. sezone pi\u0161e Irena Paulus Prvoga travnja 2000. godine malo zagreba\u010dko kazali\u0161te &#8220;Komedija&#8221; u velikoj KD &#8220;V. Lisinski&#8221; premijerno je izvelo rock operu Tima Ricea i Andrewa Lloyda Webbera Isus Krist Superstar. Bilo je to prvi put da je zagreba\u010dka publika mogla u\u017eivo gledati i slu\u0161ati glazbu [&hellip;]<\/p>\n","protected":false},"author":4,"featured_media":0,"parent":680,"menu_order":0,"comment_status":"closed","ping_status":"closed","template":"","meta":{"ngg_post_thumbnail":0,"footnotes":""},"class_list":["post-1155","page","type-page","status-publish","hentry"],"yoast_head":"<!-- This site is optimized with the Yoast SEO plugin v27.5 - https:\/\/yoast.com\/product\/yoast-seo-wordpress\/ -->\n<title>&quot;Komedijini&quot; mjuzikli za novi milenij - Kazali\u0161te Komedija<\/title>\n<meta name=\"robots\" content=\"index, follow, max-snippet:-1, max-image-preview:large, max-video-preview:-1\" \/>\n<link rel=\"canonical\" href=\"https:\/\/www.komedija.hr\/www\/o-kazalistu\/komedijini-mjuzikli-za-novi-milenij\/\" \/>\n<meta property=\"og:locale\" content=\"hr_HR\" \/>\n<meta property=\"og:type\" content=\"article\" \/>\n<meta property=\"og:title\" content=\"&quot;Komedijini&quot; mjuzikli za novi milenij - Kazali\u0161te Komedija\" \/>\n<meta property=\"og:description\" content=\"&#8220;KOMEDIJINI&#8221; MJUZIKLI ZA NOVI MILENIJ U povodu &#8220;Komedijine&#8221; 55. sezone pi\u0161e Irena Paulus Prvoga travnja 2000. godine malo zagreba\u010dko kazali\u0161te &#8220;Komedija&#8221; u velikoj KD &#8220;V. Lisinski&#8221; premijerno je izvelo rock operu Tima Ricea i Andrewa Lloyda Webbera Isus Krist Superstar. Bilo je to prvi put da je zagreba\u010dka publika mogla u\u017eivo gledati i slu\u0161ati glazbu [&hellip;]\" \/>\n<meta property=\"og:url\" content=\"https:\/\/www.komedija.hr\/www\/o-kazalistu\/komedijini-mjuzikli-za-novi-milenij\/\" \/>\n<meta property=\"og:site_name\" content=\"Kazali\u0161te Komedija\" \/>\n<meta property=\"article:publisher\" content=\"https:\/\/www.facebook.com\/kazaliste.komedija\/\" \/>\n<meta property=\"article:modified_time\" content=\"2011-08-25T07:33:11+00:00\" \/>\n<meta name=\"twitter:card\" content=\"summary_large_image\" \/>\n<meta name=\"twitter:site\" content=\"@KKomedija\" \/>\n<meta name=\"twitter:label1\" content=\"Procijenjeno vrijeme \u010ditanja\" \/>\n\t<meta name=\"twitter:data1\" content=\"4 minute\" \/>\n<script type=\"application\/ld+json\" class=\"yoast-schema-graph\">{\"@context\":\"https:\\\/\\\/schema.org\",\"@graph\":[{\"@type\":\"WebPage\",\"@id\":\"https:\\\/\\\/www.komedija.hr\\\/www\\\/o-kazalistu\\\/komedijini-mjuzikli-za-novi-milenij\\\/\",\"url\":\"https:\\\/\\\/www.komedija.hr\\\/www\\\/o-kazalistu\\\/komedijini-mjuzikli-za-novi-milenij\\\/\",\"name\":\"\\\"Komedijini\\\" mjuzikli za novi milenij - Kazali\u0161te Komedija\",\"isPartOf\":{\"@id\":\"http:\\\/\\\/www.komedija.hr\\\/www\\\/#website\"},\"datePublished\":\"2011-08-25T07:31:59+00:00\",\"dateModified\":\"2011-08-25T07:33:11+00:00\",\"breadcrumb\":{\"@id\":\"https:\\\/\\\/www.komedija.hr\\\/www\\\/o-kazalistu\\\/komedijini-mjuzikli-za-novi-milenij\\\/#breadcrumb\"},\"inLanguage\":\"hr\",\"potentialAction\":[{\"@type\":\"ReadAction\",\"target\":[\"https:\\\/\\\/www.komedija.hr\\\/www\\\/o-kazalistu\\\/komedijini-mjuzikli-za-novi-milenij\\\/\"]}]},{\"@type\":\"BreadcrumbList\",\"@id\":\"https:\\\/\\\/www.komedija.hr\\\/www\\\/o-kazalistu\\\/komedijini-mjuzikli-za-novi-milenij\\\/#breadcrumb\",\"itemListElement\":[{\"@type\":\"ListItem\",\"position\":1,\"name\":\"Po\u010detna stranica\",\"item\":\"http:\\\/\\\/www.komedija.hr\\\/www\\\/\"},{\"@type\":\"ListItem\",\"position\":2,\"name\":\"O kazali\u0161tu\",\"item\":\"https:\\\/\\\/www.komedija.hr\\\/www\\\/o-kazalistu\\\/\"},{\"@type\":\"ListItem\",\"position\":3,\"name\":\"&#8220;Komedijini&#8221; mjuzikli za novi milenij\"}]},{\"@type\":\"WebSite\",\"@id\":\"http:\\\/\\\/www.komedija.hr\\\/www\\\/#website\",\"url\":\"http:\\\/\\\/www.komedija.hr\\\/www\\\/\",\"name\":\"Kazali\u0161te Komedija\",\"description\":\"\",\"publisher\":{\"@id\":\"http:\\\/\\\/www.komedija.hr\\\/www\\\/#organization\"},\"potentialAction\":[{\"@type\":\"SearchAction\",\"target\":{\"@type\":\"EntryPoint\",\"urlTemplate\":\"http:\\\/\\\/www.komedija.hr\\\/www\\\/?s={search_term_string}\"},\"query-input\":{\"@type\":\"PropertyValueSpecification\",\"valueRequired\":true,\"valueName\":\"search_term_string\"}}],\"inLanguage\":\"hr\"},{\"@type\":\"Organization\",\"@id\":\"http:\\\/\\\/www.komedija.hr\\\/www\\\/#organization\",\"name\":\"Zagreba\u010dko gradsko Kazali\u0161ta Komedija\",\"url\":\"http:\\\/\\\/www.komedija.hr\\\/www\\\/\",\"logo\":{\"@type\":\"ImageObject\",\"inLanguage\":\"hr\",\"@id\":\"http:\\\/\\\/www.komedija.hr\\\/www\\\/#\\\/schema\\\/logo\\\/image\\\/\",\"url\":\"https:\\\/\\\/www.komedija.hr\\\/www\\\/wp-content\\\/uploads\\\/2020\\\/02\\\/cropped-Kazaliste_Komedija_logo_2.png\",\"contentUrl\":\"https:\\\/\\\/www.komedija.hr\\\/www\\\/wp-content\\\/uploads\\\/2020\\\/02\\\/cropped-Kazaliste_Komedija_logo_2.png\",\"width\":512,\"height\":512,\"caption\":\"Zagreba\u010dko gradsko Kazali\u0161ta Komedija\"},\"image\":{\"@id\":\"http:\\\/\\\/www.komedija.hr\\\/www\\\/#\\\/schema\\\/logo\\\/image\\\/\"},\"sameAs\":[\"https:\\\/\\\/www.facebook.com\\\/kazaliste.komedija\\\/\",\"https:\\\/\\\/x.com\\\/KKomedija\",\"https:\\\/\\\/www.instagram.com\\\/kazaliste_komedija\\\/\",\"https:\\\/\\\/www.youtube.com\\\/channel\\\/UC1NcapMYUXJW3miW_oPxT5w\\\/videos\"]}]}<\/script>\n<!-- \/ Yoast SEO plugin. -->","yoast_head_json":{"title":"\"Komedijini\" mjuzikli za novi milenij - Kazali\u0161te Komedija","robots":{"index":"index","follow":"follow","max-snippet":"max-snippet:-1","max-image-preview":"max-image-preview:large","max-video-preview":"max-video-preview:-1"},"canonical":"https:\/\/www.komedija.hr\/www\/o-kazalistu\/komedijini-mjuzikli-za-novi-milenij\/","og_locale":"hr_HR","og_type":"article","og_title":"\"Komedijini\" mjuzikli za novi milenij - Kazali\u0161te Komedija","og_description":"&#8220;KOMEDIJINI&#8221; MJUZIKLI ZA NOVI MILENIJ U povodu &#8220;Komedijine&#8221; 55. sezone pi\u0161e Irena Paulus Prvoga travnja 2000. godine malo zagreba\u010dko kazali\u0161te &#8220;Komedija&#8221; u velikoj KD &#8220;V. Lisinski&#8221; premijerno je izvelo rock operu Tima Ricea i Andrewa Lloyda Webbera Isus Krist Superstar. Bilo je to prvi put da je zagreba\u010dka publika mogla u\u017eivo gledati i slu\u0161ati glazbu [&hellip;]","og_url":"https:\/\/www.komedija.hr\/www\/o-kazalistu\/komedijini-mjuzikli-za-novi-milenij\/","og_site_name":"Kazali\u0161te Komedija","article_publisher":"https:\/\/www.facebook.com\/kazaliste.komedija\/","article_modified_time":"2011-08-25T07:33:11+00:00","twitter_card":"summary_large_image","twitter_site":"@KKomedija","twitter_misc":{"Procijenjeno vrijeme \u010ditanja":"4 minute"},"schema":{"@context":"https:\/\/schema.org","@graph":[{"@type":"WebPage","@id":"https:\/\/www.komedija.hr\/www\/o-kazalistu\/komedijini-mjuzikli-za-novi-milenij\/","url":"https:\/\/www.komedija.hr\/www\/o-kazalistu\/komedijini-mjuzikli-za-novi-milenij\/","name":"\"Komedijini\" mjuzikli za novi milenij - Kazali\u0161te Komedija","isPartOf":{"@id":"http:\/\/www.komedija.hr\/www\/#website"},"datePublished":"2011-08-25T07:31:59+00:00","dateModified":"2011-08-25T07:33:11+00:00","breadcrumb":{"@id":"https:\/\/www.komedija.hr\/www\/o-kazalistu\/komedijini-mjuzikli-za-novi-milenij\/#breadcrumb"},"inLanguage":"hr","potentialAction":[{"@type":"ReadAction","target":["https:\/\/www.komedija.hr\/www\/o-kazalistu\/komedijini-mjuzikli-za-novi-milenij\/"]}]},{"@type":"BreadcrumbList","@id":"https:\/\/www.komedija.hr\/www\/o-kazalistu\/komedijini-mjuzikli-za-novi-milenij\/#breadcrumb","itemListElement":[{"@type":"ListItem","position":1,"name":"Po\u010detna stranica","item":"http:\/\/www.komedija.hr\/www\/"},{"@type":"ListItem","position":2,"name":"O kazali\u0161tu","item":"https:\/\/www.komedija.hr\/www\/o-kazalistu\/"},{"@type":"ListItem","position":3,"name":"&#8220;Komedijini&#8221; mjuzikli za novi milenij"}]},{"@type":"WebSite","@id":"http:\/\/www.komedija.hr\/www\/#website","url":"http:\/\/www.komedija.hr\/www\/","name":"Kazali\u0161te Komedija","description":"","publisher":{"@id":"http:\/\/www.komedija.hr\/www\/#organization"},"potentialAction":[{"@type":"SearchAction","target":{"@type":"EntryPoint","urlTemplate":"http:\/\/www.komedija.hr\/www\/?s={search_term_string}"},"query-input":{"@type":"PropertyValueSpecification","valueRequired":true,"valueName":"search_term_string"}}],"inLanguage":"hr"},{"@type":"Organization","@id":"http:\/\/www.komedija.hr\/www\/#organization","name":"Zagreba\u010dko gradsko Kazali\u0161ta Komedija","url":"http:\/\/www.komedija.hr\/www\/","logo":{"@type":"ImageObject","inLanguage":"hr","@id":"http:\/\/www.komedija.hr\/www\/#\/schema\/logo\/image\/","url":"https:\/\/www.komedija.hr\/www\/wp-content\/uploads\/2020\/02\/cropped-Kazaliste_Komedija_logo_2.png","contentUrl":"https:\/\/www.komedija.hr\/www\/wp-content\/uploads\/2020\/02\/cropped-Kazaliste_Komedija_logo_2.png","width":512,"height":512,"caption":"Zagreba\u010dko gradsko Kazali\u0161ta Komedija"},"image":{"@id":"http:\/\/www.komedija.hr\/www\/#\/schema\/logo\/image\/"},"sameAs":["https:\/\/www.facebook.com\/kazaliste.komedija\/","https:\/\/x.com\/KKomedija","https:\/\/www.instagram.com\/kazaliste_komedija\/","https:\/\/www.youtube.com\/channel\/UC1NcapMYUXJW3miW_oPxT5w\/videos"]}]}},"_links":{"self":[{"href":"https:\/\/www.komedija.hr\/www\/wp-json\/wp\/v2\/pages\/1155","targetHints":{"allow":["GET"]}}],"collection":[{"href":"https:\/\/www.komedija.hr\/www\/wp-json\/wp\/v2\/pages"}],"about":[{"href":"https:\/\/www.komedija.hr\/www\/wp-json\/wp\/v2\/types\/page"}],"author":[{"embeddable":true,"href":"https:\/\/www.komedija.hr\/www\/wp-json\/wp\/v2\/users\/4"}],"replies":[{"embeddable":true,"href":"https:\/\/www.komedija.hr\/www\/wp-json\/wp\/v2\/comments?post=1155"}],"version-history":[{"count":0,"href":"https:\/\/www.komedija.hr\/www\/wp-json\/wp\/v2\/pages\/1155\/revisions"}],"up":[{"embeddable":true,"href":"https:\/\/www.komedija.hr\/www\/wp-json\/wp\/v2\/pages\/680"}],"wp:attachment":[{"href":"https:\/\/www.komedija.hr\/www\/wp-json\/wp\/v2\/media?parent=1155"}],"curies":[{"name":"wp","href":"https:\/\/api.w.org\/{rel}","templated":true}]}}