{"id":13987,"date":"2021-06-04T15:39:06","date_gmt":"2021-06-04T13:39:06","guid":{"rendered":"http:\/\/www.komedija.hr\/www\/?page_id=13987"},"modified":"2025-06-11T12:32:33","modified_gmt":"2025-06-11T10:32:33","slug":"ognjen-milovanovic","status":"publish","type":"page","link":"https:\/\/www.komedija.hr\/www\/ansambl-2\/glumci\/ognjen-milovanovic\/","title":{"rendered":"Ognjen Milovanovi\u0107"},"content":{"rendered":"<table border=\"0\" width=\"100%\">\n<tbody>\n<tr>\n<td>\n<p><div id=\"attachment_18931\" style=\"width: 210px\" class=\"wp-caption alignnone\"><img decoding=\"async\" aria-describedby=\"caption-attachment-18931\" class=\"size-medium wp-image-18931\" src=\"https:\/\/www.komedija.hr\/www\/wp-content\/uploads\/2024\/05\/E07_0769-200x300.jpg\" alt=\"\" width=\"200\" height=\"300\" srcset=\"https:\/\/www.komedija.hr\/www\/wp-content\/uploads\/2024\/05\/E07_0769-200x300.jpg 200w, https:\/\/www.komedija.hr\/www\/wp-content\/uploads\/2024\/05\/E07_0769-683x1024.jpg 683w, https:\/\/www.komedija.hr\/www\/wp-content\/uploads\/2024\/05\/E07_0769-768x1152.jpg 768w, https:\/\/www.komedija.hr\/www\/wp-content\/uploads\/2024\/05\/E07_0769-1024x1536.jpg 1024w, https:\/\/www.komedija.hr\/www\/wp-content\/uploads\/2024\/05\/E07_0769-1365x2048.jpg 1365w, https:\/\/www.komedija.hr\/www\/wp-content\/uploads\/2024\/05\/E07_0769-1320x1980.jpg 1320w, https:\/\/www.komedija.hr\/www\/wp-content\/uploads\/2024\/05\/E07_0769-scaled.jpg 1707w\" sizes=\"(max-width: 200px) 100vw, 200px\" \/><p id=\"caption-attachment-18931\" class=\"wp-caption-text\">Created by PhotoWatermark Professional<\/p><\/div><\/td>\n<td>Glumac<\/td>\n<\/tr>\n<tr>\n<td width=\"18%\" height=\"25\"><strong>DATUM I MJESTO RO\u0110ENJA <\/strong><\/td>\n<td width=\"82%\" height=\"25\">21.4.1994., Bjelovar<\/td>\n<\/tr>\n<tr>\n<td valign=\"top\" width=\"18%\" height=\"55\"><strong>KONTAKT<\/strong><\/td>\n<td valign=\"top\" width=\"82%\" height=\"55\"><a href=\"mailto:propaganda@komedija.hr\">propaganda@komedija.hr<\/a><\/td>\n<\/tr>\n<tr>\n<td valign=\"top\" width=\"18%\" height=\"25\"><strong>OBRAZOVANJE<\/strong><\/td>\n<td valign=\"top\" width=\"82%\" height=\"25\">Akademija dramske umjetnosti, Zagreb<\/td>\n<\/tr>\n<tr>\n<td valign=\"top\" width=\"18%\" height=\"18\"><strong>KAZALI\u0160TE<\/strong><\/td>\n<td valign=\"top\" width=\"82%\" height=\"18\"><strong>ZGK Komedija<\/strong>: Zaljubljeni Shakespeare, Ljepotica i zvijer, Mnogo vike niza\u0161to, Velo misto, Krava na granici, Zapetljani interesi; Juha bra\u0107e Marx, Ponos i predrasude<br \/>\n<strong>Kerempuh:<\/strong> &#8220;Narodni heroj Ljiljan Vidi\u0107&#8221;<br \/>\n<strong>\u017dar ptica<\/strong>: &#8220;Plava boja snijega&#8221;<br \/>\n<strong>HNK Vara\u017edin<\/strong>: &#8220;Filoktet&#8221;, &#8220;Trojica u Trnju&#8221;, &#8220;\u010cini barona Tamburlana&#8221;, &#8220;Nebo od gume&#8221;, &#8220;Cigle svete Elizabete&#8221;<br \/>\n<strong>Histrioni<\/strong>: &#8220;Ma\u010dak u vre\u0107i&#8221;, &#8220;Stoka sitnog zuba&#8221;<br \/>\n<strong>Mala Scena<\/strong>: &#8220;Muka malog Vuka&#8221;<br \/>\n<strong>Umjetni\u010dka organizacija KREATOR<\/strong>: &#8220;Njema\u010dki za po\u010detnike&#8221;<\/td>\n<\/tr>\n<tr>\n<td valign=\"top\" width=\"18%\" height=\"14\"><strong>FILM<\/strong><\/td>\n<td valign=\"top\" width=\"82%\" height=\"14\"><em>Koja je ovo dr\u017eava!<\/em> (V. Bre\u0161an)<\/td>\n<\/tr>\n<tr>\n<td valign=\"top\" width=\"18%\" height=\"14\"><strong>TELEVIZIJA<\/strong><\/td>\n<td valign=\"top\" width=\"82%\" height=\"14\"><em>Crno-bijeli svijet<\/em>, <em>Nestali<\/em><\/td>\n<\/tr>\n<tr>\n<td valign=\"top\" width=\"18%\" height=\"14\"><strong>RADIO<\/strong><\/td>\n<td valign=\"top\" width=\"82%\" height=\"14\"><em>Sarajevski gambit<\/em>, Vedrana Vrhovnik: dobitnica nagrade hrvatskog glumi\u0161ta za najbolje redateljsko ostvarenje u radiodrami 2019. godine<\/td>\n<\/tr>\n<tr>\n<td valign=\"top\" width=\"18%\" height=\"14\"><strong>OSTALO<\/strong><\/td>\n<td valign=\"top\" width=\"82%\" height=\"14\">dugometra\u017eni animirani filmovi <em>Neparo\u017ederi <\/em>i <em>Dolittle<\/em><\/td>\n<\/tr>\n<tr>\n<td valign=\"top\" width=\"18%\" height=\"14\"><strong>NAGRADE I PRIZNANJA<br \/>\n<\/strong><\/td>\n<td valign=\"top\" width=\"82%\" height=\"14\">Nagrada hrvatskog glumi\u0161ta za najbolje mu\u0161ko gluma\u010dko ostvarenje do 28 godina za ulogu Ferde Luna\u010deka u predstavi &#8220;Ma\u010dak u vre\u0107i&#8221;<\/td>\n<\/tr>\n<tr>\n<td valign=\"top\" width=\"18%\"><strong>STATUSI U &#8220;KOMEDIJI&#8221;<\/strong><\/td>\n<td valign=\"top\" width=\"82%\">prvi nastup u &#8220;Komediji&#8221;: 4. svibnja 2019. u predstavi ZALJUBLJENI SHAKESPEARE<br \/>\nzaposlen od 1. lipnja 2021.<\/td>\n<\/tr>\n<tr>\n<td valign=\"top\" width=\"18%\">&nbsp;<\/td>\n<td valign=\"top\" width=\"82%\">&nbsp;<\/td>\n<\/tr>\n<tr>\n<td valign=\"top\" width=\"18%\">&nbsp;<\/td>\n<td valign=\"top\" width=\"82%\"><a href=\"https:\/\/www.instagram.com\/ognjenmilovanovic5?igsh=MTJsNDR5eWRxOHZmNg==\">Instagram<\/a><br \/>\n<a href=\"https:\/\/www.facebook.com\/ognjen.a.milovanovic\">Facebook<\/a><\/td>\n<\/tr>\n<\/tbody>\n<\/table>\n","protected":false},"excerpt":{"rendered":"<p>Glumac DATUM I MJESTO RO\u0110ENJA 21.4.1994., Bjelovar KONTAKT propaganda@komedija.hr OBRAZOVANJE Akademija dramske umjetnosti, Zagreb KAZALI\u0160TE ZGK Komedija: Zaljubljeni Shakespeare, Ljepotica i zvijer, Mnogo vike niza\u0161to, Velo misto, Krava na granici, Zapetljani interesi; Juha bra\u0107e Marx, Ponos i predrasude Kerempuh: &#8220;Narodni heroj Ljiljan Vidi\u0107&#8221; \u017dar ptica: &#8220;Plava boja snijega&#8221; HNK Vara\u017edin: &#8220;Filoktet&#8221;, &#8220;Trojica u Trnju&#8221;, &#8220;\u010cini [&hellip;]<\/p>\n","protected":false},"author":3,"featured_media":0,"parent":6992,"menu_order":0,"comment_status":"closed","ping_status":"closed","template":"","meta":{"ngg_post_thumbnail":0,"footnotes":""},"class_list":["post-13987","page","type-page","status-publish","hentry"],"yoast_head":"<!-- This site is optimized with the Yoast SEO plugin v27.4 - https:\/\/yoast.com\/product\/yoast-seo-wordpress\/ -->\n<title>Ognjen Milovanovi\u0107 - Kazali\u0161te Komedija<\/title>\n<meta name=\"robots\" content=\"index, follow, max-snippet:-1, max-image-preview:large, max-video-preview:-1\" \/>\n<link rel=\"canonical\" href=\"https:\/\/www.komedija.hr\/www\/ansambl-2\/glumci\/ognjen-milovanovic\/\" \/>\n<meta property=\"og:locale\" content=\"hr_HR\" \/>\n<meta property=\"og:type\" content=\"article\" \/>\n<meta property=\"og:title\" content=\"Ognjen Milovanovi\u0107 - Kazali\u0161te Komedija\" \/>\n<meta property=\"og:description\" content=\"Glumac DATUM I MJESTO RO\u0110ENJA 21.4.1994., Bjelovar KONTAKT propaganda@komedija.hr OBRAZOVANJE Akademija dramske umjetnosti, Zagreb KAZALI\u0160TE ZGK Komedija: Zaljubljeni Shakespeare, Ljepotica i zvijer, Mnogo vike niza\u0161to, Velo misto, Krava na granici, Zapetljani interesi; Juha bra\u0107e Marx, Ponos i predrasude Kerempuh: &#8220;Narodni heroj Ljiljan Vidi\u0107&#8221; \u017dar ptica: &#8220;Plava boja snijega&#8221; HNK Vara\u017edin: &#8220;Filoktet&#8221;, &#8220;Trojica u Trnju&#8221;, &#8220;\u010cini [&hellip;]\" \/>\n<meta property=\"og:url\" content=\"https:\/\/www.komedija.hr\/www\/ansambl-2\/glumci\/ognjen-milovanovic\/\" \/>\n<meta property=\"og:site_name\" content=\"Kazali\u0161te Komedija\" \/>\n<meta property=\"article:publisher\" content=\"https:\/\/www.facebook.com\/kazaliste.komedija\/\" \/>\n<meta property=\"article:modified_time\" content=\"2025-06-11T10:32:33+00:00\" \/>\n<meta property=\"og:image\" content=\"https:\/\/www.komedija.hr\/www\/wp-content\/uploads\/2024\/05\/E07_0769-scaled.jpg\" \/>\n\t<meta property=\"og:image:width\" content=\"1707\" \/>\n\t<meta property=\"og:image:height\" content=\"2560\" \/>\n\t<meta property=\"og:image:type\" content=\"image\/jpeg\" \/>\n<meta name=\"twitter:card\" content=\"summary_large_image\" \/>\n<meta name=\"twitter:site\" content=\"@KKomedija\" \/>\n<meta name=\"twitter:label1\" content=\"Procijenjeno vrijeme \u010ditanja\" \/>\n\t<meta name=\"twitter:data1\" content=\"2 minute\" \/>\n<script type=\"application\/ld+json\" class=\"yoast-schema-graph\">{\"@context\":\"https:\\\/\\\/schema.org\",\"@graph\":[{\"@type\":\"WebPage\",\"@id\":\"https:\\\/\\\/www.komedija.hr\\\/www\\\/ansambl-2\\\/glumci\\\/ognjen-milovanovic\\\/\",\"url\":\"https:\\\/\\\/www.komedija.hr\\\/www\\\/ansambl-2\\\/glumci\\\/ognjen-milovanovic\\\/\",\"name\":\"Ognjen Milovanovi\u0107 - Kazali\u0161te Komedija\",\"isPartOf\":{\"@id\":\"http:\\\/\\\/www.komedija.hr\\\/www\\\/#website\"},\"primaryImageOfPage\":{\"@id\":\"https:\\\/\\\/www.komedija.hr\\\/www\\\/ansambl-2\\\/glumci\\\/ognjen-milovanovic\\\/#primaryimage\"},\"image\":{\"@id\":\"https:\\\/\\\/www.komedija.hr\\\/www\\\/ansambl-2\\\/glumci\\\/ognjen-milovanovic\\\/#primaryimage\"},\"thumbnailUrl\":\"https:\\\/\\\/www.komedija.hr\\\/www\\\/wp-content\\\/uploads\\\/2024\\\/05\\\/E07_0769-200x300.jpg\",\"datePublished\":\"2021-06-04T13:39:06+00:00\",\"dateModified\":\"2025-06-11T10:32:33+00:00\",\"breadcrumb\":{\"@id\":\"https:\\\/\\\/www.komedija.hr\\\/www\\\/ansambl-2\\\/glumci\\\/ognjen-milovanovic\\\/#breadcrumb\"},\"inLanguage\":\"hr\",\"potentialAction\":[{\"@type\":\"ReadAction\",\"target\":[\"https:\\\/\\\/www.komedija.hr\\\/www\\\/ansambl-2\\\/glumci\\\/ognjen-milovanovic\\\/\"]}]},{\"@type\":\"ImageObject\",\"inLanguage\":\"hr\",\"@id\":\"https:\\\/\\\/www.komedija.hr\\\/www\\\/ansambl-2\\\/glumci\\\/ognjen-milovanovic\\\/#primaryimage\",\"url\":\"https:\\\/\\\/www.komedija.hr\\\/www\\\/wp-content\\\/uploads\\\/2024\\\/05\\\/E07_0769-scaled.jpg\",\"contentUrl\":\"https:\\\/\\\/www.komedija.hr\\\/www\\\/wp-content\\\/uploads\\\/2024\\\/05\\\/E07_0769-scaled.jpg\",\"width\":1707,\"height\":2560,\"caption\":\"Created by PhotoWatermark Professional\"},{\"@type\":\"BreadcrumbList\",\"@id\":\"https:\\\/\\\/www.komedija.hr\\\/www\\\/ansambl-2\\\/glumci\\\/ognjen-milovanovic\\\/#breadcrumb\",\"itemListElement\":[{\"@type\":\"ListItem\",\"position\":1,\"name\":\"Po\u010detna stranica\",\"item\":\"http:\\\/\\\/www.komedija.hr\\\/www\\\/\"},{\"@type\":\"ListItem\",\"position\":2,\"name\":\"Ansambl\",\"item\":\"https:\\\/\\\/www.komedija.hr\\\/www\\\/ansambl-2\\\/\"},{\"@type\":\"ListItem\",\"position\":3,\"name\":\"Glumci\",\"item\":\"https:\\\/\\\/www.komedija.hr\\\/www\\\/ansambl-2\\\/glumci\\\/\"},{\"@type\":\"ListItem\",\"position\":4,\"name\":\"Ognjen Milovanovi\u0107\"}]},{\"@type\":\"WebSite\",\"@id\":\"http:\\\/\\\/www.komedija.hr\\\/www\\\/#website\",\"url\":\"http:\\\/\\\/www.komedija.hr\\\/www\\\/\",\"name\":\"Kazali\u0161te Komedija\",\"description\":\"\",\"publisher\":{\"@id\":\"http:\\\/\\\/www.komedija.hr\\\/www\\\/#organization\"},\"potentialAction\":[{\"@type\":\"SearchAction\",\"target\":{\"@type\":\"EntryPoint\",\"urlTemplate\":\"http:\\\/\\\/www.komedija.hr\\\/www\\\/?s={search_term_string}\"},\"query-input\":{\"@type\":\"PropertyValueSpecification\",\"valueRequired\":true,\"valueName\":\"search_term_string\"}}],\"inLanguage\":\"hr\"},{\"@type\":\"Organization\",\"@id\":\"http:\\\/\\\/www.komedija.hr\\\/www\\\/#organization\",\"name\":\"Zagreba\u010dko gradsko Kazali\u0161ta Komedija\",\"url\":\"http:\\\/\\\/www.komedija.hr\\\/www\\\/\",\"logo\":{\"@type\":\"ImageObject\",\"inLanguage\":\"hr\",\"@id\":\"http:\\\/\\\/www.komedija.hr\\\/www\\\/#\\\/schema\\\/logo\\\/image\\\/\",\"url\":\"https:\\\/\\\/www.komedija.hr\\\/www\\\/wp-content\\\/uploads\\\/2020\\\/02\\\/cropped-Kazaliste_Komedija_logo_2.png\",\"contentUrl\":\"https:\\\/\\\/www.komedija.hr\\\/www\\\/wp-content\\\/uploads\\\/2020\\\/02\\\/cropped-Kazaliste_Komedija_logo_2.png\",\"width\":512,\"height\":512,\"caption\":\"Zagreba\u010dko gradsko Kazali\u0161ta Komedija\"},\"image\":{\"@id\":\"http:\\\/\\\/www.komedija.hr\\\/www\\\/#\\\/schema\\\/logo\\\/image\\\/\"},\"sameAs\":[\"https:\\\/\\\/www.facebook.com\\\/kazaliste.komedija\\\/\",\"https:\\\/\\\/x.com\\\/KKomedija\",\"https:\\\/\\\/www.instagram.com\\\/kazaliste_komedija\\\/\",\"https:\\\/\\\/www.youtube.com\\\/channel\\\/UC1NcapMYUXJW3miW_oPxT5w\\\/videos\"]}]}<\/script>\n<!-- \/ Yoast SEO plugin. -->","yoast_head_json":{"title":"Ognjen Milovanovi\u0107 - Kazali\u0161te Komedija","robots":{"index":"index","follow":"follow","max-snippet":"max-snippet:-1","max-image-preview":"max-image-preview:large","max-video-preview":"max-video-preview:-1"},"canonical":"https:\/\/www.komedija.hr\/www\/ansambl-2\/glumci\/ognjen-milovanovic\/","og_locale":"hr_HR","og_type":"article","og_title":"Ognjen Milovanovi\u0107 - Kazali\u0161te Komedija","og_description":"Glumac DATUM I MJESTO RO\u0110ENJA 21.4.1994., Bjelovar KONTAKT propaganda@komedija.hr OBRAZOVANJE Akademija dramske umjetnosti, Zagreb KAZALI\u0160TE ZGK Komedija: Zaljubljeni Shakespeare, Ljepotica i zvijer, Mnogo vike niza\u0161to, Velo misto, Krava na granici, Zapetljani interesi; Juha bra\u0107e Marx, Ponos i predrasude Kerempuh: &#8220;Narodni heroj Ljiljan Vidi\u0107&#8221; \u017dar ptica: &#8220;Plava boja snijega&#8221; HNK Vara\u017edin: &#8220;Filoktet&#8221;, &#8220;Trojica u Trnju&#8221;, &#8220;\u010cini [&hellip;]","og_url":"https:\/\/www.komedija.hr\/www\/ansambl-2\/glumci\/ognjen-milovanovic\/","og_site_name":"Kazali\u0161te Komedija","article_publisher":"https:\/\/www.facebook.com\/kazaliste.komedija\/","article_modified_time":"2025-06-11T10:32:33+00:00","og_image":[{"width":1707,"height":2560,"url":"https:\/\/www.komedija.hr\/www\/wp-content\/uploads\/2024\/05\/E07_0769-scaled.jpg","type":"image\/jpeg"}],"twitter_card":"summary_large_image","twitter_site":"@KKomedija","twitter_misc":{"Procijenjeno vrijeme \u010ditanja":"2 minute"},"schema":{"@context":"https:\/\/schema.org","@graph":[{"@type":"WebPage","@id":"https:\/\/www.komedija.hr\/www\/ansambl-2\/glumci\/ognjen-milovanovic\/","url":"https:\/\/www.komedija.hr\/www\/ansambl-2\/glumci\/ognjen-milovanovic\/","name":"Ognjen Milovanovi\u0107 - Kazali\u0161te Komedija","isPartOf":{"@id":"http:\/\/www.komedija.hr\/www\/#website"},"primaryImageOfPage":{"@id":"https:\/\/www.komedija.hr\/www\/ansambl-2\/glumci\/ognjen-milovanovic\/#primaryimage"},"image":{"@id":"https:\/\/www.komedija.hr\/www\/ansambl-2\/glumci\/ognjen-milovanovic\/#primaryimage"},"thumbnailUrl":"https:\/\/www.komedija.hr\/www\/wp-content\/uploads\/2024\/05\/E07_0769-200x300.jpg","datePublished":"2021-06-04T13:39:06+00:00","dateModified":"2025-06-11T10:32:33+00:00","breadcrumb":{"@id":"https:\/\/www.komedija.hr\/www\/ansambl-2\/glumci\/ognjen-milovanovic\/#breadcrumb"},"inLanguage":"hr","potentialAction":[{"@type":"ReadAction","target":["https:\/\/www.komedija.hr\/www\/ansambl-2\/glumci\/ognjen-milovanovic\/"]}]},{"@type":"ImageObject","inLanguage":"hr","@id":"https:\/\/www.komedija.hr\/www\/ansambl-2\/glumci\/ognjen-milovanovic\/#primaryimage","url":"https:\/\/www.komedija.hr\/www\/wp-content\/uploads\/2024\/05\/E07_0769-scaled.jpg","contentUrl":"https:\/\/www.komedija.hr\/www\/wp-content\/uploads\/2024\/05\/E07_0769-scaled.jpg","width":1707,"height":2560,"caption":"Created by PhotoWatermark Professional"},{"@type":"BreadcrumbList","@id":"https:\/\/www.komedija.hr\/www\/ansambl-2\/glumci\/ognjen-milovanovic\/#breadcrumb","itemListElement":[{"@type":"ListItem","position":1,"name":"Po\u010detna stranica","item":"http:\/\/www.komedija.hr\/www\/"},{"@type":"ListItem","position":2,"name":"Ansambl","item":"https:\/\/www.komedija.hr\/www\/ansambl-2\/"},{"@type":"ListItem","position":3,"name":"Glumci","item":"https:\/\/www.komedija.hr\/www\/ansambl-2\/glumci\/"},{"@type":"ListItem","position":4,"name":"Ognjen Milovanovi\u0107"}]},{"@type":"WebSite","@id":"http:\/\/www.komedija.hr\/www\/#website","url":"http:\/\/www.komedija.hr\/www\/","name":"Kazali\u0161te Komedija","description":"","publisher":{"@id":"http:\/\/www.komedija.hr\/www\/#organization"},"potentialAction":[{"@type":"SearchAction","target":{"@type":"EntryPoint","urlTemplate":"http:\/\/www.komedija.hr\/www\/?s={search_term_string}"},"query-input":{"@type":"PropertyValueSpecification","valueRequired":true,"valueName":"search_term_string"}}],"inLanguage":"hr"},{"@type":"Organization","@id":"http:\/\/www.komedija.hr\/www\/#organization","name":"Zagreba\u010dko gradsko Kazali\u0161ta Komedija","url":"http:\/\/www.komedija.hr\/www\/","logo":{"@type":"ImageObject","inLanguage":"hr","@id":"http:\/\/www.komedija.hr\/www\/#\/schema\/logo\/image\/","url":"https:\/\/www.komedija.hr\/www\/wp-content\/uploads\/2020\/02\/cropped-Kazaliste_Komedija_logo_2.png","contentUrl":"https:\/\/www.komedija.hr\/www\/wp-content\/uploads\/2020\/02\/cropped-Kazaliste_Komedija_logo_2.png","width":512,"height":512,"caption":"Zagreba\u010dko gradsko Kazali\u0161ta Komedija"},"image":{"@id":"http:\/\/www.komedija.hr\/www\/#\/schema\/logo\/image\/"},"sameAs":["https:\/\/www.facebook.com\/kazaliste.komedija\/","https:\/\/x.com\/KKomedija","https:\/\/www.instagram.com\/kazaliste_komedija\/","https:\/\/www.youtube.com\/channel\/UC1NcapMYUXJW3miW_oPxT5w\/videos"]}]}},"_links":{"self":[{"href":"https:\/\/www.komedija.hr\/www\/wp-json\/wp\/v2\/pages\/13987","targetHints":{"allow":["GET"]}}],"collection":[{"href":"https:\/\/www.komedija.hr\/www\/wp-json\/wp\/v2\/pages"}],"about":[{"href":"https:\/\/www.komedija.hr\/www\/wp-json\/wp\/v2\/types\/page"}],"author":[{"embeddable":true,"href":"https:\/\/www.komedija.hr\/www\/wp-json\/wp\/v2\/users\/3"}],"replies":[{"embeddable":true,"href":"https:\/\/www.komedija.hr\/www\/wp-json\/wp\/v2\/comments?post=13987"}],"version-history":[{"count":4,"href":"https:\/\/www.komedija.hr\/www\/wp-json\/wp\/v2\/pages\/13987\/revisions"}],"predecessor-version":[{"id":20890,"href":"https:\/\/www.komedija.hr\/www\/wp-json\/wp\/v2\/pages\/13987\/revisions\/20890"}],"up":[{"embeddable":true,"href":"https:\/\/www.komedija.hr\/www\/wp-json\/wp\/v2\/pages\/6992"}],"wp:attachment":[{"href":"https:\/\/www.komedija.hr\/www\/wp-json\/wp\/v2\/media?parent=13987"}],"curies":[{"name":"wp","href":"https:\/\/api.w.org\/{rel}","templated":true}]}}