{"id":17488,"date":"2023-09-29T15:46:33","date_gmt":"2023-09-29T13:46:33","guid":{"rendered":"https:\/\/www.komedija.hr\/www\/?page_id=17488"},"modified":"2024-06-10T11:44:14","modified_gmt":"2024-06-10T09:44:14","slug":"kontrabas","status":"publish","type":"page","link":"https:\/\/www.komedija.hr\/www\/arhiva-predstava\/kontrabas\/","title":{"rendered":"KONTRABAS"},"content":{"rendered":"<h3>Patrick S\u00fcskind: <strong>KONTRABAS<\/strong><br \/>\n<em>monodrama, komedija<\/em><\/h3>\n<p>Postavio i izvodi: <a href=\"#cmp-17494\"><strong>FILIP SERTI\u0106<\/strong><\/a><\/p>\n<p><em>O predstavi\u2026<\/em><\/p>\n<p>Predstave i filmovi uvijek se rade o velikim imenima, o onima koji su uspjeli, onima koji su u\u0161li u povijest. A \u0161to je s onima koji su se jednako trudili, a nisu uspjeli?<br \/>\nNije ovo pri\u010da o kraljevima, ni dr\u017eavnicima, o slavnim skladateljima ni nekoj drugoj znamenitoj li\u010dnosti. Ve\u0107 samo o jednom kontrabasistu. Pa \u0161to? Je li zato manje vrijedna pri\u010danja i ne bi ju trebalo pri\u010dati? Mo\u017eda \u0107e vas ba\u0161 zato dirnuti ravno u srce.<\/p>\n<p>U fokusu ove drame je glazbenik koji je cijeli \u017eivot podredio glazbi, a sada sjedi u zadnjem redu orkestra. \u0160to ako cijeli \u017eivot igramo po pravilima, poslu\u0161no i po\u017ertvovno, a \u017eivot nas za to ne nagradi? Predstava je oda onima koji su od \u017eivota o\u010dekivali vi\u0161e. Nasmijat \u0107e vas do suza, ali i potaknuti na razmi\u0161ljanje je li uspjeh kojim te\u017eimo zaista toliko va\u017ean<em>.<\/em>&nbsp;\u017divot nije fer. Doga\u0111a li se uistinu sve s razlogom? Za\u0161to su neki od nas talentiraniji, bogatiji ili ljep\u0161i od drugih? Za\u0161to neki sjede u prvom, a neki u zadnje redu orkestra?<\/p>\n<p>Uz koju \u010da\u0161icu previ\u0161e otkrit \u0107e vam na\u0161 antijunak sve o usamljenosti, anonimnosti i instrument kojeg ba\u0161 i ne voli. U maniri dobrih, starih romanti\u010dnih komedija, ili bolje re\u010deno tragikomedija na\u0161 kontrabasist u\u010dinit \u0107e sve da osvoji jednu sopranisticu. Ali izlazi li ona sasvim slu\u010dajno s dirigentom? Ili je ipak problem u instrumentu? \u010cime mu se zamjerio Mozart i \u0161to je jo\u0161 po\u0161lo po krivu u njegovu \u017eivotu otkrit \u0107e vam iz svog dnevnog boravka jedan\u2026 ime mu nije va\u017eno, kontrabasist!<\/p>\n<p>Patrick S\u00fcskind je njema\u010dki pisac i scenarist, autor svjetski poznatog bestsellera <em>Parfem<\/em> po kojem je snimljen i holivudski film. <em>Kontrabas<\/em> je svjetska uspje\u0161nica, tekst koji je preveden na 27 jezika i koji je postao jedan od najizvo\u0111enijih njema\u010dkih drama.<\/p>\n<p>Labilan kontrabasist briljantna je paralela s unutarnjim borbama i previranjima dana\u0161njeg \u010dovjeka. Izrazito aktualan zbog naizgled brojnih prilika, ali istovremeno i rastu\u0107e anksioznosti, pravi je antijunak u kojem \u0107e se svak prepoznati.<\/p>\n<p><em>O suradnji Komedije i nezavisne scene<\/em><\/p>\n<p>Kontrabas je gorko slatka poetska monodrama o usamljenom mladom glazbeniku koji \u017eivi sam sa svojim kontrabasom. Iako ga njegov instrument oboga\u0107uje i ispunjava, on ga u isti \u010das optere\u0107uje, \u017eivcira i ljuti. U opisu ove neobi\u010dne simbioze saznajemo mnogo o mladom glazbeniku: o njegovoj ljubavi, razmi\u0161ljanjima i \u017eivotnim namjerama.&nbsp;<\/p>\n<p>Kroz nje\u017eni humor kojim je protkana ova pri\u010da, autor progovara i o mnogim aktualnim temama koje nisu direktno oslovljene: o samo\u0107i, nesigurnosti &#8211; o izazovima modernog svijeta. &nbsp;<\/p>\n<p>Kontrabas je djelo poznatog knji\u017eevnika Patricka S\u00fcskinda koje je izvorno nastalo na njema\u010dkom jeziku. Ovog autora \u0161iroka publika najvi\u0161e poznaje po njegovom slavnom romanu Parfem koji ima i svoju poznatu filmsku ina\u010dicu.&nbsp;<\/p>\n<p>S\u00fcskind majstorski opisuje prostore unutarnjih fantazija i emotivnih previranja svojih likova, pa tako i u Kontrabasu donosi simboli\u010dnu pri\u010du o osjetljivom, ali nezgrapnim instrumentu koji zapravo opisuje glazbenika &#8211; njegovog vlasnika. &nbsp;<\/p>\n<p>Projektom <em>Kontrabas<\/em> mladog glumca &nbsp;Filipa Serti\u0107a Kazali\u0161te Komedija ponovno daje priliku za suradnju autorima sa nezavisne kazali\u0161ne scene.&nbsp;<\/p>\n<p>Prostor Kluba kazali\u0161ta Komedija &nbsp;pokazao se idealnim za komorne predstave i kabaretska sadr\u017eaje, a ova monodrama &nbsp;idealno se uklapa u &nbsp;takva programska promi\u0161ljanja.&nbsp;<\/p>\n<p>Autorima sa nezavisne scene nije lako prona\u0107i mjesto za igranje predstava i za nova kazali\u0161na istra\u017eivanja. Stoga nam je posebno drago da u prostorima Kluba mo\u017eemo ugostiti mlade umjetnike. Ulaze\u0107i &nbsp;u koprodukciju s nezavisnim &nbsp;autorskim &nbsp;projektima poput ovoga, dajemo tehni\u010dku i logisti\u010dku podr\u0161ku novim predstavama i umjetni\u010dkim idejama, a kao najve\u0107e gradsko kazali\u0161te &nbsp;smatramo da takva suradnja donosi obostrani benefit.<\/p>\n<p>Premijera: 16. listopada 2023. u Klubu Kazali\u0161ta Komedija<\/p>\n<p>&nbsp;<\/p>\n","protected":false},"excerpt":{"rendered":"<p>Patrick S\u00fcskind: KONTRABAS monodrama, komedija Postavio i izvodi: FILIP SERTI\u0106 O predstavi\u2026 Predstave i filmovi uvijek se rade o velikim imenima, o onima koji su uspjeli, onima koji su u\u0161li u povijest. A \u0161to je s onima koji su se jednako trudili, a nisu uspjeli? Nije ovo pri\u010da o kraljevima, ni dr\u017eavnicima, o slavnim skladateljima [&hellip;]<\/p>\n","protected":false},"author":5,"featured_media":17489,"parent":1659,"menu_order":0,"comment_status":"closed","ping_status":"closed","template":"","meta":{"ngg_post_thumbnail":0,"footnotes":""},"class_list":["post-17488","page","type-page","status-publish","has-post-thumbnail","hentry"],"yoast_head":"<!-- This site is optimized with the Yoast SEO plugin v27.5 - https:\/\/yoast.com\/product\/yoast-seo-wordpress\/ -->\n<title>KONTRABAS - Kazali\u0161te Komedija<\/title>\n<meta name=\"robots\" content=\"index, follow, max-snippet:-1, max-image-preview:large, max-video-preview:-1\" \/>\n<link rel=\"canonical\" href=\"https:\/\/www.komedija.hr\/www\/arhiva-predstava\/kontrabas\/\" \/>\n<meta property=\"og:locale\" content=\"hr_HR\" \/>\n<meta property=\"og:type\" content=\"article\" \/>\n<meta property=\"og:title\" content=\"KONTRABAS - Kazali\u0161te Komedija\" \/>\n<meta property=\"og:description\" content=\"Patrick S\u00fcskind: KONTRABAS monodrama, komedija Postavio i izvodi: FILIP SERTI\u0106 O predstavi\u2026 Predstave i filmovi uvijek se rade o velikim imenima, o onima koji su uspjeli, onima koji su u\u0161li u povijest. A \u0161to je s onima koji su se jednako trudili, a nisu uspjeli? Nije ovo pri\u010da o kraljevima, ni dr\u017eavnicima, o slavnim skladateljima [&hellip;]\" \/>\n<meta property=\"og:url\" content=\"https:\/\/www.komedija.hr\/www\/arhiva-predstava\/kontrabas\/\" \/>\n<meta property=\"og:site_name\" content=\"Kazali\u0161te Komedija\" \/>\n<meta property=\"article:publisher\" content=\"https:\/\/www.facebook.com\/kazaliste.komedija\/\" \/>\n<meta property=\"article:modified_time\" content=\"2024-06-10T09:44:14+00:00\" \/>\n<meta property=\"og:image\" content=\"https:\/\/www.komedija.hr\/www\/wp-content\/uploads\/2023\/09\/template_WEB_350x245-1.jpg\" \/>\n\t<meta property=\"og:image:width\" content=\"700\" \/>\n\t<meta property=\"og:image:height\" content=\"490\" \/>\n\t<meta property=\"og:image:type\" content=\"image\/jpeg\" \/>\n<meta name=\"twitter:card\" content=\"summary_large_image\" \/>\n<meta name=\"twitter:site\" content=\"@KKomedija\" \/>\n<meta name=\"twitter:label1\" content=\"Procijenjeno vrijeme \u010ditanja\" \/>\n\t<meta name=\"twitter:data1\" content=\"4 minute\" \/>\n<script type=\"application\/ld+json\" class=\"yoast-schema-graph\">{\"@context\":\"https:\\\/\\\/schema.org\",\"@graph\":[{\"@type\":\"WebPage\",\"@id\":\"https:\\\/\\\/www.komedija.hr\\\/www\\\/arhiva-predstava\\\/kontrabas\\\/\",\"url\":\"https:\\\/\\\/www.komedija.hr\\\/www\\\/arhiva-predstava\\\/kontrabas\\\/\",\"name\":\"KONTRABAS - Kazali\u0161te Komedija\",\"isPartOf\":{\"@id\":\"http:\\\/\\\/www.komedija.hr\\\/www\\\/#website\"},\"primaryImageOfPage\":{\"@id\":\"https:\\\/\\\/www.komedija.hr\\\/www\\\/arhiva-predstava\\\/kontrabas\\\/#primaryimage\"},\"image\":{\"@id\":\"https:\\\/\\\/www.komedija.hr\\\/www\\\/arhiva-predstava\\\/kontrabas\\\/#primaryimage\"},\"thumbnailUrl\":\"https:\\\/\\\/www.komedija.hr\\\/www\\\/wp-content\\\/uploads\\\/2023\\\/09\\\/template_WEB_350x245-1.jpg\",\"datePublished\":\"2023-09-29T13:46:33+00:00\",\"dateModified\":\"2024-06-10T09:44:14+00:00\",\"breadcrumb\":{\"@id\":\"https:\\\/\\\/www.komedija.hr\\\/www\\\/arhiva-predstava\\\/kontrabas\\\/#breadcrumb\"},\"inLanguage\":\"hr\",\"potentialAction\":[{\"@type\":\"ReadAction\",\"target\":[\"https:\\\/\\\/www.komedija.hr\\\/www\\\/arhiva-predstava\\\/kontrabas\\\/\"]}]},{\"@type\":\"ImageObject\",\"inLanguage\":\"hr\",\"@id\":\"https:\\\/\\\/www.komedija.hr\\\/www\\\/arhiva-predstava\\\/kontrabas\\\/#primaryimage\",\"url\":\"https:\\\/\\\/www.komedija.hr\\\/www\\\/wp-content\\\/uploads\\\/2023\\\/09\\\/template_WEB_350x245-1.jpg\",\"contentUrl\":\"https:\\\/\\\/www.komedija.hr\\\/www\\\/wp-content\\\/uploads\\\/2023\\\/09\\\/template_WEB_350x245-1.jpg\",\"width\":700,\"height\":490},{\"@type\":\"BreadcrumbList\",\"@id\":\"https:\\\/\\\/www.komedija.hr\\\/www\\\/arhiva-predstava\\\/kontrabas\\\/#breadcrumb\",\"itemListElement\":[{\"@type\":\"ListItem\",\"position\":1,\"name\":\"Po\u010detna stranica\",\"item\":\"http:\\\/\\\/www.komedija.hr\\\/www\\\/\"},{\"@type\":\"ListItem\",\"position\":2,\"name\":\"Arhiva predstava\",\"item\":\"https:\\\/\\\/www.komedija.hr\\\/www\\\/arhiva-predstava\\\/\"},{\"@type\":\"ListItem\",\"position\":3,\"name\":\"KONTRABAS\"}]},{\"@type\":\"WebSite\",\"@id\":\"http:\\\/\\\/www.komedija.hr\\\/www\\\/#website\",\"url\":\"http:\\\/\\\/www.komedija.hr\\\/www\\\/\",\"name\":\"Kazali\u0161te Komedija\",\"description\":\"\",\"publisher\":{\"@id\":\"http:\\\/\\\/www.komedija.hr\\\/www\\\/#organization\"},\"potentialAction\":[{\"@type\":\"SearchAction\",\"target\":{\"@type\":\"EntryPoint\",\"urlTemplate\":\"http:\\\/\\\/www.komedija.hr\\\/www\\\/?s={search_term_string}\"},\"query-input\":{\"@type\":\"PropertyValueSpecification\",\"valueRequired\":true,\"valueName\":\"search_term_string\"}}],\"inLanguage\":\"hr\"},{\"@type\":\"Organization\",\"@id\":\"http:\\\/\\\/www.komedija.hr\\\/www\\\/#organization\",\"name\":\"Zagreba\u010dko gradsko Kazali\u0161ta Komedija\",\"url\":\"http:\\\/\\\/www.komedija.hr\\\/www\\\/\",\"logo\":{\"@type\":\"ImageObject\",\"inLanguage\":\"hr\",\"@id\":\"http:\\\/\\\/www.komedija.hr\\\/www\\\/#\\\/schema\\\/logo\\\/image\\\/\",\"url\":\"https:\\\/\\\/www.komedija.hr\\\/www\\\/wp-content\\\/uploads\\\/2020\\\/02\\\/cropped-Kazaliste_Komedija_logo_2.png\",\"contentUrl\":\"https:\\\/\\\/www.komedija.hr\\\/www\\\/wp-content\\\/uploads\\\/2020\\\/02\\\/cropped-Kazaliste_Komedija_logo_2.png\",\"width\":512,\"height\":512,\"caption\":\"Zagreba\u010dko gradsko Kazali\u0161ta Komedija\"},\"image\":{\"@id\":\"http:\\\/\\\/www.komedija.hr\\\/www\\\/#\\\/schema\\\/logo\\\/image\\\/\"},\"sameAs\":[\"https:\\\/\\\/www.facebook.com\\\/kazaliste.komedija\\\/\",\"https:\\\/\\\/x.com\\\/KKomedija\",\"https:\\\/\\\/www.instagram.com\\\/kazaliste_komedija\\\/\",\"https:\\\/\\\/www.youtube.com\\\/channel\\\/UC1NcapMYUXJW3miW_oPxT5w\\\/videos\"]}]}<\/script>\n<!-- \/ Yoast SEO plugin. -->","yoast_head_json":{"title":"KONTRABAS - Kazali\u0161te Komedija","robots":{"index":"index","follow":"follow","max-snippet":"max-snippet:-1","max-image-preview":"max-image-preview:large","max-video-preview":"max-video-preview:-1"},"canonical":"https:\/\/www.komedija.hr\/www\/arhiva-predstava\/kontrabas\/","og_locale":"hr_HR","og_type":"article","og_title":"KONTRABAS - Kazali\u0161te Komedija","og_description":"Patrick S\u00fcskind: KONTRABAS monodrama, komedija Postavio i izvodi: FILIP SERTI\u0106 O predstavi\u2026 Predstave i filmovi uvijek se rade o velikim imenima, o onima koji su uspjeli, onima koji su u\u0161li u povijest. A \u0161to je s onima koji su se jednako trudili, a nisu uspjeli? Nije ovo pri\u010da o kraljevima, ni dr\u017eavnicima, o slavnim skladateljima [&hellip;]","og_url":"https:\/\/www.komedija.hr\/www\/arhiva-predstava\/kontrabas\/","og_site_name":"Kazali\u0161te Komedija","article_publisher":"https:\/\/www.facebook.com\/kazaliste.komedija\/","article_modified_time":"2024-06-10T09:44:14+00:00","og_image":[{"width":700,"height":490,"url":"https:\/\/www.komedija.hr\/www\/wp-content\/uploads\/2023\/09\/template_WEB_350x245-1.jpg","type":"image\/jpeg"}],"twitter_card":"summary_large_image","twitter_site":"@KKomedija","twitter_misc":{"Procijenjeno vrijeme \u010ditanja":"4 minute"},"schema":{"@context":"https:\/\/schema.org","@graph":[{"@type":"WebPage","@id":"https:\/\/www.komedija.hr\/www\/arhiva-predstava\/kontrabas\/","url":"https:\/\/www.komedija.hr\/www\/arhiva-predstava\/kontrabas\/","name":"KONTRABAS - Kazali\u0161te Komedija","isPartOf":{"@id":"http:\/\/www.komedija.hr\/www\/#website"},"primaryImageOfPage":{"@id":"https:\/\/www.komedija.hr\/www\/arhiva-predstava\/kontrabas\/#primaryimage"},"image":{"@id":"https:\/\/www.komedija.hr\/www\/arhiva-predstava\/kontrabas\/#primaryimage"},"thumbnailUrl":"https:\/\/www.komedija.hr\/www\/wp-content\/uploads\/2023\/09\/template_WEB_350x245-1.jpg","datePublished":"2023-09-29T13:46:33+00:00","dateModified":"2024-06-10T09:44:14+00:00","breadcrumb":{"@id":"https:\/\/www.komedija.hr\/www\/arhiva-predstava\/kontrabas\/#breadcrumb"},"inLanguage":"hr","potentialAction":[{"@type":"ReadAction","target":["https:\/\/www.komedija.hr\/www\/arhiva-predstava\/kontrabas\/"]}]},{"@type":"ImageObject","inLanguage":"hr","@id":"https:\/\/www.komedija.hr\/www\/arhiva-predstava\/kontrabas\/#primaryimage","url":"https:\/\/www.komedija.hr\/www\/wp-content\/uploads\/2023\/09\/template_WEB_350x245-1.jpg","contentUrl":"https:\/\/www.komedija.hr\/www\/wp-content\/uploads\/2023\/09\/template_WEB_350x245-1.jpg","width":700,"height":490},{"@type":"BreadcrumbList","@id":"https:\/\/www.komedija.hr\/www\/arhiva-predstava\/kontrabas\/#breadcrumb","itemListElement":[{"@type":"ListItem","position":1,"name":"Po\u010detna stranica","item":"http:\/\/www.komedija.hr\/www\/"},{"@type":"ListItem","position":2,"name":"Arhiva predstava","item":"https:\/\/www.komedija.hr\/www\/arhiva-predstava\/"},{"@type":"ListItem","position":3,"name":"KONTRABAS"}]},{"@type":"WebSite","@id":"http:\/\/www.komedija.hr\/www\/#website","url":"http:\/\/www.komedija.hr\/www\/","name":"Kazali\u0161te Komedija","description":"","publisher":{"@id":"http:\/\/www.komedija.hr\/www\/#organization"},"potentialAction":[{"@type":"SearchAction","target":{"@type":"EntryPoint","urlTemplate":"http:\/\/www.komedija.hr\/www\/?s={search_term_string}"},"query-input":{"@type":"PropertyValueSpecification","valueRequired":true,"valueName":"search_term_string"}}],"inLanguage":"hr"},{"@type":"Organization","@id":"http:\/\/www.komedija.hr\/www\/#organization","name":"Zagreba\u010dko gradsko Kazali\u0161ta Komedija","url":"http:\/\/www.komedija.hr\/www\/","logo":{"@type":"ImageObject","inLanguage":"hr","@id":"http:\/\/www.komedija.hr\/www\/#\/schema\/logo\/image\/","url":"https:\/\/www.komedija.hr\/www\/wp-content\/uploads\/2020\/02\/cropped-Kazaliste_Komedija_logo_2.png","contentUrl":"https:\/\/www.komedija.hr\/www\/wp-content\/uploads\/2020\/02\/cropped-Kazaliste_Komedija_logo_2.png","width":512,"height":512,"caption":"Zagreba\u010dko gradsko Kazali\u0161ta Komedija"},"image":{"@id":"http:\/\/www.komedija.hr\/www\/#\/schema\/logo\/image\/"},"sameAs":["https:\/\/www.facebook.com\/kazaliste.komedija\/","https:\/\/x.com\/KKomedija","https:\/\/www.instagram.com\/kazaliste_komedija\/","https:\/\/www.youtube.com\/channel\/UC1NcapMYUXJW3miW_oPxT5w\/videos"]}]}},"_links":{"self":[{"href":"https:\/\/www.komedija.hr\/www\/wp-json\/wp\/v2\/pages\/17488","targetHints":{"allow":["GET"]}}],"collection":[{"href":"https:\/\/www.komedija.hr\/www\/wp-json\/wp\/v2\/pages"}],"about":[{"href":"https:\/\/www.komedija.hr\/www\/wp-json\/wp\/v2\/types\/page"}],"author":[{"embeddable":true,"href":"https:\/\/www.komedija.hr\/www\/wp-json\/wp\/v2\/users\/5"}],"replies":[{"embeddable":true,"href":"https:\/\/www.komedija.hr\/www\/wp-json\/wp\/v2\/comments?post=17488"}],"version-history":[{"count":1,"href":"https:\/\/www.komedija.hr\/www\/wp-json\/wp\/v2\/pages\/17488\/revisions"}],"predecessor-version":[{"id":19006,"href":"https:\/\/www.komedija.hr\/www\/wp-json\/wp\/v2\/pages\/17488\/revisions\/19006"}],"up":[{"embeddable":true,"href":"https:\/\/www.komedija.hr\/www\/wp-json\/wp\/v2\/pages\/1659"}],"wp:featuredmedia":[{"embeddable":true,"href":"https:\/\/www.komedija.hr\/www\/wp-json\/wp\/v2\/media\/17489"}],"wp:attachment":[{"href":"https:\/\/www.komedija.hr\/www\/wp-json\/wp\/v2\/media?parent=17488"}],"curies":[{"name":"wp","href":"https:\/\/api.w.org\/{rel}","templated":true}]}}