{"id":18575,"date":"2024-03-15T10:01:34","date_gmt":"2024-03-15T09:01:34","guid":{"rendered":"https:\/\/www.komedija.hr\/www\/?page_id=18575"},"modified":"2025-06-11T12:41:54","modified_gmt":"2025-06-11T10:41:54","slug":"ruzica-maurus","status":"publish","type":"page","link":"https:\/\/www.komedija.hr\/www\/ansambl-2\/glumci\/ruzica-maurus\/","title":{"rendered":"Ru\u017eica Maurus"},"content":{"rendered":"<table border=\"0\" width=\"100%\">\n<tbody>\n<tr>\n<td><img decoding=\"async\" class=\"alignnone size-medium wp-image-18582\" src=\"https:\/\/www.komedija.hr\/www\/wp-content\/uploads\/2024\/03\/ruzica-maurus-200x300.jpg\" alt=\"\" width=\"200\" height=\"300\" srcset=\"https:\/\/www.komedija.hr\/www\/wp-content\/uploads\/2024\/03\/ruzica-maurus-200x300.jpg 200w, https:\/\/www.komedija.hr\/www\/wp-content\/uploads\/2024\/03\/ruzica-maurus-683x1024.jpg 683w, https:\/\/www.komedija.hr\/www\/wp-content\/uploads\/2024\/03\/ruzica-maurus-768x1152.jpg 768w, https:\/\/www.komedija.hr\/www\/wp-content\/uploads\/2024\/03\/ruzica-maurus-1024x1536.jpg 1024w, https:\/\/www.komedija.hr\/www\/wp-content\/uploads\/2024\/03\/ruzica-maurus-1365x2048.jpg 1365w, https:\/\/www.komedija.hr\/www\/wp-content\/uploads\/2024\/03\/ruzica-maurus-1320x1980.jpg 1320w, https:\/\/www.komedija.hr\/www\/wp-content\/uploads\/2024\/03\/ruzica-maurus-scaled.jpg 1707w\" sizes=\"(max-width: 200px) 100vw, 200px\" \/><\/td>\n<td><span lang=\"hr-HR\">Glumica\/pjeva\u010dica<\/span><\/td>\n<\/tr>\n<tr>\n<td valign=\"top\" width=\"18%\" height=\"25\">DATUM I MJESTO RO\u0110ENJA<\/td>\n<td valign=\"top\" width=\"82%\" height=\"25\">\n<div align=\"left\">\n<p>3. 6. 1998. Po\u017eega<\/p>\n<\/div>\n<\/td>\n<\/tr>\n<tr>\n<td valign=\"top\" width=\"18%\" height=\"55\">ansambl<\/td>\n<td valign=\"top\" width=\"82%\" height=\"55\">Kazali\u0161te &#8220;Komedija&#8221;, p.p. 428, Zagreb<br \/>\ntel.: +385 (0)1 48 13 200; fax: +385 (0)1 48 12 179<br \/>\ne-mail: <a href=\"mailto:ruzicamaurus@gmail.com\">ruzicamaurus@gmail.com<\/a><\/td>\n<\/tr>\n<tr>\n<td valign=\"top\" width=\"18%\" height=\"25\">OBRAZOVANJE<\/td>\n<td valign=\"top\" width=\"82%\" height=\"25\">Akademija dramske umjetnosti u Zagrebu<\/td>\n<\/tr>\n<tr>\n<td colspan=\"2\" valign=\"top\">&nbsp;<\/td>\n<\/tr>\n<tr>\n<td valign=\"top\" width=\"18%\" height=\"18\">KAZALI\u0160TE<\/td>\n<td valign=\"top\" width=\"82%\" height=\"18\">Kazali\u0161te Komedija:<\/p>\n<p>Zapetljani interesi (Aleksandar \u0160vabi\u0107)<\/p>\n<p>Peripetije sa psihijatrije (Ivan Leo Lemo)<\/p>\n<p>Moma\u010dka ve\u010der (Slaven Vidakovi\u0107)<\/p>\n<p>Ponos i predrasude (Marina Pejnovi\u0107)<\/p>\n<p>&nbsp;<\/p>\n<p>Kraljevna na zrnu gra\u0161ka (2016.), redateljica Marijana Matokovi\u0107 (GKP)<br \/>\nDjevoj\u010dica sa \u0161ibicama (2021.), redateljica Ru\u017eica Maurus (GKP)<br \/>\nCarevo novo ruho (2021.), redateljica Ru\u017eica Maurus (GKP)<br \/>\nCrvenkapica (2021.), redateljica Ru\u017eica Maurus (GKP)<br \/>\nQuattro Stagioni Cabaret (2021.). redateljica Marijana Matokovi\u0107 (GKP)<br \/>\nGuja u njedrima (2021.), redatelj Rajko Minkovi\u0107 (Gradsko kazaliste Pozega)<br \/>\n\u010cudesna \u0161uma (2022.), r. Lea A. Fleger (Dubrova\u010dke ljetne igre)<br \/>\nDanteov pakao: Uprizorenje du\u0161e (2022.), r. Marin Kli\u0161mani\u0107 (Teatar &amp;TD)<br \/>\nPosljednji \u010cehov u Hrvatskoj (2023.), r. Dora Ru\u017edjak Podolski (Satiri\u010dko kazali\u0161te Kerempuh &amp; ADU)<br \/>\nGostioni\u010darka (2023.), r. Davor Svedru\u017ei\u0107 (Gradsko kazali\u0161te Po\u017eega)<\/td>\n<\/tr>\n<tr>\n<td valign=\"top\" width=\"18%\" height=\"14\">KONCERTI<\/td>\n<td valign=\"top\" width=\"82%\" height=\"14\">Brojni samostalni koncerti pod nazivom \u201cVe\u010der sevdaha\u201d te u sklopu raznih festivala, npr. \u201cKazali\u0161ne ljetne ve\u010deri\u201d<\/td>\n<\/tr>\n<tr>\n<td valign=\"top\" width=\"18%\" height=\"14\">TELEVIZIJA<\/td>\n<td valign=\"top\" width=\"82%\" height=\"14\">\u0160utnja (2023.), uloga Bela, r. Dalibor Matani\u0107 (HRT &amp; HBO)<br \/>\nKumovi (2023.), uloga Tamara, r. Tomislav Rukavina (Nova TV)<\/td>\n<\/tr>\n<tr>\n<td valign=\"top\" width=\"18%\" height=\"15\">RADIO<\/td>\n<td valign=\"top\" width=\"82%\" height=\"15\">Radio drame u dramskom programu HR<\/td>\n<\/tr>\n<tr>\n<td valign=\"top\" width=\"18%\">OSTALO<\/td>\n<td valign=\"top\" width=\"82%\">Re\u017eija i dramatizacija:<\/p>\n<p>Djevoj\u010dica sa \u0161ibicama (2021.), redateljica Ru\u017eica Maurus (GKP)<br \/>\nCarevo novo ruho (2021.), redateljica Ru\u017eica Maurus (GKP)<br \/>\nCrvenkapica (2021.), redateljica Ru\u017eica Maurus (GKP)<\/p>\n<p>Voditeljica raznih festivala (Plesokaz, Slavonski KaFe, Kazali\u0161ne ljetne ve\u010deri\u2026)<\/p>\n<p>Vo\u0111enje dramske (Gradsko kazali\u0161te Po\u017eega, teatar Tirena, KUC Travno)<\/td>\n<\/tr>\n<tr>\n<td colspan=\"2\" valign=\"top\">&nbsp;<\/td>\n<\/tr>\n<tr>\n<td valign=\"top\" width=\"18%\">NAGRADE I PRIZNANJA<\/td>\n<td valign=\"top\" width=\"82%\">Zlatni studio za \u201cNovo lice u kazali\u0161tu i na filmu\u201d za ulogu Gostioni\u010darke Ru\u017ee u predstavi \u201cGostioni\u010darka\u201d u re\u017eiji Davora Svedru\u017ei\u0107a (GKP)<\/td>\n<\/tr>\n<tr>\n<td colspan=\"2\" valign=\"top\">&nbsp;<\/td>\n<\/tr>\n<tr>\n<td valign=\"top\" width=\"18%\">STATUSI U &#8220;KOMEDIJI&#8221;<\/td>\n<td valign=\"top\" width=\"82%\">Zaposlena od: 1.velja\u010de 2024.<br \/>\nprva premijera: 20.4.2023. Zapetljani interesi, redatelj Aleksandar \u0160vabi\u0107<\/td>\n<\/tr>\n<\/tbody>\n<\/table>\n","protected":false},"excerpt":{"rendered":"<p>Glumica\/pjeva\u010dica DATUM I MJESTO RO\u0110ENJA 3. 6. 1998. Po\u017eega ansambl Kazali\u0161te &#8220;Komedija&#8221;, p.p. 428, Zagreb tel.: +385 (0)1 48 13 200; fax: +385 (0)1 48 12 179 e-mail: ruzicamaurus@gmail.com OBRAZOVANJE Akademija dramske umjetnosti u Zagrebu &nbsp; KAZALI\u0160TE Kazali\u0161te Komedija: Zapetljani interesi (Aleksandar \u0160vabi\u0107) Peripetije sa psihijatrije (Ivan Leo Lemo) Moma\u010dka ve\u010der (Slaven Vidakovi\u0107) Ponos i [&hellip;]<\/p>\n","protected":false},"author":4,"featured_media":0,"parent":6992,"menu_order":0,"comment_status":"closed","ping_status":"closed","template":"","meta":{"ngg_post_thumbnail":0,"footnotes":""},"class_list":["post-18575","page","type-page","status-publish","hentry"],"yoast_head":"<!-- This site is optimized with the Yoast SEO plugin v27.4 - https:\/\/yoast.com\/product\/yoast-seo-wordpress\/ -->\n<title>Ru\u017eica Maurus - Kazali\u0161te Komedija<\/title>\n<meta name=\"robots\" content=\"index, follow, max-snippet:-1, max-image-preview:large, max-video-preview:-1\" \/>\n<link rel=\"canonical\" href=\"https:\/\/www.komedija.hr\/www\/ansambl-2\/glumci\/ruzica-maurus\/\" \/>\n<meta property=\"og:locale\" content=\"hr_HR\" \/>\n<meta property=\"og:type\" content=\"article\" \/>\n<meta property=\"og:title\" content=\"Ru\u017eica Maurus - Kazali\u0161te Komedija\" \/>\n<meta property=\"og:description\" content=\"Glumica\/pjeva\u010dica DATUM I MJESTO RO\u0110ENJA 3. 6. 1998. Po\u017eega ansambl Kazali\u0161te &#8220;Komedija&#8221;, p.p. 428, Zagreb tel.: +385 (0)1 48 13 200; fax: +385 (0)1 48 12 179 e-mail: ruzicamaurus@gmail.com OBRAZOVANJE Akademija dramske umjetnosti u Zagrebu &nbsp; KAZALI\u0160TE Kazali\u0161te Komedija: Zapetljani interesi (Aleksandar \u0160vabi\u0107) Peripetije sa psihijatrije (Ivan Leo Lemo) Moma\u010dka ve\u010der (Slaven Vidakovi\u0107) Ponos i [&hellip;]\" \/>\n<meta property=\"og:url\" content=\"https:\/\/www.komedija.hr\/www\/ansambl-2\/glumci\/ruzica-maurus\/\" \/>\n<meta property=\"og:site_name\" content=\"Kazali\u0161te Komedija\" \/>\n<meta property=\"article:publisher\" content=\"https:\/\/www.facebook.com\/kazaliste.komedija\/\" \/>\n<meta property=\"article:modified_time\" content=\"2025-06-11T10:41:54+00:00\" \/>\n<meta property=\"og:image\" content=\"https:\/\/www.komedija.hr\/www\/wp-content\/uploads\/2024\/03\/ruzica-maurus-scaled.jpg\" \/>\n\t<meta property=\"og:image:width\" content=\"1707\" \/>\n\t<meta property=\"og:image:height\" content=\"2560\" \/>\n\t<meta property=\"og:image:type\" content=\"image\/jpeg\" \/>\n<meta name=\"twitter:card\" content=\"summary_large_image\" \/>\n<meta name=\"twitter:site\" content=\"@KKomedija\" \/>\n<meta name=\"twitter:label1\" content=\"Procijenjeno vrijeme \u010ditanja\" \/>\n\t<meta name=\"twitter:data1\" content=\"2 minute\" \/>\n<script type=\"application\/ld+json\" class=\"yoast-schema-graph\">{\"@context\":\"https:\\\/\\\/schema.org\",\"@graph\":[{\"@type\":\"WebPage\",\"@id\":\"https:\\\/\\\/www.komedija.hr\\\/www\\\/ansambl-2\\\/glumci\\\/ruzica-maurus\\\/\",\"url\":\"https:\\\/\\\/www.komedija.hr\\\/www\\\/ansambl-2\\\/glumci\\\/ruzica-maurus\\\/\",\"name\":\"Ru\u017eica Maurus - Kazali\u0161te Komedija\",\"isPartOf\":{\"@id\":\"http:\\\/\\\/www.komedija.hr\\\/www\\\/#website\"},\"primaryImageOfPage\":{\"@id\":\"https:\\\/\\\/www.komedija.hr\\\/www\\\/ansambl-2\\\/glumci\\\/ruzica-maurus\\\/#primaryimage\"},\"image\":{\"@id\":\"https:\\\/\\\/www.komedija.hr\\\/www\\\/ansambl-2\\\/glumci\\\/ruzica-maurus\\\/#primaryimage\"},\"thumbnailUrl\":\"https:\\\/\\\/www.komedija.hr\\\/www\\\/wp-content\\\/uploads\\\/2024\\\/03\\\/ruzica-maurus-200x300.jpg\",\"datePublished\":\"2024-03-15T09:01:34+00:00\",\"dateModified\":\"2025-06-11T10:41:54+00:00\",\"breadcrumb\":{\"@id\":\"https:\\\/\\\/www.komedija.hr\\\/www\\\/ansambl-2\\\/glumci\\\/ruzica-maurus\\\/#breadcrumb\"},\"inLanguage\":\"hr\",\"potentialAction\":[{\"@type\":\"ReadAction\",\"target\":[\"https:\\\/\\\/www.komedija.hr\\\/www\\\/ansambl-2\\\/glumci\\\/ruzica-maurus\\\/\"]}]},{\"@type\":\"ImageObject\",\"inLanguage\":\"hr\",\"@id\":\"https:\\\/\\\/www.komedija.hr\\\/www\\\/ansambl-2\\\/glumci\\\/ruzica-maurus\\\/#primaryimage\",\"url\":\"https:\\\/\\\/www.komedija.hr\\\/www\\\/wp-content\\\/uploads\\\/2024\\\/03\\\/ruzica-maurus-scaled.jpg\",\"contentUrl\":\"https:\\\/\\\/www.komedija.hr\\\/www\\\/wp-content\\\/uploads\\\/2024\\\/03\\\/ruzica-maurus-scaled.jpg\",\"width\":1707,\"height\":2560},{\"@type\":\"BreadcrumbList\",\"@id\":\"https:\\\/\\\/www.komedija.hr\\\/www\\\/ansambl-2\\\/glumci\\\/ruzica-maurus\\\/#breadcrumb\",\"itemListElement\":[{\"@type\":\"ListItem\",\"position\":1,\"name\":\"Po\u010detna stranica\",\"item\":\"http:\\\/\\\/www.komedija.hr\\\/www\\\/\"},{\"@type\":\"ListItem\",\"position\":2,\"name\":\"Ansambl\",\"item\":\"https:\\\/\\\/www.komedija.hr\\\/www\\\/ansambl-2\\\/\"},{\"@type\":\"ListItem\",\"position\":3,\"name\":\"Glumci\",\"item\":\"https:\\\/\\\/www.komedija.hr\\\/www\\\/ansambl-2\\\/glumci\\\/\"},{\"@type\":\"ListItem\",\"position\":4,\"name\":\"Ru\u017eica Maurus\"}]},{\"@type\":\"WebSite\",\"@id\":\"http:\\\/\\\/www.komedija.hr\\\/www\\\/#website\",\"url\":\"http:\\\/\\\/www.komedija.hr\\\/www\\\/\",\"name\":\"Kazali\u0161te Komedija\",\"description\":\"\",\"publisher\":{\"@id\":\"http:\\\/\\\/www.komedija.hr\\\/www\\\/#organization\"},\"potentialAction\":[{\"@type\":\"SearchAction\",\"target\":{\"@type\":\"EntryPoint\",\"urlTemplate\":\"http:\\\/\\\/www.komedija.hr\\\/www\\\/?s={search_term_string}\"},\"query-input\":{\"@type\":\"PropertyValueSpecification\",\"valueRequired\":true,\"valueName\":\"search_term_string\"}}],\"inLanguage\":\"hr\"},{\"@type\":\"Organization\",\"@id\":\"http:\\\/\\\/www.komedija.hr\\\/www\\\/#organization\",\"name\":\"Zagreba\u010dko gradsko Kazali\u0161ta Komedija\",\"url\":\"http:\\\/\\\/www.komedija.hr\\\/www\\\/\",\"logo\":{\"@type\":\"ImageObject\",\"inLanguage\":\"hr\",\"@id\":\"http:\\\/\\\/www.komedija.hr\\\/www\\\/#\\\/schema\\\/logo\\\/image\\\/\",\"url\":\"https:\\\/\\\/www.komedija.hr\\\/www\\\/wp-content\\\/uploads\\\/2020\\\/02\\\/cropped-Kazaliste_Komedija_logo_2.png\",\"contentUrl\":\"https:\\\/\\\/www.komedija.hr\\\/www\\\/wp-content\\\/uploads\\\/2020\\\/02\\\/cropped-Kazaliste_Komedija_logo_2.png\",\"width\":512,\"height\":512,\"caption\":\"Zagreba\u010dko gradsko Kazali\u0161ta Komedija\"},\"image\":{\"@id\":\"http:\\\/\\\/www.komedija.hr\\\/www\\\/#\\\/schema\\\/logo\\\/image\\\/\"},\"sameAs\":[\"https:\\\/\\\/www.facebook.com\\\/kazaliste.komedija\\\/\",\"https:\\\/\\\/x.com\\\/KKomedija\",\"https:\\\/\\\/www.instagram.com\\\/kazaliste_komedija\\\/\",\"https:\\\/\\\/www.youtube.com\\\/channel\\\/UC1NcapMYUXJW3miW_oPxT5w\\\/videos\"]}]}<\/script>\n<!-- \/ Yoast SEO plugin. -->","yoast_head_json":{"title":"Ru\u017eica Maurus - Kazali\u0161te Komedija","robots":{"index":"index","follow":"follow","max-snippet":"max-snippet:-1","max-image-preview":"max-image-preview:large","max-video-preview":"max-video-preview:-1"},"canonical":"https:\/\/www.komedija.hr\/www\/ansambl-2\/glumci\/ruzica-maurus\/","og_locale":"hr_HR","og_type":"article","og_title":"Ru\u017eica Maurus - Kazali\u0161te Komedija","og_description":"Glumica\/pjeva\u010dica DATUM I MJESTO RO\u0110ENJA 3. 6. 1998. Po\u017eega ansambl Kazali\u0161te &#8220;Komedija&#8221;, p.p. 428, Zagreb tel.: +385 (0)1 48 13 200; fax: +385 (0)1 48 12 179 e-mail: ruzicamaurus@gmail.com OBRAZOVANJE Akademija dramske umjetnosti u Zagrebu &nbsp; KAZALI\u0160TE Kazali\u0161te Komedija: Zapetljani interesi (Aleksandar \u0160vabi\u0107) Peripetije sa psihijatrije (Ivan Leo Lemo) Moma\u010dka ve\u010der (Slaven Vidakovi\u0107) Ponos i [&hellip;]","og_url":"https:\/\/www.komedija.hr\/www\/ansambl-2\/glumci\/ruzica-maurus\/","og_site_name":"Kazali\u0161te Komedija","article_publisher":"https:\/\/www.facebook.com\/kazaliste.komedija\/","article_modified_time":"2025-06-11T10:41:54+00:00","og_image":[{"width":1707,"height":2560,"url":"https:\/\/www.komedija.hr\/www\/wp-content\/uploads\/2024\/03\/ruzica-maurus-scaled.jpg","type":"image\/jpeg"}],"twitter_card":"summary_large_image","twitter_site":"@KKomedija","twitter_misc":{"Procijenjeno vrijeme \u010ditanja":"2 minute"},"schema":{"@context":"https:\/\/schema.org","@graph":[{"@type":"WebPage","@id":"https:\/\/www.komedija.hr\/www\/ansambl-2\/glumci\/ruzica-maurus\/","url":"https:\/\/www.komedija.hr\/www\/ansambl-2\/glumci\/ruzica-maurus\/","name":"Ru\u017eica Maurus - Kazali\u0161te Komedija","isPartOf":{"@id":"http:\/\/www.komedija.hr\/www\/#website"},"primaryImageOfPage":{"@id":"https:\/\/www.komedija.hr\/www\/ansambl-2\/glumci\/ruzica-maurus\/#primaryimage"},"image":{"@id":"https:\/\/www.komedija.hr\/www\/ansambl-2\/glumci\/ruzica-maurus\/#primaryimage"},"thumbnailUrl":"https:\/\/www.komedija.hr\/www\/wp-content\/uploads\/2024\/03\/ruzica-maurus-200x300.jpg","datePublished":"2024-03-15T09:01:34+00:00","dateModified":"2025-06-11T10:41:54+00:00","breadcrumb":{"@id":"https:\/\/www.komedija.hr\/www\/ansambl-2\/glumci\/ruzica-maurus\/#breadcrumb"},"inLanguage":"hr","potentialAction":[{"@type":"ReadAction","target":["https:\/\/www.komedija.hr\/www\/ansambl-2\/glumci\/ruzica-maurus\/"]}]},{"@type":"ImageObject","inLanguage":"hr","@id":"https:\/\/www.komedija.hr\/www\/ansambl-2\/glumci\/ruzica-maurus\/#primaryimage","url":"https:\/\/www.komedija.hr\/www\/wp-content\/uploads\/2024\/03\/ruzica-maurus-scaled.jpg","contentUrl":"https:\/\/www.komedija.hr\/www\/wp-content\/uploads\/2024\/03\/ruzica-maurus-scaled.jpg","width":1707,"height":2560},{"@type":"BreadcrumbList","@id":"https:\/\/www.komedija.hr\/www\/ansambl-2\/glumci\/ruzica-maurus\/#breadcrumb","itemListElement":[{"@type":"ListItem","position":1,"name":"Po\u010detna stranica","item":"http:\/\/www.komedija.hr\/www\/"},{"@type":"ListItem","position":2,"name":"Ansambl","item":"https:\/\/www.komedija.hr\/www\/ansambl-2\/"},{"@type":"ListItem","position":3,"name":"Glumci","item":"https:\/\/www.komedija.hr\/www\/ansambl-2\/glumci\/"},{"@type":"ListItem","position":4,"name":"Ru\u017eica Maurus"}]},{"@type":"WebSite","@id":"http:\/\/www.komedija.hr\/www\/#website","url":"http:\/\/www.komedija.hr\/www\/","name":"Kazali\u0161te Komedija","description":"","publisher":{"@id":"http:\/\/www.komedija.hr\/www\/#organization"},"potentialAction":[{"@type":"SearchAction","target":{"@type":"EntryPoint","urlTemplate":"http:\/\/www.komedija.hr\/www\/?s={search_term_string}"},"query-input":{"@type":"PropertyValueSpecification","valueRequired":true,"valueName":"search_term_string"}}],"inLanguage":"hr"},{"@type":"Organization","@id":"http:\/\/www.komedija.hr\/www\/#organization","name":"Zagreba\u010dko gradsko Kazali\u0161ta Komedija","url":"http:\/\/www.komedija.hr\/www\/","logo":{"@type":"ImageObject","inLanguage":"hr","@id":"http:\/\/www.komedija.hr\/www\/#\/schema\/logo\/image\/","url":"https:\/\/www.komedija.hr\/www\/wp-content\/uploads\/2020\/02\/cropped-Kazaliste_Komedija_logo_2.png","contentUrl":"https:\/\/www.komedija.hr\/www\/wp-content\/uploads\/2020\/02\/cropped-Kazaliste_Komedija_logo_2.png","width":512,"height":512,"caption":"Zagreba\u010dko gradsko Kazali\u0161ta Komedija"},"image":{"@id":"http:\/\/www.komedija.hr\/www\/#\/schema\/logo\/image\/"},"sameAs":["https:\/\/www.facebook.com\/kazaliste.komedija\/","https:\/\/x.com\/KKomedija","https:\/\/www.instagram.com\/kazaliste_komedija\/","https:\/\/www.youtube.com\/channel\/UC1NcapMYUXJW3miW_oPxT5w\/videos"]}]}},"_links":{"self":[{"href":"https:\/\/www.komedija.hr\/www\/wp-json\/wp\/v2\/pages\/18575","targetHints":{"allow":["GET"]}}],"collection":[{"href":"https:\/\/www.komedija.hr\/www\/wp-json\/wp\/v2\/pages"}],"about":[{"href":"https:\/\/www.komedija.hr\/www\/wp-json\/wp\/v2\/types\/page"}],"author":[{"embeddable":true,"href":"https:\/\/www.komedija.hr\/www\/wp-json\/wp\/v2\/users\/4"}],"replies":[{"embeddable":true,"href":"https:\/\/www.komedija.hr\/www\/wp-json\/wp\/v2\/comments?post=18575"}],"version-history":[{"count":8,"href":"https:\/\/www.komedija.hr\/www\/wp-json\/wp\/v2\/pages\/18575\/revisions"}],"predecessor-version":[{"id":20895,"href":"https:\/\/www.komedija.hr\/www\/wp-json\/wp\/v2\/pages\/18575\/revisions\/20895"}],"up":[{"embeddable":true,"href":"https:\/\/www.komedija.hr\/www\/wp-json\/wp\/v2\/pages\/6992"}],"wp:attachment":[{"href":"https:\/\/www.komedija.hr\/www\/wp-json\/wp\/v2\/media?parent=18575"}],"curies":[{"name":"wp","href":"https:\/\/api.w.org\/{rel}","templated":true}]}}