{"id":2365,"date":"2012-04-06T17:17:32","date_gmt":"2012-04-06T17:17:32","guid":{"rendered":"http:\/\/www.komedija.hr\/web\/?page_id=2365"},"modified":"2012-04-08T20:37:42","modified_gmt":"2012-04-08T20:37:42","slug":"veliki-manevri-u-tijesnim-ulicama","status":"publish","type":"page","link":"https:\/\/www.komedija.hr\/www\/arhiva-predstava\/veliki-manevri-u-tijesnim-ulicama\/","title":{"rendered":"Veliki manevri u tijesnim ulicama"},"content":{"rendered":"<blockquote><p>Komedija<\/p><\/blockquote>\n<p>Kad otac ima dvije k\u0107eri za udaju &#8211; lijepu Cvitu i goropadnu Katicu &#8211; mora biti i prosaca. Ima ih la\u017enih, ali na\u0111e se, sre\u0107om, i pravih. Glavni su pokreta\u010di velikih manevara ljutnja gostioni\u010dara Nike, ljubav prema huncutarijama njegovog ne\u0107aka i znanstveni interes jednog kontea!<\/p>\n<div class='catablog-catalog'><div class=\"catablog-row catablog-gallery\">\r\n\t<a href=\"https:\/\/www.komedija.hr\/www\/wp-content\/uploads\/catablog\/originals\/45veliki.jpg\" class=\"catablog-image\"  >\r\n\t\t<img decoding=\"async\" src=\"https:\/\/www.komedija.hr\/www\/wp-content\/uploads\/catablog\/thumbnails\/45veliki.jpg\" alt=\"\" \/>\r\n\t\t<strong class=\"catablog-title\">45veliki<\/strong>\t\r\n\t<\/a>\r\n\t<div class=\"catablog-description\"><\/div>\r\n<\/div><div class=\"catablog-row catablog-gallery\">\r\n\t<a href=\"https:\/\/www.komedija.hr\/www\/wp-content\/uploads\/catablog\/originals\/47veliki.jpg\" class=\"catablog-image\"  >\r\n\t\t<img decoding=\"async\" src=\"https:\/\/www.komedija.hr\/www\/wp-content\/uploads\/catablog\/thumbnails\/47veliki.jpg\" alt=\"\" \/>\r\n\t\t<strong class=\"catablog-title\">47veliki<\/strong>\t\r\n\t<\/a>\r\n\t<div class=\"catablog-description\"><\/div>\r\n<\/div><\/div><div class='catablog-navigation'><span class='catablog-navigation-link catablog-first-page-link catablog-disabled'><\/span> <\/div>\n<p>Suprotno zna\u010dajkama najpoznatijih djela Ive Bre\u0161ana u kojima Platonova, Shakespeareova, Moliereova i Goetheova djela slu\u017ee kao osnova za razotkrivanje politi\u010dkih mrakova i proma\u0161aja, u &#8220;Velikim manevrima u tijesnim ulicama&#8221; nema politike: autorov rukopis je isti, ali ovaj put u funkciji ljubavnih, a ne politi\u010dkih spletki. Uz pomo\u0107 Shakespeareove &#8220;Ukro\u0107ene goropadnice&#8221; Bre\u0161an predstavlja dalmatinski ambijent (\u0160ibenik s dodacima Trogira i Zagore), vjerno do\u010daravaju\u0107i duh i mentalitet na\u0161ih ju\u017enjaka. Ova produkcija kazali\u0161ta &#8220;Komedija&#8221; ulazi u jedanaestu godinu prikazivanja.<br \/>\n<em>Nagrada za NAJSMJE\u0160NIJI PRIZOR FESTIVALA na Festivalu smijeha 1993. godine Dubravki Ostoji\u0107 i Ljubi Ze\u010devi\u0107u za scenu \u010dekanja vjen\u010danja<\/em><br \/>\n<em>Jedna od pet ravnopravnih GLUMA\u010cKIH NAGRADA na Festivalu smijeha 1993. godine Otokaru Levaju za ulogu conte Florijana Dragojevi\u0107a<\/em><br \/>\n<em>Jedna od pet ravnopravnih GLUMA\u010cKIH NAGRADA na Festivalu smijeha 1993. godine Dubravki Ostoji\u0107 za ulogu Katice<\/em><\/p>\n<blockquote><p>autor: Ivo Bre\u0161an (prema Shakespeareu)<br \/>\nredatelj: Marin Cari\u0107\u00a0<br \/>\nscenografkinja: Dinka Jeri\u010devi\u0107\u00a0<br \/>\nkostimografkinja: Ruta Kne\u017eevi\u0107<br \/>\nkoreograf:\u00a0 Miljenko Viki\u0107\u00a0<br \/>\nglazbu skladao: Ante Ma\u017euran<br \/>\n\u00a0<br \/>\nAsistent redatelja: Ozren Prohi\u0107; pomo\u0107nik redatelja: Leo Katunari\u0107; asistentica scenografkinje: Gordana Svilar\u00a0<br \/>\n\u00a0<br \/>\nNastupaju:\u00a0<br \/>\nVlado Kova\u010di\u0107 (Vice),<br \/>\n<a title=\"Jasna Bilu\u0161i\u0107\" href=\"http:\/\/www.komedija.hr\/web\/?page_id=919\">Jasna Bilu\u0161i\u0107 <\/a>(Cvita),<br \/>\n<a title=\"Dubravka Ostoji\u0107\" href=\"http:\/\/www.komedija.hr\/web\/?page_id=1092\">Dubravka Ostoji\u0107 <\/a>(Katica),<br \/>\nNiko Pavlovi\u0107 (Niko Tafra),<br \/>\n<a title=\"Dra\u017een \u010cu\u010dek\" href=\"http:\/\/www.komedija.hr\/web\/?page_id=937\">Dra\u017een \u010cu\u010dek<\/a>\/<a title=\"Sa\u0161a Buneta\" href=\"http:\/\/www.komedija.hr\/web\/?page_id=930\">Sa\u0161a Buneta <\/a>(Dunko),<br \/>\n<a title=\"Ivica Zadro\" href=\"http:\/\/www.komedija.hr\/web\/?page_id=1393\">Ivica Zadro <\/a>(Lujo),<br \/>\n<a title=\"\u017deljko Duvnjak\" href=\"http:\/\/www.komedija.hr\/web\/?page_id=946\">\u017deljko Duvnjak <\/a>(Nino),<br \/>\nOtokar Levaj (Florijan),<br \/>\nFranjo Kuhar\/<a title=\"Igor Me\u0161in\" href=\"http:\/\/www.komedija.hr\/web\/?page_id=1086\">Igor Me\u0161in <\/a>(Nikola),<br \/>\n<a title=\"Ljubo Ze\u010devi\u0107\" href=\"http:\/\/www.komedija.hr\/web\/?page_id=1395\">Ljubo Ze\u010devi\u0107 <\/a>(Ive)\u00a0<br \/>\n\u00a0\u00a0<br \/>\nPredstava nije primjerena mla\u0111ima od 12 godina.<br \/>\nPremijera: 7. prosinca 1990.<br \/>\nPune cijene ulaznica: 50, 35, 20 kuna.<br \/>\nTrajanje: oko 130 minuta (stanka uklju\u010dena).\u00a0<\/p><\/blockquote>\n","protected":false},"excerpt":{"rendered":"<p>Komedija Kad otac ima dvije k\u0107eri za udaju &#8211; lijepu Cvitu i goropadnu Katicu &#8211; mora biti i prosaca. Ima ih la\u017enih, ali na\u0111e se, sre\u0107om, i pravih. Glavni su pokreta\u010di velikih manevara ljutnja gostioni\u010dara Nike, ljubav prema huncutarijama njegovog ne\u0107aka i znanstveni interes jednog kontea! Suprotno zna\u010dajkama najpoznatijih djela Ive Bre\u0161ana u kojima Platonova, [&hellip;]<\/p>\n","protected":false},"author":4,"featured_media":0,"parent":1659,"menu_order":0,"comment_status":"closed","ping_status":"open","template":"","meta":{"ngg_post_thumbnail":0,"footnotes":""},"class_list":["post-2365","page","type-page","status-publish","hentry"],"yoast_head":"<!-- This site is optimized with the Yoast SEO plugin v27.5 - https:\/\/yoast.com\/product\/yoast-seo-wordpress\/ -->\n<title>Veliki manevri u tijesnim ulicama - Kazali\u0161te Komedija<\/title>\n<meta name=\"robots\" content=\"index, follow, max-snippet:-1, max-image-preview:large, max-video-preview:-1\" \/>\n<link rel=\"canonical\" href=\"https:\/\/www.komedija.hr\/www\/arhiva-predstava\/veliki-manevri-u-tijesnim-ulicama\/\" \/>\n<meta property=\"og:locale\" content=\"hr_HR\" \/>\n<meta property=\"og:type\" content=\"article\" \/>\n<meta property=\"og:title\" content=\"Veliki manevri u tijesnim ulicama - Kazali\u0161te Komedija\" \/>\n<meta property=\"og:description\" content=\"Komedija Kad otac ima dvije k\u0107eri za udaju &#8211; lijepu Cvitu i goropadnu Katicu &#8211; mora biti i prosaca. Ima ih la\u017enih, ali na\u0111e se, sre\u0107om, i pravih. Glavni su pokreta\u010di velikih manevara ljutnja gostioni\u010dara Nike, ljubav prema huncutarijama njegovog ne\u0107aka i znanstveni interes jednog kontea! Suprotno zna\u010dajkama najpoznatijih djela Ive Bre\u0161ana u kojima Platonova, [&hellip;]\" \/>\n<meta property=\"og:url\" content=\"https:\/\/www.komedija.hr\/www\/arhiva-predstava\/veliki-manevri-u-tijesnim-ulicama\/\" \/>\n<meta property=\"og:site_name\" content=\"Kazali\u0161te Komedija\" \/>\n<meta property=\"article:publisher\" content=\"https:\/\/www.facebook.com\/kazaliste.komedija\/\" \/>\n<meta property=\"article:modified_time\" content=\"2012-04-08T20:37:42+00:00\" \/>\n<meta name=\"twitter:card\" content=\"summary_large_image\" \/>\n<meta name=\"twitter:site\" content=\"@KKomedija\" \/>\n<meta name=\"twitter:label1\" content=\"Procijenjeno vrijeme \u010ditanja\" \/>\n\t<meta name=\"twitter:data1\" content=\"2 minute\" \/>\n<script type=\"application\/ld+json\" class=\"yoast-schema-graph\">{\"@context\":\"https:\\\/\\\/schema.org\",\"@graph\":[{\"@type\":\"WebPage\",\"@id\":\"https:\\\/\\\/www.komedija.hr\\\/www\\\/arhiva-predstava\\\/veliki-manevri-u-tijesnim-ulicama\\\/\",\"url\":\"https:\\\/\\\/www.komedija.hr\\\/www\\\/arhiva-predstava\\\/veliki-manevri-u-tijesnim-ulicama\\\/\",\"name\":\"Veliki manevri u tijesnim ulicama - Kazali\u0161te Komedija\",\"isPartOf\":{\"@id\":\"http:\\\/\\\/www.komedija.hr\\\/www\\\/#website\"},\"datePublished\":\"2012-04-06T17:17:32+00:00\",\"dateModified\":\"2012-04-08T20:37:42+00:00\",\"breadcrumb\":{\"@id\":\"https:\\\/\\\/www.komedija.hr\\\/www\\\/arhiva-predstava\\\/veliki-manevri-u-tijesnim-ulicama\\\/#breadcrumb\"},\"inLanguage\":\"hr\",\"potentialAction\":[{\"@type\":\"ReadAction\",\"target\":[\"https:\\\/\\\/www.komedija.hr\\\/www\\\/arhiva-predstava\\\/veliki-manevri-u-tijesnim-ulicama\\\/\"]}]},{\"@type\":\"BreadcrumbList\",\"@id\":\"https:\\\/\\\/www.komedija.hr\\\/www\\\/arhiva-predstava\\\/veliki-manevri-u-tijesnim-ulicama\\\/#breadcrumb\",\"itemListElement\":[{\"@type\":\"ListItem\",\"position\":1,\"name\":\"Po\u010detna stranica\",\"item\":\"http:\\\/\\\/www.komedija.hr\\\/www\\\/\"},{\"@type\":\"ListItem\",\"position\":2,\"name\":\"Arhiva predstava\",\"item\":\"https:\\\/\\\/www.komedija.hr\\\/www\\\/arhiva-predstava\\\/\"},{\"@type\":\"ListItem\",\"position\":3,\"name\":\"Veliki manevri u tijesnim ulicama\"}]},{\"@type\":\"WebSite\",\"@id\":\"http:\\\/\\\/www.komedija.hr\\\/www\\\/#website\",\"url\":\"http:\\\/\\\/www.komedija.hr\\\/www\\\/\",\"name\":\"Kazali\u0161te Komedija\",\"description\":\"\",\"publisher\":{\"@id\":\"http:\\\/\\\/www.komedija.hr\\\/www\\\/#organization\"},\"potentialAction\":[{\"@type\":\"SearchAction\",\"target\":{\"@type\":\"EntryPoint\",\"urlTemplate\":\"http:\\\/\\\/www.komedija.hr\\\/www\\\/?s={search_term_string}\"},\"query-input\":{\"@type\":\"PropertyValueSpecification\",\"valueRequired\":true,\"valueName\":\"search_term_string\"}}],\"inLanguage\":\"hr\"},{\"@type\":\"Organization\",\"@id\":\"http:\\\/\\\/www.komedija.hr\\\/www\\\/#organization\",\"name\":\"Zagreba\u010dko gradsko Kazali\u0161ta Komedija\",\"url\":\"http:\\\/\\\/www.komedija.hr\\\/www\\\/\",\"logo\":{\"@type\":\"ImageObject\",\"inLanguage\":\"hr\",\"@id\":\"http:\\\/\\\/www.komedija.hr\\\/www\\\/#\\\/schema\\\/logo\\\/image\\\/\",\"url\":\"https:\\\/\\\/www.komedija.hr\\\/www\\\/wp-content\\\/uploads\\\/2020\\\/02\\\/cropped-Kazaliste_Komedija_logo_2.png\",\"contentUrl\":\"https:\\\/\\\/www.komedija.hr\\\/www\\\/wp-content\\\/uploads\\\/2020\\\/02\\\/cropped-Kazaliste_Komedija_logo_2.png\",\"width\":512,\"height\":512,\"caption\":\"Zagreba\u010dko gradsko Kazali\u0161ta Komedija\"},\"image\":{\"@id\":\"http:\\\/\\\/www.komedija.hr\\\/www\\\/#\\\/schema\\\/logo\\\/image\\\/\"},\"sameAs\":[\"https:\\\/\\\/www.facebook.com\\\/kazaliste.komedija\\\/\",\"https:\\\/\\\/x.com\\\/KKomedija\",\"https:\\\/\\\/www.instagram.com\\\/kazaliste_komedija\\\/\",\"https:\\\/\\\/www.youtube.com\\\/channel\\\/UC1NcapMYUXJW3miW_oPxT5w\\\/videos\"]}]}<\/script>\n<!-- \/ Yoast SEO plugin. -->","yoast_head_json":{"title":"Veliki manevri u tijesnim ulicama - Kazali\u0161te Komedija","robots":{"index":"index","follow":"follow","max-snippet":"max-snippet:-1","max-image-preview":"max-image-preview:large","max-video-preview":"max-video-preview:-1"},"canonical":"https:\/\/www.komedija.hr\/www\/arhiva-predstava\/veliki-manevri-u-tijesnim-ulicama\/","og_locale":"hr_HR","og_type":"article","og_title":"Veliki manevri u tijesnim ulicama - Kazali\u0161te Komedija","og_description":"Komedija Kad otac ima dvije k\u0107eri za udaju &#8211; lijepu Cvitu i goropadnu Katicu &#8211; mora biti i prosaca. Ima ih la\u017enih, ali na\u0111e se, sre\u0107om, i pravih. Glavni su pokreta\u010di velikih manevara ljutnja gostioni\u010dara Nike, ljubav prema huncutarijama njegovog ne\u0107aka i znanstveni interes jednog kontea! Suprotno zna\u010dajkama najpoznatijih djela Ive Bre\u0161ana u kojima Platonova, [&hellip;]","og_url":"https:\/\/www.komedija.hr\/www\/arhiva-predstava\/veliki-manevri-u-tijesnim-ulicama\/","og_site_name":"Kazali\u0161te Komedija","article_publisher":"https:\/\/www.facebook.com\/kazaliste.komedija\/","article_modified_time":"2012-04-08T20:37:42+00:00","twitter_card":"summary_large_image","twitter_site":"@KKomedija","twitter_misc":{"Procijenjeno vrijeme \u010ditanja":"2 minute"},"schema":{"@context":"https:\/\/schema.org","@graph":[{"@type":"WebPage","@id":"https:\/\/www.komedija.hr\/www\/arhiva-predstava\/veliki-manevri-u-tijesnim-ulicama\/","url":"https:\/\/www.komedija.hr\/www\/arhiva-predstava\/veliki-manevri-u-tijesnim-ulicama\/","name":"Veliki manevri u tijesnim ulicama - Kazali\u0161te Komedija","isPartOf":{"@id":"http:\/\/www.komedija.hr\/www\/#website"},"datePublished":"2012-04-06T17:17:32+00:00","dateModified":"2012-04-08T20:37:42+00:00","breadcrumb":{"@id":"https:\/\/www.komedija.hr\/www\/arhiva-predstava\/veliki-manevri-u-tijesnim-ulicama\/#breadcrumb"},"inLanguage":"hr","potentialAction":[{"@type":"ReadAction","target":["https:\/\/www.komedija.hr\/www\/arhiva-predstava\/veliki-manevri-u-tijesnim-ulicama\/"]}]},{"@type":"BreadcrumbList","@id":"https:\/\/www.komedija.hr\/www\/arhiva-predstava\/veliki-manevri-u-tijesnim-ulicama\/#breadcrumb","itemListElement":[{"@type":"ListItem","position":1,"name":"Po\u010detna stranica","item":"http:\/\/www.komedija.hr\/www\/"},{"@type":"ListItem","position":2,"name":"Arhiva predstava","item":"https:\/\/www.komedija.hr\/www\/arhiva-predstava\/"},{"@type":"ListItem","position":3,"name":"Veliki manevri u tijesnim ulicama"}]},{"@type":"WebSite","@id":"http:\/\/www.komedija.hr\/www\/#website","url":"http:\/\/www.komedija.hr\/www\/","name":"Kazali\u0161te Komedija","description":"","publisher":{"@id":"http:\/\/www.komedija.hr\/www\/#organization"},"potentialAction":[{"@type":"SearchAction","target":{"@type":"EntryPoint","urlTemplate":"http:\/\/www.komedija.hr\/www\/?s={search_term_string}"},"query-input":{"@type":"PropertyValueSpecification","valueRequired":true,"valueName":"search_term_string"}}],"inLanguage":"hr"},{"@type":"Organization","@id":"http:\/\/www.komedija.hr\/www\/#organization","name":"Zagreba\u010dko gradsko Kazali\u0161ta Komedija","url":"http:\/\/www.komedija.hr\/www\/","logo":{"@type":"ImageObject","inLanguage":"hr","@id":"http:\/\/www.komedija.hr\/www\/#\/schema\/logo\/image\/","url":"https:\/\/www.komedija.hr\/www\/wp-content\/uploads\/2020\/02\/cropped-Kazaliste_Komedija_logo_2.png","contentUrl":"https:\/\/www.komedija.hr\/www\/wp-content\/uploads\/2020\/02\/cropped-Kazaliste_Komedija_logo_2.png","width":512,"height":512,"caption":"Zagreba\u010dko gradsko Kazali\u0161ta Komedija"},"image":{"@id":"http:\/\/www.komedija.hr\/www\/#\/schema\/logo\/image\/"},"sameAs":["https:\/\/www.facebook.com\/kazaliste.komedija\/","https:\/\/x.com\/KKomedija","https:\/\/www.instagram.com\/kazaliste_komedija\/","https:\/\/www.youtube.com\/channel\/UC1NcapMYUXJW3miW_oPxT5w\/videos"]}]}},"_links":{"self":[{"href":"https:\/\/www.komedija.hr\/www\/wp-json\/wp\/v2\/pages\/2365","targetHints":{"allow":["GET"]}}],"collection":[{"href":"https:\/\/www.komedija.hr\/www\/wp-json\/wp\/v2\/pages"}],"about":[{"href":"https:\/\/www.komedija.hr\/www\/wp-json\/wp\/v2\/types\/page"}],"author":[{"embeddable":true,"href":"https:\/\/www.komedija.hr\/www\/wp-json\/wp\/v2\/users\/4"}],"replies":[{"embeddable":true,"href":"https:\/\/www.komedija.hr\/www\/wp-json\/wp\/v2\/comments?post=2365"}],"version-history":[{"count":0,"href":"https:\/\/www.komedija.hr\/www\/wp-json\/wp\/v2\/pages\/2365\/revisions"}],"up":[{"embeddable":true,"href":"https:\/\/www.komedija.hr\/www\/wp-json\/wp\/v2\/pages\/1659"}],"wp:attachment":[{"href":"https:\/\/www.komedija.hr\/www\/wp-json\/wp\/v2\/media?parent=2365"}],"curies":[{"name":"wp","href":"https:\/\/api.w.org\/{rel}","templated":true}]}}