{"id":3751,"date":"2013-04-12T14:32:03","date_gmt":"2013-04-12T12:32:03","guid":{"rendered":"http:\/\/www.komedija.hr\/web\/?page_id=3751"},"modified":"2017-05-24T12:10:30","modified_gmt":"2017-05-24T10:10:30","slug":"niko-pavlovic","status":"publish","type":"page","link":"https:\/\/www.komedija.hr\/www\/umirovljeni-i-bivsi-clanovi-ansambla\/niko-pavlovic\/","title":{"rendered":"Niko Pavlovi\u0107"},"content":{"rendered":"<table border=\"0\" width=\"100%\">\n<tbody>\n<tr>\n<td valign=\"top\" width=\"18%\" height=\"25\"><strong><img decoding=\"async\" class=\"size-medium wp-image-8599 alignleft\" src=\"http:\/\/www.komedija.hr\/www\/wp-content\/uploads\/2013\/04\/niko-pavlovic-200x300.jpg\" alt=\"\" width=\"200\" height=\"300\" \/><\/strong><\/p>\n<p><strong>Niko Pavlovi\u0107, ravnatelj<\/strong><\/p>\n<p><span style=\"text-decoration: underline;\">\u017dIVOTOPIS<\/span><\/p>\n<div align=\"left\">\n<p>Ro\u0111en u Trebi\u017eatu 9.kolovoza 1949. godine, op\u0107ina \u010capljina \u2013 BIH. U tre\u0107oj godini \u017eivota preselio se u Plo\u010de, gdje je zavr\u0161io osnovnu \u0161kolu i gimnaziju.<\/p>\n<p>Po polo\u017eenoj maturi dolazi u Zagreb gdje 1974. diplomira glumu na Akademiji za kazali\u0161nu i filmsku umjetnost predstavom \u201cPri\u010da o liscu Renardu\u201d u klasi prof. Violi\u0107a.<\/p>\n<p>Poslije zavr\u0161enoga studija odlazi u splitsko Hrvatsko narodno kazali\u0161te, a potom se vra\u0107a u Zagreb.<\/p>\n<p>U Zagrebu je kao slobodan umjetnik proveo dvije i pol godine igraju\u0107i po svim teatrima, televiziji, filmu i na radiju. Potom postaje \u010dlanom ansambla Zagreba\u010dkoga kazali\u0161ta mladih gdje ostaje tri godine. 1980. na poziv Georgija Para anga\u017eiran je u Kazali\u0161tu \u201cKomedija\u201d.<\/p>\n<p>1982. godine nagra\u0111en je godi\u0161njom nagradom Udru\u017eenja dramskih umjetnika Hrvatske za ulogu Lulina u istoimenoj komediji Luigia Pirandella u adaptaciji Ive Bre\u0161ana, izvedenoj u Kazali\u0161tu \u201cKomedija\u201d. Na Danima satire 1985. godine dobio je nagradu \u201eZlatni smijeh\u201c za najbolje gluma\u010dko ostvarenje za ulogu Van\u010da u predstavi T. Partlji\u010da \u2018Moj tata, socijalisti\u010dki kulak\u2019 u izvedbi Zagreba\u010dkog gradskog kazali\u0161ta \u2018Komedija\u2019<\/p>\n<p>Sredinom osamdesetih intenzivno se bavio ustrojstvom Udru\u017eenja dramskih umjetnika Hrvatske kao tajnik te cehovske udruge.<\/p>\n<p>U sezoni 1987\/88 i 1988\/89 kao asistent u klasi prof. Juvan\u010di\u0107a radi samostalno sa studentima glume na Akademiji dramskih umjetnosti.<\/p>\n<p>Od 1.sije\u010dnja 1989. obna\u0161a du\u017enost direktora Kazali\u0161ta \u201cKomedija\u201d. Po dono\u0161enju Zakona o kazali\u0161tima imenovan je od strane Gradske skup\u0161tine Grada Zagreba, za v.d.ravnatelja, a potom i za ravnatelja.<\/p>\n<p>Kao ravnatelj producirao je 123 premijera, od toga 69 glazbenih (opereta, mjuzikala, rock opera, komi\u010dnih opera, koncerata i baleta) i 54 dramska naslova. Od ukupnog izvedenog broja premijera 50% \u010dine djela doma\u0107ih autora. Ve\u0107ina suvremenih djela hrvatskih dramskih pisaca bila su praizvedbe. Izme\u0111u ostalog, stvaraju\u0107i novi glazbeno-scenski repertoar, selekcionirao je i ustrojio ansambl sposoban za najvi\u0161e scenske domete toga \u017eanra.<\/p>\n<p>Za svoj rad odlikovan je odli\u010djem Danice hrvatske s likom Marka Maruli\u0107a.<\/p>\n<\/div>\n<\/td>\n<\/tr>\n<\/tbody>\n<\/table>\n<table border=\"0\" width=\"100%\">\n<tbody>\n<tr>\n<td valign=\"top\" width=\"18%\" height=\"25\"><\/td>\n<td valign=\"top\" width=\"82%\" height=\"25\">\n<div align=\"left\"><\/div>\n<\/td>\n<\/tr>\n<tr>\n<td valign=\"top\" width=\"18%\" height=\"54\"><\/td>\n<td valign=\"top\" width=\"82%\" height=\"54\"><\/td>\n<\/tr>\n<tr>\n<td colspan=\"2\" valign=\"top\" height=\"21\"><\/td>\n<\/tr>\n<\/tbody>\n<\/table>\n","protected":false},"excerpt":{"rendered":"<p>Niko Pavlovi\u0107, ravnatelj \u017dIVOTOPIS Ro\u0111en u Trebi\u017eatu 9.kolovoza 1949. godine, op\u0107ina \u010capljina \u2013 BIH. U tre\u0107oj godini \u017eivota preselio se u Plo\u010de, gdje je zavr\u0161io osnovnu \u0161kolu i gimnaziju. Po polo\u017eenoj maturi dolazi u Zagreb gdje 1974. diplomira glumu na Akademiji za kazali\u0161nu i filmsku umjetnost predstavom \u201cPri\u010da o liscu Renardu\u201d u klasi prof. Violi\u0107a. [&hellip;]<\/p>\n","protected":false},"author":4,"featured_media":0,"parent":8592,"menu_order":0,"comment_status":"closed","ping_status":"closed","template":"","meta":{"ngg_post_thumbnail":0,"footnotes":""},"class_list":["post-3751","page","type-page","status-publish","hentry"],"yoast_head":"<!-- This site is optimized with the Yoast SEO plugin v27.4 - https:\/\/yoast.com\/product\/yoast-seo-wordpress\/ -->\n<title>Niko Pavlovi\u0107 - Kazali\u0161te Komedija<\/title>\n<meta name=\"robots\" content=\"index, follow, max-snippet:-1, max-image-preview:large, max-video-preview:-1\" \/>\n<link rel=\"canonical\" href=\"https:\/\/www.komedija.hr\/www\/umirovljeni-i-bivsi-clanovi-ansambla\/niko-pavlovic\/\" \/>\n<meta property=\"og:locale\" content=\"hr_HR\" \/>\n<meta property=\"og:type\" content=\"article\" \/>\n<meta property=\"og:title\" content=\"Niko Pavlovi\u0107 - Kazali\u0161te Komedija\" \/>\n<meta property=\"og:description\" content=\"Niko Pavlovi\u0107, ravnatelj \u017dIVOTOPIS Ro\u0111en u Trebi\u017eatu 9.kolovoza 1949. godine, op\u0107ina \u010capljina \u2013 BIH. U tre\u0107oj godini \u017eivota preselio se u Plo\u010de, gdje je zavr\u0161io osnovnu \u0161kolu i gimnaziju. Po polo\u017eenoj maturi dolazi u Zagreb gdje 1974. diplomira glumu na Akademiji za kazali\u0161nu i filmsku umjetnost predstavom \u201cPri\u010da o liscu Renardu\u201d u klasi prof. Violi\u0107a. [&hellip;]\" \/>\n<meta property=\"og:url\" content=\"https:\/\/www.komedija.hr\/www\/umirovljeni-i-bivsi-clanovi-ansambla\/niko-pavlovic\/\" \/>\n<meta property=\"og:site_name\" content=\"Kazali\u0161te Komedija\" \/>\n<meta property=\"article:publisher\" content=\"https:\/\/www.facebook.com\/kazaliste.komedija\/\" \/>\n<meta property=\"article:modified_time\" content=\"2017-05-24T10:10:30+00:00\" \/>\n<meta property=\"og:image\" content=\"http:\/\/www.komedija.hr\/www\/wp-content\/uploads\/2013\/04\/niko-pavlovic-200x300.jpg\" \/>\n<meta name=\"twitter:card\" content=\"summary_large_image\" \/>\n<meta name=\"twitter:site\" content=\"@KKomedija\" \/>\n<meta name=\"twitter:label1\" content=\"Procijenjeno vrijeme \u010ditanja\" \/>\n\t<meta name=\"twitter:data1\" content=\"2 minute\" \/>\n<script type=\"application\/ld+json\" class=\"yoast-schema-graph\">{\"@context\":\"https:\\\/\\\/schema.org\",\"@graph\":[{\"@type\":\"WebPage\",\"@id\":\"https:\\\/\\\/www.komedija.hr\\\/www\\\/umirovljeni-i-bivsi-clanovi-ansambla\\\/niko-pavlovic\\\/\",\"url\":\"https:\\\/\\\/www.komedija.hr\\\/www\\\/umirovljeni-i-bivsi-clanovi-ansambla\\\/niko-pavlovic\\\/\",\"name\":\"Niko Pavlovi\u0107 - Kazali\u0161te Komedija\",\"isPartOf\":{\"@id\":\"http:\\\/\\\/www.komedija.hr\\\/www\\\/#website\"},\"primaryImageOfPage\":{\"@id\":\"https:\\\/\\\/www.komedija.hr\\\/www\\\/umirovljeni-i-bivsi-clanovi-ansambla\\\/niko-pavlovic\\\/#primaryimage\"},\"image\":{\"@id\":\"https:\\\/\\\/www.komedija.hr\\\/www\\\/umirovljeni-i-bivsi-clanovi-ansambla\\\/niko-pavlovic\\\/#primaryimage\"},\"thumbnailUrl\":\"http:\\\/\\\/www.komedija.hr\\\/www\\\/wp-content\\\/uploads\\\/2013\\\/04\\\/niko-pavlovic-200x300.jpg\",\"datePublished\":\"2013-04-12T12:32:03+00:00\",\"dateModified\":\"2017-05-24T10:10:30+00:00\",\"breadcrumb\":{\"@id\":\"https:\\\/\\\/www.komedija.hr\\\/www\\\/umirovljeni-i-bivsi-clanovi-ansambla\\\/niko-pavlovic\\\/#breadcrumb\"},\"inLanguage\":\"hr\",\"potentialAction\":[{\"@type\":\"ReadAction\",\"target\":[\"https:\\\/\\\/www.komedija.hr\\\/www\\\/umirovljeni-i-bivsi-clanovi-ansambla\\\/niko-pavlovic\\\/\"]}]},{\"@type\":\"ImageObject\",\"inLanguage\":\"hr\",\"@id\":\"https:\\\/\\\/www.komedija.hr\\\/www\\\/umirovljeni-i-bivsi-clanovi-ansambla\\\/niko-pavlovic\\\/#primaryimage\",\"url\":\"https:\\\/\\\/www.komedija.hr\\\/www\\\/wp-content\\\/uploads\\\/2013\\\/04\\\/niko-pavlovic.jpg\",\"contentUrl\":\"https:\\\/\\\/www.komedija.hr\\\/www\\\/wp-content\\\/uploads\\\/2013\\\/04\\\/niko-pavlovic.jpg\",\"width\":200,\"height\":300},{\"@type\":\"BreadcrumbList\",\"@id\":\"https:\\\/\\\/www.komedija.hr\\\/www\\\/umirovljeni-i-bivsi-clanovi-ansambla\\\/niko-pavlovic\\\/#breadcrumb\",\"itemListElement\":[{\"@type\":\"ListItem\",\"position\":1,\"name\":\"Po\u010detna stranica\",\"item\":\"http:\\\/\\\/www.komedija.hr\\\/www\\\/\"},{\"@type\":\"ListItem\",\"position\":2,\"name\":\"Umirovljeni i biv\u0161i \u010dlanovi ansambla\",\"item\":\"https:\\\/\\\/www.komedija.hr\\\/www\\\/umirovljeni-i-bivsi-clanovi-ansambla\\\/\"},{\"@type\":\"ListItem\",\"position\":3,\"name\":\"Niko Pavlovi\u0107\"}]},{\"@type\":\"WebSite\",\"@id\":\"http:\\\/\\\/www.komedija.hr\\\/www\\\/#website\",\"url\":\"http:\\\/\\\/www.komedija.hr\\\/www\\\/\",\"name\":\"Kazali\u0161te Komedija\",\"description\":\"\",\"publisher\":{\"@id\":\"http:\\\/\\\/www.komedija.hr\\\/www\\\/#organization\"},\"potentialAction\":[{\"@type\":\"SearchAction\",\"target\":{\"@type\":\"EntryPoint\",\"urlTemplate\":\"http:\\\/\\\/www.komedija.hr\\\/www\\\/?s={search_term_string}\"},\"query-input\":{\"@type\":\"PropertyValueSpecification\",\"valueRequired\":true,\"valueName\":\"search_term_string\"}}],\"inLanguage\":\"hr\"},{\"@type\":\"Organization\",\"@id\":\"http:\\\/\\\/www.komedija.hr\\\/www\\\/#organization\",\"name\":\"Zagreba\u010dko gradsko Kazali\u0161ta Komedija\",\"url\":\"http:\\\/\\\/www.komedija.hr\\\/www\\\/\",\"logo\":{\"@type\":\"ImageObject\",\"inLanguage\":\"hr\",\"@id\":\"http:\\\/\\\/www.komedija.hr\\\/www\\\/#\\\/schema\\\/logo\\\/image\\\/\",\"url\":\"https:\\\/\\\/www.komedija.hr\\\/www\\\/wp-content\\\/uploads\\\/2020\\\/02\\\/cropped-Kazaliste_Komedija_logo_2.png\",\"contentUrl\":\"https:\\\/\\\/www.komedija.hr\\\/www\\\/wp-content\\\/uploads\\\/2020\\\/02\\\/cropped-Kazaliste_Komedija_logo_2.png\",\"width\":512,\"height\":512,\"caption\":\"Zagreba\u010dko gradsko Kazali\u0161ta Komedija\"},\"image\":{\"@id\":\"http:\\\/\\\/www.komedija.hr\\\/www\\\/#\\\/schema\\\/logo\\\/image\\\/\"},\"sameAs\":[\"https:\\\/\\\/www.facebook.com\\\/kazaliste.komedija\\\/\",\"https:\\\/\\\/x.com\\\/KKomedija\",\"https:\\\/\\\/www.instagram.com\\\/kazaliste_komedija\\\/\",\"https:\\\/\\\/www.youtube.com\\\/channel\\\/UC1NcapMYUXJW3miW_oPxT5w\\\/videos\"]}]}<\/script>\n<!-- \/ Yoast SEO plugin. -->","yoast_head_json":{"title":"Niko Pavlovi\u0107 - Kazali\u0161te Komedija","robots":{"index":"index","follow":"follow","max-snippet":"max-snippet:-1","max-image-preview":"max-image-preview:large","max-video-preview":"max-video-preview:-1"},"canonical":"https:\/\/www.komedija.hr\/www\/umirovljeni-i-bivsi-clanovi-ansambla\/niko-pavlovic\/","og_locale":"hr_HR","og_type":"article","og_title":"Niko Pavlovi\u0107 - Kazali\u0161te Komedija","og_description":"Niko Pavlovi\u0107, ravnatelj \u017dIVOTOPIS Ro\u0111en u Trebi\u017eatu 9.kolovoza 1949. godine, op\u0107ina \u010capljina \u2013 BIH. U tre\u0107oj godini \u017eivota preselio se u Plo\u010de, gdje je zavr\u0161io osnovnu \u0161kolu i gimnaziju. Po polo\u017eenoj maturi dolazi u Zagreb gdje 1974. diplomira glumu na Akademiji za kazali\u0161nu i filmsku umjetnost predstavom \u201cPri\u010da o liscu Renardu\u201d u klasi prof. Violi\u0107a. [&hellip;]","og_url":"https:\/\/www.komedija.hr\/www\/umirovljeni-i-bivsi-clanovi-ansambla\/niko-pavlovic\/","og_site_name":"Kazali\u0161te Komedija","article_publisher":"https:\/\/www.facebook.com\/kazaliste.komedija\/","article_modified_time":"2017-05-24T10:10:30+00:00","og_image":[{"url":"http:\/\/www.komedija.hr\/www\/wp-content\/uploads\/2013\/04\/niko-pavlovic-200x300.jpg","type":"","width":"","height":""}],"twitter_card":"summary_large_image","twitter_site":"@KKomedija","twitter_misc":{"Procijenjeno vrijeme \u010ditanja":"2 minute"},"schema":{"@context":"https:\/\/schema.org","@graph":[{"@type":"WebPage","@id":"https:\/\/www.komedija.hr\/www\/umirovljeni-i-bivsi-clanovi-ansambla\/niko-pavlovic\/","url":"https:\/\/www.komedija.hr\/www\/umirovljeni-i-bivsi-clanovi-ansambla\/niko-pavlovic\/","name":"Niko Pavlovi\u0107 - Kazali\u0161te Komedija","isPartOf":{"@id":"http:\/\/www.komedija.hr\/www\/#website"},"primaryImageOfPage":{"@id":"https:\/\/www.komedija.hr\/www\/umirovljeni-i-bivsi-clanovi-ansambla\/niko-pavlovic\/#primaryimage"},"image":{"@id":"https:\/\/www.komedija.hr\/www\/umirovljeni-i-bivsi-clanovi-ansambla\/niko-pavlovic\/#primaryimage"},"thumbnailUrl":"http:\/\/www.komedija.hr\/www\/wp-content\/uploads\/2013\/04\/niko-pavlovic-200x300.jpg","datePublished":"2013-04-12T12:32:03+00:00","dateModified":"2017-05-24T10:10:30+00:00","breadcrumb":{"@id":"https:\/\/www.komedija.hr\/www\/umirovljeni-i-bivsi-clanovi-ansambla\/niko-pavlovic\/#breadcrumb"},"inLanguage":"hr","potentialAction":[{"@type":"ReadAction","target":["https:\/\/www.komedija.hr\/www\/umirovljeni-i-bivsi-clanovi-ansambla\/niko-pavlovic\/"]}]},{"@type":"ImageObject","inLanguage":"hr","@id":"https:\/\/www.komedija.hr\/www\/umirovljeni-i-bivsi-clanovi-ansambla\/niko-pavlovic\/#primaryimage","url":"https:\/\/www.komedija.hr\/www\/wp-content\/uploads\/2013\/04\/niko-pavlovic.jpg","contentUrl":"https:\/\/www.komedija.hr\/www\/wp-content\/uploads\/2013\/04\/niko-pavlovic.jpg","width":200,"height":300},{"@type":"BreadcrumbList","@id":"https:\/\/www.komedija.hr\/www\/umirovljeni-i-bivsi-clanovi-ansambla\/niko-pavlovic\/#breadcrumb","itemListElement":[{"@type":"ListItem","position":1,"name":"Po\u010detna stranica","item":"http:\/\/www.komedija.hr\/www\/"},{"@type":"ListItem","position":2,"name":"Umirovljeni i biv\u0161i \u010dlanovi ansambla","item":"https:\/\/www.komedija.hr\/www\/umirovljeni-i-bivsi-clanovi-ansambla\/"},{"@type":"ListItem","position":3,"name":"Niko Pavlovi\u0107"}]},{"@type":"WebSite","@id":"http:\/\/www.komedija.hr\/www\/#website","url":"http:\/\/www.komedija.hr\/www\/","name":"Kazali\u0161te Komedija","description":"","publisher":{"@id":"http:\/\/www.komedija.hr\/www\/#organization"},"potentialAction":[{"@type":"SearchAction","target":{"@type":"EntryPoint","urlTemplate":"http:\/\/www.komedija.hr\/www\/?s={search_term_string}"},"query-input":{"@type":"PropertyValueSpecification","valueRequired":true,"valueName":"search_term_string"}}],"inLanguage":"hr"},{"@type":"Organization","@id":"http:\/\/www.komedija.hr\/www\/#organization","name":"Zagreba\u010dko gradsko Kazali\u0161ta Komedija","url":"http:\/\/www.komedija.hr\/www\/","logo":{"@type":"ImageObject","inLanguage":"hr","@id":"http:\/\/www.komedija.hr\/www\/#\/schema\/logo\/image\/","url":"https:\/\/www.komedija.hr\/www\/wp-content\/uploads\/2020\/02\/cropped-Kazaliste_Komedija_logo_2.png","contentUrl":"https:\/\/www.komedija.hr\/www\/wp-content\/uploads\/2020\/02\/cropped-Kazaliste_Komedija_logo_2.png","width":512,"height":512,"caption":"Zagreba\u010dko gradsko Kazali\u0161ta Komedija"},"image":{"@id":"http:\/\/www.komedija.hr\/www\/#\/schema\/logo\/image\/"},"sameAs":["https:\/\/www.facebook.com\/kazaliste.komedija\/","https:\/\/x.com\/KKomedija","https:\/\/www.instagram.com\/kazaliste_komedija\/","https:\/\/www.youtube.com\/channel\/UC1NcapMYUXJW3miW_oPxT5w\/videos"]}]}},"_links":{"self":[{"href":"https:\/\/www.komedija.hr\/www\/wp-json\/wp\/v2\/pages\/3751","targetHints":{"allow":["GET"]}}],"collection":[{"href":"https:\/\/www.komedija.hr\/www\/wp-json\/wp\/v2\/pages"}],"about":[{"href":"https:\/\/www.komedija.hr\/www\/wp-json\/wp\/v2\/types\/page"}],"author":[{"embeddable":true,"href":"https:\/\/www.komedija.hr\/www\/wp-json\/wp\/v2\/users\/4"}],"replies":[{"embeddable":true,"href":"https:\/\/www.komedija.hr\/www\/wp-json\/wp\/v2\/comments?post=3751"}],"version-history":[{"count":0,"href":"https:\/\/www.komedija.hr\/www\/wp-json\/wp\/v2\/pages\/3751\/revisions"}],"up":[{"embeddable":true,"href":"https:\/\/www.komedija.hr\/www\/wp-json\/wp\/v2\/pages\/8592"}],"wp:attachment":[{"href":"https:\/\/www.komedija.hr\/www\/wp-json\/wp\/v2\/media?parent=3751"}],"curies":[{"name":"wp","href":"https:\/\/api.w.org\/{rel}","templated":true}]}}