{"id":4291,"date":"2013-05-22T13:42:35","date_gmt":"2013-05-22T11:42:35","guid":{"rendered":"http:\/\/www.komedija.hr\/web\/?page_id=4291"},"modified":"2016-09-11T22:00:53","modified_gmt":"2016-09-11T20:00:53","slug":"piaf-aplauz-za-klauna","status":"publish","type":"page","link":"https:\/\/www.komedija.hr\/www\/arhiva2\/piaf-aplauz-za-klauna\/","title":{"rendered":"Piaf &#8211; APLAUZ ZA KLAUNA"},"content":{"rendered":"<p style=\"text-align: center;\"><span style=\"font-family: Arial, Helvetica, sans-serif; font-size: small;\"><b>8. APLAUZ ZA KLAUNA<br \/>\n<\/b><\/span><span style=\"font-family: Arial, Helvetica, sans-serif; font-size: xx-small;\"><b>Bravo pour le clown (H. Contet &#8211; Louiguy)<\/b><\/span><\/p>\n<p style=\"text-align: center;\"><b><span style=\"font-family: Arial, Helvetica, sans-serif; font-size: small;\">(prevela: Evaine Le Calve &#8211; Ivi\u010devi\u0107) <\/span><\/b><\/p>\n<p style=\"text-align: center;\">\u00a0<span style=\"font-family: Arial, Helvetica, sans-serif; font-size: small;\">Za prijatelja imam jednog klauna<br \/>\nNeko ruglo ba\u0161 od klauna<br \/>\n\u010cije se ime pi\u0161e<br \/>\nVelikim pljuskama<br \/>\nLijep nije ni u snu<br \/>\nA turobniji od tmurnoga dana<br \/>\nOn pije hohote<br \/>\nI guta pljeskove <\/span><\/p>\n<p style=\"text-align: center;\"><span style=\"font-family: Arial, Helvetica, sans-serif; font-size: small;\">Za tvoj nos \u0161to svjetli<br \/>\nBravo! Bravo!<br \/>\nTvoju kosu \u0161to \u010dupaju<br \/>\nBravo! Bravo!<br \/>\nHrska\u0161 tanjure<br \/>\nNaslonjen na \u0161trcaljki<br \/>\nGloda\u0161 \u0161ljokice<br \/>\nSklup\u010dan u ba\u010dvi<br \/>\nZa tvoj nos \u0161to svjetli<br \/>\nBravo! Bravo!<br \/>\nTvoju kosu \u0161to \u010dupaju<br \/>\nBravo! Bravo! <\/span><\/p>\n<p style=\"text-align: center;\"><span style=\"font-family: Arial, Helvetica, sans-serif; font-size: small;\">Gomila golemih ruku<br \/>\nHvata se za njegove u\u0161i<br \/>\nKrade mu tuge<br \/>\nI prazni mu boce<br \/>\nNjegovo rasklimano srce<br \/>\nNe mo\u017ee ih rastu\u017eiti<br \/>\nPa daju pljesak<br \/>\n\u017divotu njegovom proma\u0161enom! <\/span><\/p>\n<p style=\"text-align: center;\"><span style=\"font-family: Arial, Helvetica, sans-serif; font-size: small;\">Za tvoju \u017eenu \u0161to te vara<br \/>\nBravo! Bravo!<br \/>\nDok ti jo\u0161 i pere\u0161 su\u0111e<br \/>\nBravo! Bravo!<br \/>\n\u017divot ti je puko predbacivanje<br \/>\n\u0160to ti klepe\u0107e iza le\u0111a<br \/>\nSin ti krade iz d\u017eepova<br \/>\nA ti se pravi\u0161 budalom<br \/>\nZa tvoju \u017eenu \u0161to te vara<br \/>\nBravo! Bravo!<br \/>\nDok ti jo\u0161 i pere\u0161 su\u0111e<br \/>\nBravo! Bravo! <\/span><\/p>\n<p style=\"text-align: center;\"><span style=\"font-family: Arial, Helvetica, sans-serif; font-size: small;\">Cirkus se ispraznio<br \/>\nJalov je smijeh<br \/>\nKlauna moga su zatvorili<br \/>\nZnate ve\u0107, u &#8220;ustanovi&#8221;<br \/>\nEvo uspjeha u lu\u0111a\u010dkoj ko\u0161ulji<br \/>\nPljesak i \u0107elija<br \/>\nPoludjele mu ruke<br \/>\nUdaraju tempo svoje pjesme <\/span><\/p>\n<p style=\"text-align: center;\"><span style=\"font-family: Arial, Helvetica, sans-serif; font-size: small;\">Kralj sam i vladam<br \/>\nBravo! Bravo!<br \/>\nKod mene je krvavi smijeh<br \/>\nBravo! Bravo!<br \/>\nDo\u0111ite mi klicati<br \/>\nZavr\u0161io sam svoju to\u010dku<br \/>\nDok sam \u017eenu bacao<br \/>\nSa vrha cirkusnog \u0161atora<br \/>\nBravo! Bravo! Bravo! Bravo! <\/span><span style=\"font-family: Arial, Helvetica, sans-serif; font-size: small;\"><br \/>\n<\/span><\/p>\n<p><span style=\"font-family: Arial, Helvetica, sans-serif; font-size: xx-small;\">NAPOMENA: Prijevode objavljujemo samo za privatnu uporabu posjetitelja stranica. Sva prava pridr\u017eana. \u017delite li se javno koristiti prijevodom ili nekim njegovim dijelom, molimo zatra\u017eite pismeno odobrenje u propagandnoj slu\u017ebi Kazali\u0161ta (<a href=\"mailto:propaganda@komedija.hr\">propaganda@komedija.hr<\/a>).<\/span><\/p>\n","protected":false},"excerpt":{"rendered":"<p>8. APLAUZ ZA KLAUNA Bravo pour le clown (H. Contet &#8211; Louiguy) (prevela: Evaine Le Calve &#8211; Ivi\u010devi\u0107) \u00a0Za prijatelja imam jednog klauna Neko ruglo ba\u0161 od klauna \u010cije se ime pi\u0161e Velikim pljuskama Lijep nije ni u snu A turobniji od tmurnoga dana On pije hohote I guta pljeskove Za tvoj nos \u0161to svjetli [&hellip;]<\/p>\n","protected":false},"author":4,"featured_media":0,"parent":7329,"menu_order":0,"comment_status":"closed","ping_status":"open","template":"","meta":{"ngg_post_thumbnail":0,"footnotes":""},"class_list":["post-4291","page","type-page","status-publish","hentry"],"yoast_head":"<!-- This site is optimized with the Yoast SEO plugin v27.6 - https:\/\/yoast.com\/product\/yoast-seo-wordpress\/ -->\n<title>Piaf - APLAUZ ZA KLAUNA - Kazali\u0161te Komedija<\/title>\n<meta name=\"robots\" content=\"index, follow, max-snippet:-1, max-image-preview:large, max-video-preview:-1\" \/>\n<link rel=\"canonical\" href=\"https:\/\/www.komedija.hr\/www\/arhiva2\/piaf-aplauz-za-klauna\/\" \/>\n<meta property=\"og:locale\" content=\"hr_HR\" \/>\n<meta property=\"og:type\" content=\"article\" \/>\n<meta property=\"og:title\" content=\"Piaf - APLAUZ ZA KLAUNA - Kazali\u0161te Komedija\" \/>\n<meta property=\"og:description\" content=\"8. APLAUZ ZA KLAUNA Bravo pour le clown (H. Contet &#8211; Louiguy) (prevela: Evaine Le Calve &#8211; Ivi\u010devi\u0107) \u00a0Za prijatelja imam jednog klauna Neko ruglo ba\u0161 od klauna \u010cije se ime pi\u0161e Velikim pljuskama Lijep nije ni u snu A turobniji od tmurnoga dana On pije hohote I guta pljeskove Za tvoj nos \u0161to svjetli [&hellip;]\" \/>\n<meta property=\"og:url\" content=\"https:\/\/www.komedija.hr\/www\/arhiva2\/piaf-aplauz-za-klauna\/\" \/>\n<meta property=\"og:site_name\" content=\"Kazali\u0161te Komedija\" \/>\n<meta property=\"article:publisher\" content=\"https:\/\/www.facebook.com\/kazaliste.komedija\/\" \/>\n<meta property=\"article:modified_time\" content=\"2016-09-11T20:00:53+00:00\" \/>\n<meta name=\"twitter:card\" content=\"summary_large_image\" \/>\n<meta name=\"twitter:site\" content=\"@KKomedija\" \/>\n<meta name=\"twitter:label1\" content=\"Procijenjeno vrijeme \u010ditanja\" \/>\n\t<meta name=\"twitter:data1\" content=\"1 minuta\" \/>\n<script type=\"application\/ld+json\" class=\"yoast-schema-graph\">{\"@context\":\"https:\\\/\\\/schema.org\",\"@graph\":[{\"@type\":\"WebPage\",\"@id\":\"https:\\\/\\\/www.komedija.hr\\\/www\\\/arhiva2\\\/piaf-aplauz-za-klauna\\\/\",\"url\":\"https:\\\/\\\/www.komedija.hr\\\/www\\\/arhiva2\\\/piaf-aplauz-za-klauna\\\/\",\"name\":\"Piaf - APLAUZ ZA KLAUNA - Kazali\u0161te Komedija\",\"isPartOf\":{\"@id\":\"http:\\\/\\\/www.komedija.hr\\\/www\\\/#website\"},\"datePublished\":\"2013-05-22T11:42:35+00:00\",\"dateModified\":\"2016-09-11T20:00:53+00:00\",\"breadcrumb\":{\"@id\":\"https:\\\/\\\/www.komedija.hr\\\/www\\\/arhiva2\\\/piaf-aplauz-za-klauna\\\/#breadcrumb\"},\"inLanguage\":\"hr\",\"potentialAction\":[{\"@type\":\"ReadAction\",\"target\":[\"https:\\\/\\\/www.komedija.hr\\\/www\\\/arhiva2\\\/piaf-aplauz-za-klauna\\\/\"]}]},{\"@type\":\"BreadcrumbList\",\"@id\":\"https:\\\/\\\/www.komedija.hr\\\/www\\\/arhiva2\\\/piaf-aplauz-za-klauna\\\/#breadcrumb\",\"itemListElement\":[{\"@type\":\"ListItem\",\"position\":1,\"name\":\"Po\u010detna stranica\",\"item\":\"http:\\\/\\\/www.komedija.hr\\\/www\\\/\"},{\"@type\":\"ListItem\",\"position\":2,\"name\":\"Arhiva2\",\"item\":\"https:\\\/\\\/www.komedija.hr\\\/www\\\/arhiva2\\\/\"},{\"@type\":\"ListItem\",\"position\":3,\"name\":\"Piaf &#8211; APLAUZ ZA KLAUNA\"}]},{\"@type\":\"WebSite\",\"@id\":\"http:\\\/\\\/www.komedija.hr\\\/www\\\/#website\",\"url\":\"http:\\\/\\\/www.komedija.hr\\\/www\\\/\",\"name\":\"Kazali\u0161te Komedija\",\"description\":\"\",\"publisher\":{\"@id\":\"http:\\\/\\\/www.komedija.hr\\\/www\\\/#organization\"},\"potentialAction\":[{\"@type\":\"SearchAction\",\"target\":{\"@type\":\"EntryPoint\",\"urlTemplate\":\"http:\\\/\\\/www.komedija.hr\\\/www\\\/?s={search_term_string}\"},\"query-input\":{\"@type\":\"PropertyValueSpecification\",\"valueRequired\":true,\"valueName\":\"search_term_string\"}}],\"inLanguage\":\"hr\"},{\"@type\":\"Organization\",\"@id\":\"http:\\\/\\\/www.komedija.hr\\\/www\\\/#organization\",\"name\":\"Zagreba\u010dko gradsko Kazali\u0161ta Komedija\",\"url\":\"http:\\\/\\\/www.komedija.hr\\\/www\\\/\",\"logo\":{\"@type\":\"ImageObject\",\"inLanguage\":\"hr\",\"@id\":\"http:\\\/\\\/www.komedija.hr\\\/www\\\/#\\\/schema\\\/logo\\\/image\\\/\",\"url\":\"https:\\\/\\\/www.komedija.hr\\\/www\\\/wp-content\\\/uploads\\\/2020\\\/02\\\/cropped-Kazaliste_Komedija_logo_2.png\",\"contentUrl\":\"https:\\\/\\\/www.komedija.hr\\\/www\\\/wp-content\\\/uploads\\\/2020\\\/02\\\/cropped-Kazaliste_Komedija_logo_2.png\",\"width\":512,\"height\":512,\"caption\":\"Zagreba\u010dko gradsko Kazali\u0161ta Komedija\"},\"image\":{\"@id\":\"http:\\\/\\\/www.komedija.hr\\\/www\\\/#\\\/schema\\\/logo\\\/image\\\/\"},\"sameAs\":[\"https:\\\/\\\/www.facebook.com\\\/kazaliste.komedija\\\/\",\"https:\\\/\\\/x.com\\\/KKomedija\",\"https:\\\/\\\/www.instagram.com\\\/kazaliste_komedija\\\/\",\"https:\\\/\\\/www.youtube.com\\\/channel\\\/UC1NcapMYUXJW3miW_oPxT5w\\\/videos\"]}]}<\/script>\n<!-- \/ Yoast SEO plugin. -->","yoast_head_json":{"title":"Piaf - APLAUZ ZA KLAUNA - Kazali\u0161te Komedija","robots":{"index":"index","follow":"follow","max-snippet":"max-snippet:-1","max-image-preview":"max-image-preview:large","max-video-preview":"max-video-preview:-1"},"canonical":"https:\/\/www.komedija.hr\/www\/arhiva2\/piaf-aplauz-za-klauna\/","og_locale":"hr_HR","og_type":"article","og_title":"Piaf - APLAUZ ZA KLAUNA - Kazali\u0161te Komedija","og_description":"8. APLAUZ ZA KLAUNA Bravo pour le clown (H. Contet &#8211; Louiguy) (prevela: Evaine Le Calve &#8211; Ivi\u010devi\u0107) \u00a0Za prijatelja imam jednog klauna Neko ruglo ba\u0161 od klauna \u010cije se ime pi\u0161e Velikim pljuskama Lijep nije ni u snu A turobniji od tmurnoga dana On pije hohote I guta pljeskove Za tvoj nos \u0161to svjetli [&hellip;]","og_url":"https:\/\/www.komedija.hr\/www\/arhiva2\/piaf-aplauz-za-klauna\/","og_site_name":"Kazali\u0161te Komedija","article_publisher":"https:\/\/www.facebook.com\/kazaliste.komedija\/","article_modified_time":"2016-09-11T20:00:53+00:00","twitter_card":"summary_large_image","twitter_site":"@KKomedija","twitter_misc":{"Procijenjeno vrijeme \u010ditanja":"1 minuta"},"schema":{"@context":"https:\/\/schema.org","@graph":[{"@type":"WebPage","@id":"https:\/\/www.komedija.hr\/www\/arhiva2\/piaf-aplauz-za-klauna\/","url":"https:\/\/www.komedija.hr\/www\/arhiva2\/piaf-aplauz-za-klauna\/","name":"Piaf - APLAUZ ZA KLAUNA - Kazali\u0161te Komedija","isPartOf":{"@id":"http:\/\/www.komedija.hr\/www\/#website"},"datePublished":"2013-05-22T11:42:35+00:00","dateModified":"2016-09-11T20:00:53+00:00","breadcrumb":{"@id":"https:\/\/www.komedija.hr\/www\/arhiva2\/piaf-aplauz-za-klauna\/#breadcrumb"},"inLanguage":"hr","potentialAction":[{"@type":"ReadAction","target":["https:\/\/www.komedija.hr\/www\/arhiva2\/piaf-aplauz-za-klauna\/"]}]},{"@type":"BreadcrumbList","@id":"https:\/\/www.komedija.hr\/www\/arhiva2\/piaf-aplauz-za-klauna\/#breadcrumb","itemListElement":[{"@type":"ListItem","position":1,"name":"Po\u010detna stranica","item":"http:\/\/www.komedija.hr\/www\/"},{"@type":"ListItem","position":2,"name":"Arhiva2","item":"https:\/\/www.komedija.hr\/www\/arhiva2\/"},{"@type":"ListItem","position":3,"name":"Piaf &#8211; APLAUZ ZA KLAUNA"}]},{"@type":"WebSite","@id":"http:\/\/www.komedija.hr\/www\/#website","url":"http:\/\/www.komedija.hr\/www\/","name":"Kazali\u0161te Komedija","description":"","publisher":{"@id":"http:\/\/www.komedija.hr\/www\/#organization"},"potentialAction":[{"@type":"SearchAction","target":{"@type":"EntryPoint","urlTemplate":"http:\/\/www.komedija.hr\/www\/?s={search_term_string}"},"query-input":{"@type":"PropertyValueSpecification","valueRequired":true,"valueName":"search_term_string"}}],"inLanguage":"hr"},{"@type":"Organization","@id":"http:\/\/www.komedija.hr\/www\/#organization","name":"Zagreba\u010dko gradsko Kazali\u0161ta Komedija","url":"http:\/\/www.komedija.hr\/www\/","logo":{"@type":"ImageObject","inLanguage":"hr","@id":"http:\/\/www.komedija.hr\/www\/#\/schema\/logo\/image\/","url":"https:\/\/www.komedija.hr\/www\/wp-content\/uploads\/2020\/02\/cropped-Kazaliste_Komedija_logo_2.png","contentUrl":"https:\/\/www.komedija.hr\/www\/wp-content\/uploads\/2020\/02\/cropped-Kazaliste_Komedija_logo_2.png","width":512,"height":512,"caption":"Zagreba\u010dko gradsko Kazali\u0161ta Komedija"},"image":{"@id":"http:\/\/www.komedija.hr\/www\/#\/schema\/logo\/image\/"},"sameAs":["https:\/\/www.facebook.com\/kazaliste.komedija\/","https:\/\/x.com\/KKomedija","https:\/\/www.instagram.com\/kazaliste_komedija\/","https:\/\/www.youtube.com\/channel\/UC1NcapMYUXJW3miW_oPxT5w\/videos"]}]}},"_links":{"self":[{"href":"https:\/\/www.komedija.hr\/www\/wp-json\/wp\/v2\/pages\/4291","targetHints":{"allow":["GET"]}}],"collection":[{"href":"https:\/\/www.komedija.hr\/www\/wp-json\/wp\/v2\/pages"}],"about":[{"href":"https:\/\/www.komedija.hr\/www\/wp-json\/wp\/v2\/types\/page"}],"author":[{"embeddable":true,"href":"https:\/\/www.komedija.hr\/www\/wp-json\/wp\/v2\/users\/4"}],"replies":[{"embeddable":true,"href":"https:\/\/www.komedija.hr\/www\/wp-json\/wp\/v2\/comments?post=4291"}],"version-history":[{"count":0,"href":"https:\/\/www.komedija.hr\/www\/wp-json\/wp\/v2\/pages\/4291\/revisions"}],"up":[{"embeddable":true,"href":"https:\/\/www.komedija.hr\/www\/wp-json\/wp\/v2\/pages\/7329"}],"wp:attachment":[{"href":"https:\/\/www.komedija.hr\/www\/wp-json\/wp\/v2\/media?parent=4291"}],"curies":[{"name":"wp","href":"https:\/\/api.w.org\/{rel}","templated":true}]}}