{"id":6414,"date":"2016-02-08T11:05:08","date_gmt":"2016-02-08T10:05:08","guid":{"rendered":"http:\/\/www.komedija.hr\/web\/?page_id=6414"},"modified":"2017-10-23T13:56:30","modified_gmt":"2017-10-23T11:56:30","slug":"vanja-i-sonja-i-masa-i-jos-jedan","status":"publish","type":"page","link":"https:\/\/www.komedija.hr\/www\/arhiva-predstava\/vanja-i-sonja-i-masa-i-jos-jedan\/","title":{"rendered":"Vanja i Sonja i Ma\u0161a i Picko"},"content":{"rendered":"<p><em><a href=\"http:\/\/www.ulaznice.hr\/web\/ctl_evt.jsp?act=priredbe&amp;p=t&amp;t=8\"><img decoding=\"async\" src=\"http:\/\/www.komedija.hr\/www\/images\/button_kupi.gif\" \/><\/a><\/em><\/p>\n<p><em>Christopher Durang: VANJA I SONJA I MA\u0160A I\u00a0PICKO<\/em><\/p>\n<p><strong>Prijevod:<\/strong> Ivan Mokrovi\u0107<\/p>\n<p>Redateljica: Nina Kleflin<br \/>\nScenograf: Osman Arslanagi\u0107<br \/>\nKostimografkinja: Marija \u0160ari\u0107 Ban<br \/>\nAutor glazbe: Tomislav Babi\u0107<br \/>\nSavjetnik za scenski pokret: Dejan Jakovljevi\u0107<\/p>\n<p><strong>Uloge:<\/strong><br \/>\nVanja: <a href=\"http:\/\/www.komedija.hr\/web\/ansambl-2\/loncar-damir\/\">Damir Lon\u010dar<br \/>\n<\/a>Sonja: <a href=\"http:\/\/www.komedija.hr\/web\/ansambl-2\/palic-picukaric-jasna\/\">Jasna Pali\u0107 Picukari\u0107<br \/>\n<\/a>Ma\u0161a: <a href=\"http:\/\/www.komedija.hr\/web\/ansambl-2\/ciric-vanja\/\">Vanja \u0106iri\u0107<br \/>\n<\/a>Cassandra: <a href=\"http:\/\/www.komedija.hr\/web\/ansambl-2\/kaic-nina\/\">Nina Kai\u0107 Madi\u0107<br \/>\n<\/a>Picko: <a href=\"http:\/\/www.komedija.hr\/web\/ansambl-2\/slaven-spanovic\/\">Slaven \u0160panovi\u0107<br \/>\n<\/a>Nina: Petra Kurtela<\/p>\n<p>Pretpremijera: 22. velja\u010de 2016.<br \/>\nSve\u010dana premijera: 23. velja\u010de 2016.<br \/>\nCijena ulaznica: 40, 50 i 60 kuna<\/p>\n<p>Brat Vanja i sestra Sonja u\u017eivaju u svom nezadovoljstvu. Ulaze u pozne godine \u017eivota dok dokono ispijaju kavu i \u010dekaju da im i ove godine na jezero do\u0111e plava \u010daplja. Njihovi su \u017eivoti nezanimljivi, ali stabilni. Sve se uzburkava kad se njihova sestra Ma\u0161a, filmska zvijezda izblijedjele slave, vra\u0107a u njihov mirni seoski dom. Dolazi s nao\u010ditim i znatno mla\u0111im mu\u0161karcem po imenu Picko, njezinim novim ljubavnikom. Ova komedija, dobitnica nagrade Tony za najbolji kazali\u0161ni tekst, propituje: je li mogu\u0107e dostojanstveno stariti u vrijeme <em>selfieja<\/em> i Twittera?<\/p>\n<p>Iz kritika:<br \/>\n<a href=\"http:\/\/www.vecernji.hr\/kazaliste\/urnebesni-cehov-na-americki-nacin-1063251\">Ve\u010dernji list<\/a><\/p>\n","protected":false},"excerpt":{"rendered":"<p>Christopher Durang: VANJA I SONJA I MA\u0160A I\u00a0PICKO Prijevod: Ivan Mokrovi\u0107 Redateljica: Nina Kleflin Scenograf: Osman Arslanagi\u0107 Kostimografkinja: Marija \u0160ari\u0107 Ban Autor glazbe: Tomislav Babi\u0107 Savjetnik za scenski pokret: Dejan Jakovljevi\u0107 Uloge: Vanja: Damir Lon\u010dar Sonja: Jasna Pali\u0107 Picukari\u0107 Ma\u0161a: Vanja \u0106iri\u0107 Cassandra: Nina Kai\u0107 Madi\u0107 Picko: Slaven \u0160panovi\u0107 Nina: Petra Kurtela Pretpremijera: 22. velja\u010de [&hellip;]<\/p>\n","protected":false},"author":3,"featured_media":6444,"parent":1659,"menu_order":0,"comment_status":"closed","ping_status":"closed","template":"","meta":{"ngg_post_thumbnail":0,"footnotes":""},"class_list":["post-6414","page","type-page","status-publish","has-post-thumbnail","hentry"],"yoast_head":"<!-- This site is optimized with the Yoast SEO plugin v27.4 - https:\/\/yoast.com\/product\/yoast-seo-wordpress\/ -->\n<title>Vanja i Sonja i Ma\u0161a i Picko - Kazali\u0161te Komedija<\/title>\n<meta name=\"robots\" content=\"index, follow, max-snippet:-1, max-image-preview:large, max-video-preview:-1\" \/>\n<link rel=\"canonical\" href=\"https:\/\/www.komedija.hr\/www\/arhiva-predstava\/vanja-i-sonja-i-masa-i-jos-jedan\/\" \/>\n<meta property=\"og:locale\" content=\"hr_HR\" \/>\n<meta property=\"og:type\" content=\"article\" \/>\n<meta property=\"og:title\" content=\"Vanja i Sonja i Ma\u0161a i Picko - Kazali\u0161te Komedija\" \/>\n<meta property=\"og:description\" content=\"Christopher Durang: VANJA I SONJA I MA\u0160A I\u00a0PICKO Prijevod: Ivan Mokrovi\u0107 Redateljica: Nina Kleflin Scenograf: Osman Arslanagi\u0107 Kostimografkinja: Marija \u0160ari\u0107 Ban Autor glazbe: Tomislav Babi\u0107 Savjetnik za scenski pokret: Dejan Jakovljevi\u0107 Uloge: Vanja: Damir Lon\u010dar Sonja: Jasna Pali\u0107 Picukari\u0107 Ma\u0161a: Vanja \u0106iri\u0107 Cassandra: Nina Kai\u0107 Madi\u0107 Picko: Slaven \u0160panovi\u0107 Nina: Petra Kurtela Pretpremijera: 22. velja\u010de [&hellip;]\" \/>\n<meta property=\"og:url\" content=\"https:\/\/www.komedija.hr\/www\/arhiva-predstava\/vanja-i-sonja-i-masa-i-jos-jedan\/\" \/>\n<meta property=\"og:site_name\" content=\"Kazali\u0161te Komedija\" \/>\n<meta property=\"article:publisher\" content=\"https:\/\/www.facebook.com\/kazaliste.komedija\/\" \/>\n<meta property=\"article:modified_time\" content=\"2017-10-23T11:56:30+00:00\" \/>\n<meta property=\"og:image\" content=\"https:\/\/www.komedija.hr\/www\/wp-content\/uploads\/2016\/02\/vsm_glavna.jpg\" \/>\n\t<meta property=\"og:image:width\" content=\"448\" \/>\n\t<meta property=\"og:image:height\" content=\"240\" \/>\n\t<meta property=\"og:image:type\" content=\"image\/jpeg\" \/>\n<meta name=\"twitter:card\" content=\"summary_large_image\" \/>\n<meta name=\"twitter:site\" content=\"@KKomedija\" \/>\n<meta name=\"twitter:label1\" content=\"Procijenjeno vrijeme \u010ditanja\" \/>\n\t<meta name=\"twitter:data1\" content=\"1 minuta\" \/>\n<script type=\"application\/ld+json\" class=\"yoast-schema-graph\">{\"@context\":\"https:\\\/\\\/schema.org\",\"@graph\":[{\"@type\":\"WebPage\",\"@id\":\"https:\\\/\\\/www.komedija.hr\\\/www\\\/arhiva-predstava\\\/vanja-i-sonja-i-masa-i-jos-jedan\\\/\",\"url\":\"https:\\\/\\\/www.komedija.hr\\\/www\\\/arhiva-predstava\\\/vanja-i-sonja-i-masa-i-jos-jedan\\\/\",\"name\":\"Vanja i Sonja i Ma\u0161a i Picko - Kazali\u0161te Komedija\",\"isPartOf\":{\"@id\":\"http:\\\/\\\/www.komedija.hr\\\/www\\\/#website\"},\"primaryImageOfPage\":{\"@id\":\"https:\\\/\\\/www.komedija.hr\\\/www\\\/arhiva-predstava\\\/vanja-i-sonja-i-masa-i-jos-jedan\\\/#primaryimage\"},\"image\":{\"@id\":\"https:\\\/\\\/www.komedija.hr\\\/www\\\/arhiva-predstava\\\/vanja-i-sonja-i-masa-i-jos-jedan\\\/#primaryimage\"},\"thumbnailUrl\":\"https:\\\/\\\/www.komedija.hr\\\/www\\\/wp-content\\\/uploads\\\/2016\\\/02\\\/vsm_glavna.jpg\",\"datePublished\":\"2016-02-08T10:05:08+00:00\",\"dateModified\":\"2017-10-23T11:56:30+00:00\",\"breadcrumb\":{\"@id\":\"https:\\\/\\\/www.komedija.hr\\\/www\\\/arhiva-predstava\\\/vanja-i-sonja-i-masa-i-jos-jedan\\\/#breadcrumb\"},\"inLanguage\":\"hr\",\"potentialAction\":[{\"@type\":\"ReadAction\",\"target\":[\"https:\\\/\\\/www.komedija.hr\\\/www\\\/arhiva-predstava\\\/vanja-i-sonja-i-masa-i-jos-jedan\\\/\"]}]},{\"@type\":\"ImageObject\",\"inLanguage\":\"hr\",\"@id\":\"https:\\\/\\\/www.komedija.hr\\\/www\\\/arhiva-predstava\\\/vanja-i-sonja-i-masa-i-jos-jedan\\\/#primaryimage\",\"url\":\"https:\\\/\\\/www.komedija.hr\\\/www\\\/wp-content\\\/uploads\\\/2016\\\/02\\\/vsm_glavna.jpg\",\"contentUrl\":\"https:\\\/\\\/www.komedija.hr\\\/www\\\/wp-content\\\/uploads\\\/2016\\\/02\\\/vsm_glavna.jpg\",\"width\":448,\"height\":240},{\"@type\":\"BreadcrumbList\",\"@id\":\"https:\\\/\\\/www.komedija.hr\\\/www\\\/arhiva-predstava\\\/vanja-i-sonja-i-masa-i-jos-jedan\\\/#breadcrumb\",\"itemListElement\":[{\"@type\":\"ListItem\",\"position\":1,\"name\":\"Po\u010detna stranica\",\"item\":\"http:\\\/\\\/www.komedija.hr\\\/www\\\/\"},{\"@type\":\"ListItem\",\"position\":2,\"name\":\"Arhiva predstava\",\"item\":\"https:\\\/\\\/www.komedija.hr\\\/www\\\/arhiva-predstava\\\/\"},{\"@type\":\"ListItem\",\"position\":3,\"name\":\"Vanja i Sonja i Ma\u0161a i Picko\"}]},{\"@type\":\"WebSite\",\"@id\":\"http:\\\/\\\/www.komedija.hr\\\/www\\\/#website\",\"url\":\"http:\\\/\\\/www.komedija.hr\\\/www\\\/\",\"name\":\"Kazali\u0161te Komedija\",\"description\":\"\",\"publisher\":{\"@id\":\"http:\\\/\\\/www.komedija.hr\\\/www\\\/#organization\"},\"potentialAction\":[{\"@type\":\"SearchAction\",\"target\":{\"@type\":\"EntryPoint\",\"urlTemplate\":\"http:\\\/\\\/www.komedija.hr\\\/www\\\/?s={search_term_string}\"},\"query-input\":{\"@type\":\"PropertyValueSpecification\",\"valueRequired\":true,\"valueName\":\"search_term_string\"}}],\"inLanguage\":\"hr\"},{\"@type\":\"Organization\",\"@id\":\"http:\\\/\\\/www.komedija.hr\\\/www\\\/#organization\",\"name\":\"Zagreba\u010dko gradsko Kazali\u0161ta Komedija\",\"url\":\"http:\\\/\\\/www.komedija.hr\\\/www\\\/\",\"logo\":{\"@type\":\"ImageObject\",\"inLanguage\":\"hr\",\"@id\":\"http:\\\/\\\/www.komedija.hr\\\/www\\\/#\\\/schema\\\/logo\\\/image\\\/\",\"url\":\"https:\\\/\\\/www.komedija.hr\\\/www\\\/wp-content\\\/uploads\\\/2020\\\/02\\\/cropped-Kazaliste_Komedija_logo_2.png\",\"contentUrl\":\"https:\\\/\\\/www.komedija.hr\\\/www\\\/wp-content\\\/uploads\\\/2020\\\/02\\\/cropped-Kazaliste_Komedija_logo_2.png\",\"width\":512,\"height\":512,\"caption\":\"Zagreba\u010dko gradsko Kazali\u0161ta Komedija\"},\"image\":{\"@id\":\"http:\\\/\\\/www.komedija.hr\\\/www\\\/#\\\/schema\\\/logo\\\/image\\\/\"},\"sameAs\":[\"https:\\\/\\\/www.facebook.com\\\/kazaliste.komedija\\\/\",\"https:\\\/\\\/x.com\\\/KKomedija\",\"https:\\\/\\\/www.instagram.com\\\/kazaliste_komedija\\\/\",\"https:\\\/\\\/www.youtube.com\\\/channel\\\/UC1NcapMYUXJW3miW_oPxT5w\\\/videos\"]}]}<\/script>\n<!-- \/ Yoast SEO plugin. -->","yoast_head_json":{"title":"Vanja i Sonja i Ma\u0161a i Picko - Kazali\u0161te Komedija","robots":{"index":"index","follow":"follow","max-snippet":"max-snippet:-1","max-image-preview":"max-image-preview:large","max-video-preview":"max-video-preview:-1"},"canonical":"https:\/\/www.komedija.hr\/www\/arhiva-predstava\/vanja-i-sonja-i-masa-i-jos-jedan\/","og_locale":"hr_HR","og_type":"article","og_title":"Vanja i Sonja i Ma\u0161a i Picko - Kazali\u0161te Komedija","og_description":"Christopher Durang: VANJA I SONJA I MA\u0160A I\u00a0PICKO Prijevod: Ivan Mokrovi\u0107 Redateljica: Nina Kleflin Scenograf: Osman Arslanagi\u0107 Kostimografkinja: Marija \u0160ari\u0107 Ban Autor glazbe: Tomislav Babi\u0107 Savjetnik za scenski pokret: Dejan Jakovljevi\u0107 Uloge: Vanja: Damir Lon\u010dar Sonja: Jasna Pali\u0107 Picukari\u0107 Ma\u0161a: Vanja \u0106iri\u0107 Cassandra: Nina Kai\u0107 Madi\u0107 Picko: Slaven \u0160panovi\u0107 Nina: Petra Kurtela Pretpremijera: 22. velja\u010de [&hellip;]","og_url":"https:\/\/www.komedija.hr\/www\/arhiva-predstava\/vanja-i-sonja-i-masa-i-jos-jedan\/","og_site_name":"Kazali\u0161te Komedija","article_publisher":"https:\/\/www.facebook.com\/kazaliste.komedija\/","article_modified_time":"2017-10-23T11:56:30+00:00","og_image":[{"width":448,"height":240,"url":"https:\/\/www.komedija.hr\/www\/wp-content\/uploads\/2016\/02\/vsm_glavna.jpg","type":"image\/jpeg"}],"twitter_card":"summary_large_image","twitter_site":"@KKomedija","twitter_misc":{"Procijenjeno vrijeme \u010ditanja":"1 minuta"},"schema":{"@context":"https:\/\/schema.org","@graph":[{"@type":"WebPage","@id":"https:\/\/www.komedija.hr\/www\/arhiva-predstava\/vanja-i-sonja-i-masa-i-jos-jedan\/","url":"https:\/\/www.komedija.hr\/www\/arhiva-predstava\/vanja-i-sonja-i-masa-i-jos-jedan\/","name":"Vanja i Sonja i Ma\u0161a i Picko - Kazali\u0161te Komedija","isPartOf":{"@id":"http:\/\/www.komedija.hr\/www\/#website"},"primaryImageOfPage":{"@id":"https:\/\/www.komedija.hr\/www\/arhiva-predstava\/vanja-i-sonja-i-masa-i-jos-jedan\/#primaryimage"},"image":{"@id":"https:\/\/www.komedija.hr\/www\/arhiva-predstava\/vanja-i-sonja-i-masa-i-jos-jedan\/#primaryimage"},"thumbnailUrl":"https:\/\/www.komedija.hr\/www\/wp-content\/uploads\/2016\/02\/vsm_glavna.jpg","datePublished":"2016-02-08T10:05:08+00:00","dateModified":"2017-10-23T11:56:30+00:00","breadcrumb":{"@id":"https:\/\/www.komedija.hr\/www\/arhiva-predstava\/vanja-i-sonja-i-masa-i-jos-jedan\/#breadcrumb"},"inLanguage":"hr","potentialAction":[{"@type":"ReadAction","target":["https:\/\/www.komedija.hr\/www\/arhiva-predstava\/vanja-i-sonja-i-masa-i-jos-jedan\/"]}]},{"@type":"ImageObject","inLanguage":"hr","@id":"https:\/\/www.komedija.hr\/www\/arhiva-predstava\/vanja-i-sonja-i-masa-i-jos-jedan\/#primaryimage","url":"https:\/\/www.komedija.hr\/www\/wp-content\/uploads\/2016\/02\/vsm_glavna.jpg","contentUrl":"https:\/\/www.komedija.hr\/www\/wp-content\/uploads\/2016\/02\/vsm_glavna.jpg","width":448,"height":240},{"@type":"BreadcrumbList","@id":"https:\/\/www.komedija.hr\/www\/arhiva-predstava\/vanja-i-sonja-i-masa-i-jos-jedan\/#breadcrumb","itemListElement":[{"@type":"ListItem","position":1,"name":"Po\u010detna stranica","item":"http:\/\/www.komedija.hr\/www\/"},{"@type":"ListItem","position":2,"name":"Arhiva predstava","item":"https:\/\/www.komedija.hr\/www\/arhiva-predstava\/"},{"@type":"ListItem","position":3,"name":"Vanja i Sonja i Ma\u0161a i Picko"}]},{"@type":"WebSite","@id":"http:\/\/www.komedija.hr\/www\/#website","url":"http:\/\/www.komedija.hr\/www\/","name":"Kazali\u0161te Komedija","description":"","publisher":{"@id":"http:\/\/www.komedija.hr\/www\/#organization"},"potentialAction":[{"@type":"SearchAction","target":{"@type":"EntryPoint","urlTemplate":"http:\/\/www.komedija.hr\/www\/?s={search_term_string}"},"query-input":{"@type":"PropertyValueSpecification","valueRequired":true,"valueName":"search_term_string"}}],"inLanguage":"hr"},{"@type":"Organization","@id":"http:\/\/www.komedija.hr\/www\/#organization","name":"Zagreba\u010dko gradsko Kazali\u0161ta Komedija","url":"http:\/\/www.komedija.hr\/www\/","logo":{"@type":"ImageObject","inLanguage":"hr","@id":"http:\/\/www.komedija.hr\/www\/#\/schema\/logo\/image\/","url":"https:\/\/www.komedija.hr\/www\/wp-content\/uploads\/2020\/02\/cropped-Kazaliste_Komedija_logo_2.png","contentUrl":"https:\/\/www.komedija.hr\/www\/wp-content\/uploads\/2020\/02\/cropped-Kazaliste_Komedija_logo_2.png","width":512,"height":512,"caption":"Zagreba\u010dko gradsko Kazali\u0161ta Komedija"},"image":{"@id":"http:\/\/www.komedija.hr\/www\/#\/schema\/logo\/image\/"},"sameAs":["https:\/\/www.facebook.com\/kazaliste.komedija\/","https:\/\/x.com\/KKomedija","https:\/\/www.instagram.com\/kazaliste_komedija\/","https:\/\/www.youtube.com\/channel\/UC1NcapMYUXJW3miW_oPxT5w\/videos"]}]}},"_links":{"self":[{"href":"https:\/\/www.komedija.hr\/www\/wp-json\/wp\/v2\/pages\/6414","targetHints":{"allow":["GET"]}}],"collection":[{"href":"https:\/\/www.komedija.hr\/www\/wp-json\/wp\/v2\/pages"}],"about":[{"href":"https:\/\/www.komedija.hr\/www\/wp-json\/wp\/v2\/types\/page"}],"author":[{"embeddable":true,"href":"https:\/\/www.komedija.hr\/www\/wp-json\/wp\/v2\/users\/3"}],"replies":[{"embeddable":true,"href":"https:\/\/www.komedija.hr\/www\/wp-json\/wp\/v2\/comments?post=6414"}],"version-history":[{"count":0,"href":"https:\/\/www.komedija.hr\/www\/wp-json\/wp\/v2\/pages\/6414\/revisions"}],"up":[{"embeddable":true,"href":"https:\/\/www.komedija.hr\/www\/wp-json\/wp\/v2\/pages\/1659"}],"wp:featuredmedia":[{"embeddable":true,"href":"https:\/\/www.komedija.hr\/www\/wp-json\/wp\/v2\/media\/6444"}],"wp:attachment":[{"href":"https:\/\/www.komedija.hr\/www\/wp-json\/wp\/v2\/media?parent=6414"}],"curies":[{"name":"wp","href":"https:\/\/api.w.org\/{rel}","templated":true}]}}