{"id":899,"date":"2011-08-02T19:43:38","date_gmt":"2011-08-02T17:43:38","guid":{"rendered":"http:\/\/www.komedija.hr\/web\/?page_id=899"},"modified":"2021-01-20T14:34:19","modified_gmt":"2021-01-20T13:34:19","slug":"abrus-nada","status":"publish","type":"page","link":"https:\/\/www.komedija.hr\/www\/umirovljeni-i-bivsi-clanovi-ansambla\/abrus-nada\/","title":{"rendered":"Nada Abrus"},"content":{"rendered":"<table border=\"0\" width=\"100%\">\n<tbody>\n<tr>\n<td valign=\"top\" width=\"18%\" height=\"25\"><strong><a href=\"http:\/\/www.komedija.hr\/www\/wp-content\/uploads\/2011\/08\/nada_abrus.jpg\" target=\"_blank\" rel=\"noopener\"><img decoding=\"async\" class=\"alignnone wp-image-7548 size-medium\" src=\"http:\/\/www.komedija.hr\/www\/wp-content\/uploads\/2011\/08\/nada_abrus-200x300.jpg\" alt=\"nada_abrus\" width=\"200\" height=\"300\" srcset=\"https:\/\/www.komedija.hr\/www\/wp-content\/uploads\/2011\/08\/nada_abrus-200x300.jpg 200w, https:\/\/www.komedija.hr\/www\/wp-content\/uploads\/2011\/08\/nada_abrus.jpg 533w\" sizes=\"(max-width: 200px) 100vw, 200px\" \/><\/a><\/strong><\/td>\n<td valign=\"top\" width=\"82%\" height=\"25\">\n<div align=\"left\">Glumica<\/div>\n<\/td>\n<\/tr>\n<tr>\n<td valign=\"top\" width=\"18%\" height=\"25\"><strong>RO\u0110ENDAN I MJESTO RO\u0110ENJA <\/strong><\/td>\n<td valign=\"top\" width=\"82%\" height=\"25\">\n<div align=\"left\">19. prosinca 1951., Split<\/div>\n<\/td>\n<\/tr>\n<tr>\n<td valign=\"top\" width=\"18%\" height=\"54\"><strong>ansambl<\/strong><\/td>\n<td valign=\"top\" width=\"82%\" height=\"54\">Kazali\u0161te &#8220;Komedija&#8221;, p.p. 428, Zagreb<br \/>\ntel.: +385 (0)1 48 13 200; fax: +385 (0)1 48 12 179<\/td>\n<\/tr>\n<tr>\n<td valign=\"top\" width=\"18%\" height=\"25\"><strong>OBRAZOVANJE<\/strong><\/td>\n<td valign=\"top\" width=\"82%\" height=\"25\"><strong>Akademija dramske umjetnosti Sveu\u010dili\u0161ta u Zagrebu<\/strong><\/td>\n<\/tr>\n<tr>\n<td valign=\"top\" width=\"18%\" height=\"25\"><strong>SEMINARI, TE\u010cAJEVI&#8230; <\/strong><\/td>\n<td valign=\"top\" width=\"82%\" height=\"25\"><strong>Pjevanje <\/strong>kod prof. Zlatka \u0160ira<\/td>\n<\/tr>\n<tr>\n<td valign=\"top\" width=\"18%\"><strong>KAZALI\u0160TE<\/strong><\/td>\n<td valign=\"top\" width=\"82%\">ZGK \u201cKomedija\u201d:\u00a0<strong style=\"font-style: inherit;\">Dlakav \u017eivot, Inspektor je do\u0161ao, Novela od stranca, Grani\u010dari, Sasvim mala razdaljina, \u010ce\u0161alj, Zemlja smije\u0161ka, Sastanak u Senlisu, Olajavaonica, Lulin, Gri\u010dka vje\u0161tica, Crveni otok, Skup, Sloboda u Sra\u010dincima, Probudi se Kato, Opera za tri pare, Orden, Vjen\u010dani list, Lova\u010dko dru\u0161tvo, Car Franjo Josip u Zagrebu, Dubravka, Kako se uzme, Stranka ljubavi, Komedija zabuna, Luda no\u0107 u hotelu President, Kralj je gol, Isus \u2013 sin \u010dovje\u010dji, Voza\u010di za sva vremena, Gostioni\u010darka, \u0160trudla od tre\u0161anja, Glembajevi\u0107i ili odskok poskoka,\u00a0<a style=\"font-style: inherit; font-weight: inherit;\" href=\"http:\/\/www.komedija.hr\/web\/?page_id=875\">Gubec-beg<\/a>, Piaf<\/strong>,\u00a0<strong style=\"font-style: inherit;\">Legalisti<\/strong>; Zeleni kakadu, \u0110erdan,\u00a0<strong style=\"font-style: inherit;\">Sve\u010dana ve\u010dera u pogrebnom poduze\u0107u, Spli\u2019ski akvarel, Dobra du\u0161a iz Se\u010duana, Bljesak zlatnog zuba, Gospo\u0111ica iz Maksima, Najstariji zanat;<\/strong><br \/>\nGD Histrioni:\u00a0<strong style=\"font-style: inherit;\">Stari fijaker, Hrvatski Diogenes, Tajna krvavog mosta, Romeo i Julija, Ljubica, Fric i pjeva\u010dica, Hercegovci za volanom, Lova\u010dki rog, Zagreba\u010dki orkestar; Mkt<\/strong>\/Kazali\u0161te Tre\u0161nja :\u00a0<strong style=\"font-style: inherit;\">Kainov grijeh, Detektivsko srce<\/strong>; Teatar &amp;TD:\u00a0<strong style=\"font-style: inherit;\">Lizistrata, Rubezahl, Don Huan<\/strong>; HNK Zagreb:\u00a0<strong style=\"font-style: inherit;\">Put u raj, Dr\u017ei\u0107ev san, Kamov smrtopis, (balet) Papisa Ivana, Tako je kako vam se \u010dini ; GdkGavella: Helderlin, Filip Latinovi\u0107, Prije sna; Splitske\u00a0<\/strong>ljetne igre: \u00a0Hvarkinja,\u00a0<strong style=\"font-style: inherit;\">Michelangelo Buonarotti, Amerikanska jahta u splitskoj luci;<\/strong>\u00a0HNK Split: Kako te mogu \u010duti kad voda te\u010de, \u0160est lica tra\u017ee autora; Osje\u010dke ljetne igre: Gri\u017eula ili Plakir; Dubrova\u010dke ljetne igre:\u00a0<strong style=\"font-style: inherit;\">Gri\u017eula, Dubrova\u010dka trilogija<\/strong>;\u00a0Pulske ljetne igre\/INK Pula:\u00a0<strong style=\"font-style: inherit;\">Poruka sa Asterona, Orestija, Ifigenija na Tauridi;<\/strong>(ZKM)\u00a0<strong style=\"font-style: inherit;\">Malj koji ubija<\/strong>; Epilog teatar: Mali raj, Klopka, Magla; DomKKV Sisak: Psihoterapolitika, Prijateljice; OperaBB: Il Campanello, Grofica Marica, Betly; Kazali\u0161te Bagatella: Frigane srdelice, Otmica; prvo putuju\u0107e kazali\u0161te&#8221;Osamljena srca&#8221; sa predstavom &#8220;Vrtuljak ljubavi&#8221;, niz dje\u010djih predstava Gluma\u010dke dru\u017eine \u201c\u0160kolarac\u201d; \u017duga-art:\u00a0<strong style=\"font-style: inherit;\">Svoj na svom<\/strong>; sakralni prostori diljem Hrvatske:\u00a0<strong style=\"font-style: inherit;\">Majka Terezija \u00a0\u00a0<\/strong><\/td>\n<\/tr>\n<tr>\n<td valign=\"top\" width=\"18%\" height=\"14\"><strong>FILM<\/strong><\/td>\n<td valign=\"top\" width=\"82%\" height=\"14\">\n<table width=\"100%\">\n<tbody>\n<tr>\n<td width=\"82%\"><strong>Nedjelja<\/strong>\u00a0(Zafranovi\u0107),\u00a0<strong style=\"font-style: inherit;\">Medeni mjesec<\/strong>\u00a0(Babi\u0107),\u00a0<strong style=\"font-style: inherit;\">Transilvanija\u00a0<\/strong>(ameri\u010dka koprodukcija),\u00a0<strong style=\"font-style: inherit;\">Karneval, an\u0111eo i prah<\/strong>\u00a0(Vrdoljak),\u00a0<strong style=\"font-style: inherit;\">An\u0111ele moj dragi<\/strong>\u00a0(Radi\u0107),\u00a0<strong style=\"font-style: inherit;\">Pri\u010de iz Hrvatske<\/strong>\u00a0(Papi\u0107); kratkometra\u017eni filmovi\u00a0<strong style=\"font-style: inherit;\">Bijeg\u00a0<\/strong>(Tschauschner),\u00a0<strong style=\"font-style: inherit;\">Pje\u0161\u010dana pla\u017ea\u00a0<\/strong>(Hodak), Novinar(Had\u017ei\u0107), Usporeno kretanje(Kljakovi\u0107), \u010cetverored( Sedlar), Anticasanova(Tadej), koprodukcije &#8221; Vrijeme za&#8221;, &#8220;No\u0107no sje\u0107anje&#8221;, &#8220;12 \u017digosani&#8221;, &#8220;Nestali&#8221;, &#8221; Jos jedna tajna&#8221;,&#8221;Transilvanija&#8221;, &#8220;Goeltizius and Pelican(Greenway)<\/td>\n<\/tr>\n<\/tbody>\n<\/table>\n<\/td>\n<\/tr>\n<tr>\n<td valign=\"top\" width=\"18%\" height=\"20\"><strong>TELEVIZIJA<\/strong><\/td>\n<td valign=\"top\" width=\"82%\" height=\"20\"><strong>Na\u0161e malo misto<\/strong>\u00a0(HTV), Velo misto (HTV), Kuda idu divlje svinje (HTV), Izjava (HTV), Bomba\u0161ki proces (HTV), Pozitivna nula (HTV), Inspektor Vinko (HTV), Punom parom (HTV), Obiteljski album (HTV), Ljubav u zale\u0111u (HTV), Dolina sunca (HTV),\u00a0<strong style=\"font-style: inherit;\">Adam i Eva<\/strong>\u00a0(HTV),\u00a0<strong style=\"font-style: inherit;\">Rezervisti<\/strong>\u00a0(HTV),\u00a0<strong style=\"font-style: inherit;\">Slu\u010daj maturanta Wagnera\u00a0<\/strong>(HTV); Na\u0161a mala klinika (Nova TV), Samo ti pri\u010daj (Nova TV), Kud puklo da puklo (Nova TV), Lud zbunjen normalan (Nova TV), Zabranjena ljubav (RTL), Ne daj se Nina (RTL), TV voditeljica (<strong style=\"font-style: inherit;\">Napokon nedjelja<\/strong>\u00a0\u2013 TV Mre\u017ea,\u00a0<strong style=\"font-style: inherit;\">U dobrom dru\u0161tvu<\/strong>\u00a0\u2013 HTV), sinkronizacije brojnih reklamnih spotova i animiranih filmova (me\u0111u ostalima\u00a0<strong style=\"font-style: inherit;\">Slonica Nelica, Animanijaci, Izgubljene igra\u010dke, Arthur u zemlji \u010dudesa, Lolek i Bolek&#8230;)<\/strong><\/td>\n<\/tr>\n<tr>\n<td valign=\"top\" width=\"18%\" height=\"20\"><strong>RADIO<\/strong><\/td>\n<td valign=\"top\" width=\"82%\" height=\"20\">brojne radio drame (Dramski program HR) i radio igre za djecu (Dje\u010dji program HR)<\/td>\n<\/tr>\n<tr>\n<td valign=\"top\" width=\"18%\" height=\"19\"><strong>OSTALO<\/strong><\/td>\n<td valign=\"top\" width=\"82%\" height=\"19\">Od 1990. \u010dlanica dru\u017ebe \u201cBra\u0107a hrvatskoga zmaja\u201d, od 1991. povjerenica Sindikalne podru\u017enice kazali\u0161ta \u201cKomedija\u201d i predsjednica Sindikata hrvatskih glumaca od 1999. do 2003. godine<\/td>\n<\/tr>\n<tr>\n<td valign=\"top\" width=\"18%\" height=\"33\"><strong>STATUSI U &#8220;KOMEDIJI&#8221;<\/strong><\/td>\n<td valign=\"top\" width=\"82%\" height=\"33\">prva premijera 23. sije\u010dnja 1976. (Dlakav \u017eivot), zaposlena od 1. rujna 1979., umirovljena u prosincu 2016.<\/td>\n<\/tr>\n<\/tbody>\n<\/table>\n","protected":false},"excerpt":{"rendered":"<p>Glumica RO\u0110ENDAN I MJESTO RO\u0110ENJA 19. prosinca 1951., Split ansambl Kazali\u0161te &#8220;Komedija&#8221;, p.p. 428, Zagreb tel.: +385 (0)1 48 13 200; fax: +385 (0)1 48 12 179 OBRAZOVANJE Akademija dramske umjetnosti Sveu\u010dili\u0161ta u Zagrebu SEMINARI, TE\u010cAJEVI&#8230; Pjevanje kod prof. Zlatka \u0160ira KAZALI\u0160TE ZGK \u201cKomedija\u201d:\u00a0Dlakav \u017eivot, Inspektor je do\u0161ao, Novela od stranca, Grani\u010dari, Sasvim mala razdaljina, [&hellip;]<\/p>\n","protected":false},"author":4,"featured_media":0,"parent":8592,"menu_order":0,"comment_status":"closed","ping_status":"closed","template":"","meta":{"ngg_post_thumbnail":0,"footnotes":""},"class_list":["post-899","page","type-page","status-publish","hentry"],"yoast_head":"<!-- This site is optimized with the Yoast SEO plugin v27.4 - https:\/\/yoast.com\/product\/yoast-seo-wordpress\/ -->\n<title>Nada Abrus - Kazali\u0161te Komedija<\/title>\n<meta name=\"robots\" content=\"index, follow, max-snippet:-1, max-image-preview:large, max-video-preview:-1\" \/>\n<link rel=\"canonical\" href=\"https:\/\/www.komedija.hr\/www\/umirovljeni-i-bivsi-clanovi-ansambla\/abrus-nada\/\" \/>\n<meta property=\"og:locale\" content=\"hr_HR\" \/>\n<meta property=\"og:type\" content=\"article\" \/>\n<meta property=\"og:title\" content=\"Nada Abrus - Kazali\u0161te Komedija\" \/>\n<meta property=\"og:description\" content=\"Glumica RO\u0110ENDAN I MJESTO RO\u0110ENJA 19. prosinca 1951., Split ansambl Kazali\u0161te &#8220;Komedija&#8221;, p.p. 428, Zagreb tel.: +385 (0)1 48 13 200; fax: +385 (0)1 48 12 179 OBRAZOVANJE Akademija dramske umjetnosti Sveu\u010dili\u0161ta u Zagrebu SEMINARI, TE\u010cAJEVI&#8230; Pjevanje kod prof. Zlatka \u0160ira KAZALI\u0160TE ZGK \u201cKomedija\u201d:\u00a0Dlakav \u017eivot, Inspektor je do\u0161ao, Novela od stranca, Grani\u010dari, Sasvim mala razdaljina, [&hellip;]\" \/>\n<meta property=\"og:url\" content=\"https:\/\/www.komedija.hr\/www\/umirovljeni-i-bivsi-clanovi-ansambla\/abrus-nada\/\" \/>\n<meta property=\"og:site_name\" content=\"Kazali\u0161te Komedija\" \/>\n<meta property=\"article:publisher\" content=\"https:\/\/www.facebook.com\/kazaliste.komedija\/\" \/>\n<meta property=\"article:modified_time\" content=\"2021-01-20T13:34:19+00:00\" \/>\n<meta property=\"og:image\" content=\"http:\/\/www.komedija.hr\/www\/wp-content\/uploads\/2011\/08\/nada_abrus-200x300.jpg\" \/>\n<meta name=\"twitter:card\" content=\"summary_large_image\" \/>\n<meta name=\"twitter:site\" content=\"@KKomedija\" \/>\n<meta name=\"twitter:label1\" content=\"Procijenjeno vrijeme \u010ditanja\" \/>\n\t<meta name=\"twitter:data1\" content=\"3 minute\" \/>\n<script type=\"application\/ld+json\" class=\"yoast-schema-graph\">{\"@context\":\"https:\\\/\\\/schema.org\",\"@graph\":[{\"@type\":\"WebPage\",\"@id\":\"https:\\\/\\\/www.komedija.hr\\\/www\\\/umirovljeni-i-bivsi-clanovi-ansambla\\\/abrus-nada\\\/\",\"url\":\"https:\\\/\\\/www.komedija.hr\\\/www\\\/umirovljeni-i-bivsi-clanovi-ansambla\\\/abrus-nada\\\/\",\"name\":\"Nada Abrus - Kazali\u0161te Komedija\",\"isPartOf\":{\"@id\":\"http:\\\/\\\/www.komedija.hr\\\/www\\\/#website\"},\"primaryImageOfPage\":{\"@id\":\"https:\\\/\\\/www.komedija.hr\\\/www\\\/umirovljeni-i-bivsi-clanovi-ansambla\\\/abrus-nada\\\/#primaryimage\"},\"image\":{\"@id\":\"https:\\\/\\\/www.komedija.hr\\\/www\\\/umirovljeni-i-bivsi-clanovi-ansambla\\\/abrus-nada\\\/#primaryimage\"},\"thumbnailUrl\":\"http:\\\/\\\/www.komedija.hr\\\/www\\\/wp-content\\\/uploads\\\/2011\\\/08\\\/nada_abrus-200x300.jpg\",\"datePublished\":\"2011-08-02T17:43:38+00:00\",\"dateModified\":\"2021-01-20T13:34:19+00:00\",\"breadcrumb\":{\"@id\":\"https:\\\/\\\/www.komedija.hr\\\/www\\\/umirovljeni-i-bivsi-clanovi-ansambla\\\/abrus-nada\\\/#breadcrumb\"},\"inLanguage\":\"hr\",\"potentialAction\":[{\"@type\":\"ReadAction\",\"target\":[\"https:\\\/\\\/www.komedija.hr\\\/www\\\/umirovljeni-i-bivsi-clanovi-ansambla\\\/abrus-nada\\\/\"]}]},{\"@type\":\"ImageObject\",\"inLanguage\":\"hr\",\"@id\":\"https:\\\/\\\/www.komedija.hr\\\/www\\\/umirovljeni-i-bivsi-clanovi-ansambla\\\/abrus-nada\\\/#primaryimage\",\"url\":\"https:\\\/\\\/www.komedija.hr\\\/www\\\/wp-content\\\/uploads\\\/2011\\\/08\\\/nada_abrus.jpg\",\"contentUrl\":\"https:\\\/\\\/www.komedija.hr\\\/www\\\/wp-content\\\/uploads\\\/2011\\\/08\\\/nada_abrus.jpg\",\"width\":533,\"height\":800},{\"@type\":\"BreadcrumbList\",\"@id\":\"https:\\\/\\\/www.komedija.hr\\\/www\\\/umirovljeni-i-bivsi-clanovi-ansambla\\\/abrus-nada\\\/#breadcrumb\",\"itemListElement\":[{\"@type\":\"ListItem\",\"position\":1,\"name\":\"Po\u010detna stranica\",\"item\":\"http:\\\/\\\/www.komedija.hr\\\/www\\\/\"},{\"@type\":\"ListItem\",\"position\":2,\"name\":\"Umirovljeni i biv\u0161i \u010dlanovi ansambla\",\"item\":\"https:\\\/\\\/www.komedija.hr\\\/www\\\/umirovljeni-i-bivsi-clanovi-ansambla\\\/\"},{\"@type\":\"ListItem\",\"position\":3,\"name\":\"Nada Abrus\"}]},{\"@type\":\"WebSite\",\"@id\":\"http:\\\/\\\/www.komedija.hr\\\/www\\\/#website\",\"url\":\"http:\\\/\\\/www.komedija.hr\\\/www\\\/\",\"name\":\"Kazali\u0161te Komedija\",\"description\":\"\",\"publisher\":{\"@id\":\"http:\\\/\\\/www.komedija.hr\\\/www\\\/#organization\"},\"potentialAction\":[{\"@type\":\"SearchAction\",\"target\":{\"@type\":\"EntryPoint\",\"urlTemplate\":\"http:\\\/\\\/www.komedija.hr\\\/www\\\/?s={search_term_string}\"},\"query-input\":{\"@type\":\"PropertyValueSpecification\",\"valueRequired\":true,\"valueName\":\"search_term_string\"}}],\"inLanguage\":\"hr\"},{\"@type\":\"Organization\",\"@id\":\"http:\\\/\\\/www.komedija.hr\\\/www\\\/#organization\",\"name\":\"Zagreba\u010dko gradsko Kazali\u0161ta Komedija\",\"url\":\"http:\\\/\\\/www.komedija.hr\\\/www\\\/\",\"logo\":{\"@type\":\"ImageObject\",\"inLanguage\":\"hr\",\"@id\":\"http:\\\/\\\/www.komedija.hr\\\/www\\\/#\\\/schema\\\/logo\\\/image\\\/\",\"url\":\"https:\\\/\\\/www.komedija.hr\\\/www\\\/wp-content\\\/uploads\\\/2020\\\/02\\\/cropped-Kazaliste_Komedija_logo_2.png\",\"contentUrl\":\"https:\\\/\\\/www.komedija.hr\\\/www\\\/wp-content\\\/uploads\\\/2020\\\/02\\\/cropped-Kazaliste_Komedija_logo_2.png\",\"width\":512,\"height\":512,\"caption\":\"Zagreba\u010dko gradsko Kazali\u0161ta Komedija\"},\"image\":{\"@id\":\"http:\\\/\\\/www.komedija.hr\\\/www\\\/#\\\/schema\\\/logo\\\/image\\\/\"},\"sameAs\":[\"https:\\\/\\\/www.facebook.com\\\/kazaliste.komedija\\\/\",\"https:\\\/\\\/x.com\\\/KKomedija\",\"https:\\\/\\\/www.instagram.com\\\/kazaliste_komedija\\\/\",\"https:\\\/\\\/www.youtube.com\\\/channel\\\/UC1NcapMYUXJW3miW_oPxT5w\\\/videos\"]}]}<\/script>\n<!-- \/ Yoast SEO plugin. -->","yoast_head_json":{"title":"Nada Abrus - Kazali\u0161te Komedija","robots":{"index":"index","follow":"follow","max-snippet":"max-snippet:-1","max-image-preview":"max-image-preview:large","max-video-preview":"max-video-preview:-1"},"canonical":"https:\/\/www.komedija.hr\/www\/umirovljeni-i-bivsi-clanovi-ansambla\/abrus-nada\/","og_locale":"hr_HR","og_type":"article","og_title":"Nada Abrus - Kazali\u0161te Komedija","og_description":"Glumica RO\u0110ENDAN I MJESTO RO\u0110ENJA 19. prosinca 1951., Split ansambl Kazali\u0161te &#8220;Komedija&#8221;, p.p. 428, Zagreb tel.: +385 (0)1 48 13 200; fax: +385 (0)1 48 12 179 OBRAZOVANJE Akademija dramske umjetnosti Sveu\u010dili\u0161ta u Zagrebu SEMINARI, TE\u010cAJEVI&#8230; Pjevanje kod prof. Zlatka \u0160ira KAZALI\u0160TE ZGK \u201cKomedija\u201d:\u00a0Dlakav \u017eivot, Inspektor je do\u0161ao, Novela od stranca, Grani\u010dari, Sasvim mala razdaljina, [&hellip;]","og_url":"https:\/\/www.komedija.hr\/www\/umirovljeni-i-bivsi-clanovi-ansambla\/abrus-nada\/","og_site_name":"Kazali\u0161te Komedija","article_publisher":"https:\/\/www.facebook.com\/kazaliste.komedija\/","article_modified_time":"2021-01-20T13:34:19+00:00","og_image":[{"url":"http:\/\/www.komedija.hr\/www\/wp-content\/uploads\/2011\/08\/nada_abrus-200x300.jpg","type":"","width":"","height":""}],"twitter_card":"summary_large_image","twitter_site":"@KKomedija","twitter_misc":{"Procijenjeno vrijeme \u010ditanja":"3 minute"},"schema":{"@context":"https:\/\/schema.org","@graph":[{"@type":"WebPage","@id":"https:\/\/www.komedija.hr\/www\/umirovljeni-i-bivsi-clanovi-ansambla\/abrus-nada\/","url":"https:\/\/www.komedija.hr\/www\/umirovljeni-i-bivsi-clanovi-ansambla\/abrus-nada\/","name":"Nada Abrus - Kazali\u0161te Komedija","isPartOf":{"@id":"http:\/\/www.komedija.hr\/www\/#website"},"primaryImageOfPage":{"@id":"https:\/\/www.komedija.hr\/www\/umirovljeni-i-bivsi-clanovi-ansambla\/abrus-nada\/#primaryimage"},"image":{"@id":"https:\/\/www.komedija.hr\/www\/umirovljeni-i-bivsi-clanovi-ansambla\/abrus-nada\/#primaryimage"},"thumbnailUrl":"http:\/\/www.komedija.hr\/www\/wp-content\/uploads\/2011\/08\/nada_abrus-200x300.jpg","datePublished":"2011-08-02T17:43:38+00:00","dateModified":"2021-01-20T13:34:19+00:00","breadcrumb":{"@id":"https:\/\/www.komedija.hr\/www\/umirovljeni-i-bivsi-clanovi-ansambla\/abrus-nada\/#breadcrumb"},"inLanguage":"hr","potentialAction":[{"@type":"ReadAction","target":["https:\/\/www.komedija.hr\/www\/umirovljeni-i-bivsi-clanovi-ansambla\/abrus-nada\/"]}]},{"@type":"ImageObject","inLanguage":"hr","@id":"https:\/\/www.komedija.hr\/www\/umirovljeni-i-bivsi-clanovi-ansambla\/abrus-nada\/#primaryimage","url":"https:\/\/www.komedija.hr\/www\/wp-content\/uploads\/2011\/08\/nada_abrus.jpg","contentUrl":"https:\/\/www.komedija.hr\/www\/wp-content\/uploads\/2011\/08\/nada_abrus.jpg","width":533,"height":800},{"@type":"BreadcrumbList","@id":"https:\/\/www.komedija.hr\/www\/umirovljeni-i-bivsi-clanovi-ansambla\/abrus-nada\/#breadcrumb","itemListElement":[{"@type":"ListItem","position":1,"name":"Po\u010detna stranica","item":"http:\/\/www.komedija.hr\/www\/"},{"@type":"ListItem","position":2,"name":"Umirovljeni i biv\u0161i \u010dlanovi ansambla","item":"https:\/\/www.komedija.hr\/www\/umirovljeni-i-bivsi-clanovi-ansambla\/"},{"@type":"ListItem","position":3,"name":"Nada Abrus"}]},{"@type":"WebSite","@id":"http:\/\/www.komedija.hr\/www\/#website","url":"http:\/\/www.komedija.hr\/www\/","name":"Kazali\u0161te Komedija","description":"","publisher":{"@id":"http:\/\/www.komedija.hr\/www\/#organization"},"potentialAction":[{"@type":"SearchAction","target":{"@type":"EntryPoint","urlTemplate":"http:\/\/www.komedija.hr\/www\/?s={search_term_string}"},"query-input":{"@type":"PropertyValueSpecification","valueRequired":true,"valueName":"search_term_string"}}],"inLanguage":"hr"},{"@type":"Organization","@id":"http:\/\/www.komedija.hr\/www\/#organization","name":"Zagreba\u010dko gradsko Kazali\u0161ta Komedija","url":"http:\/\/www.komedija.hr\/www\/","logo":{"@type":"ImageObject","inLanguage":"hr","@id":"http:\/\/www.komedija.hr\/www\/#\/schema\/logo\/image\/","url":"https:\/\/www.komedija.hr\/www\/wp-content\/uploads\/2020\/02\/cropped-Kazaliste_Komedija_logo_2.png","contentUrl":"https:\/\/www.komedija.hr\/www\/wp-content\/uploads\/2020\/02\/cropped-Kazaliste_Komedija_logo_2.png","width":512,"height":512,"caption":"Zagreba\u010dko gradsko Kazali\u0161ta Komedija"},"image":{"@id":"http:\/\/www.komedija.hr\/www\/#\/schema\/logo\/image\/"},"sameAs":["https:\/\/www.facebook.com\/kazaliste.komedija\/","https:\/\/x.com\/KKomedija","https:\/\/www.instagram.com\/kazaliste_komedija\/","https:\/\/www.youtube.com\/channel\/UC1NcapMYUXJW3miW_oPxT5w\/videos"]}]}},"_links":{"self":[{"href":"https:\/\/www.komedija.hr\/www\/wp-json\/wp\/v2\/pages\/899","targetHints":{"allow":["GET"]}}],"collection":[{"href":"https:\/\/www.komedija.hr\/www\/wp-json\/wp\/v2\/pages"}],"about":[{"href":"https:\/\/www.komedija.hr\/www\/wp-json\/wp\/v2\/types\/page"}],"author":[{"embeddable":true,"href":"https:\/\/www.komedija.hr\/www\/wp-json\/wp\/v2\/users\/4"}],"replies":[{"embeddable":true,"href":"https:\/\/www.komedija.hr\/www\/wp-json\/wp\/v2\/comments?post=899"}],"version-history":[{"count":0,"href":"https:\/\/www.komedija.hr\/www\/wp-json\/wp\/v2\/pages\/899\/revisions"}],"up":[{"embeddable":true,"href":"https:\/\/www.komedija.hr\/www\/wp-json\/wp\/v2\/pages\/8592"}],"wp:attachment":[{"href":"https:\/\/www.komedija.hr\/www\/wp-json\/wp\/v2\/media?parent=899"}],"curies":[{"name":"wp","href":"https:\/\/api.w.org\/{rel}","templated":true}]}}