{"id":932,"date":"2011-08-02T20:07:04","date_gmt":"2011-08-02T20:07:04","guid":{"rendered":"http:\/\/www.komedija.hr\/web\/?page_id=932"},"modified":"2022-10-04T15:19:54","modified_gmt":"2022-10-04T13:19:54","slug":"buric-vlatka","status":"publish","type":"page","link":"https:\/\/www.komedija.hr\/www\/ansambl-2\/pjevaci\/buric-vlatka\/","title":{"rendered":"Vlatka Buri\u0107 Dujmovi\u0107"},"content":{"rendered":"<table border=\"0\" width=\"100%\">\n<tbody>\n<tr>\n<td><a href=\"http:\/\/www.komedija.hr\/www\/wp-content\/uploads\/2011\/08\/vlatka_bdujmovic.jpg\" target=\"_blank\" rel=\"noopener\"><img decoding=\"async\" class=\"alignnone wp-image-7691 size-full\" src=\"http:\/\/www.komedija.hr\/www\/wp-content\/uploads\/2011\/08\/vlatka_bdujmovic.jpg\" alt=\"vlatka_bdujmovic\" width=\"533\" height=\"800\" srcset=\"https:\/\/www.komedija.hr\/www\/wp-content\/uploads\/2011\/08\/vlatka_bdujmovic.jpg 533w, https:\/\/www.komedija.hr\/www\/wp-content\/uploads\/2011\/08\/vlatka_bdujmovic-200x300.jpg 200w\" sizes=\"(max-width: 533px) 100vw, 533px\" \/><\/a><\/td>\n<td>Operna pjeva\u010dica \/ mezzosopran<\/td>\n<\/tr>\n<tr valign=\"top\">\n<td colspan=\"2\" height=\"20\">&nbsp;<\/td>\n<\/tr>\n<tr>\n<td valign=\"top\" width=\"18%\" height=\"25\"><strong>RO\u0110ENDAN I MJESTO RO\u0110ENJA <\/strong><\/td>\n<td valign=\"top\" width=\"82%\" height=\"25\">\n<div align=\"left\">26. 7. 1980., Zagreb<\/div>\n<\/td>\n<\/tr>\n<tr>\n<td valign=\"top\" width=\"18%\" height=\"55\"><strong>kontakt<\/strong><\/td>\n<td valign=\"top\" width=\"82%\" height=\"55\">e-mail: <a href=\"mailto:vlatkaburic@hotmail.com\">vlatkaburic@hotmail.com<\/a><br \/>\nTelefon: 48 14 566, 48 13 200<br \/>\n<a href=\"http:\/\/www.vlatkaburic.com\/\" target=\"_blank\" rel=\"noopener\">www.vlatkaburic.com<\/a><\/td>\n<\/tr>\n<tr>\n<td colspan=\"2\" valign=\"top\" height=\"21\">&nbsp;<\/td>\n<\/tr>\n<tr>\n<td valign=\"top\" width=\"18%\" height=\"25\"><strong>OBRAZOVANJE<\/strong><\/td>\n<td valign=\"top\" width=\"82%\" height=\"25\">Studij i postiplomski studij opernog pjevanja na <strong>Univerzitetu za glazbenu i scensku umjetnost u Be\u010du <\/strong>(Austrija)<\/td>\n<\/tr>\n<tr>\n<td valign=\"top\" width=\"18%\" height=\"25\"><strong>SEMINARI, TE\u010cAJEVI&#8230; <\/strong><\/td>\n<td valign=\"top\" width=\"82%\" height=\"25\"><strong>Wiener Musikseminar<\/strong>2005. i 2006. godine \u2013 Maister klass prof,. Margit Klaushofer<\/td>\n<\/tr>\n<tr>\n<td colspan=\"2\" valign=\"top\">&nbsp;<\/td>\n<\/tr>\n<tr>\n<td valign=\"top\" width=\"18%\" height=\"75\"><strong>KAZALI\u0160TE<\/strong><\/td>\n<td valign=\"top\" width=\"82%\" height=\"75\">Hoffmanove pri\u010de, Ivica i Marica, \u0110ak prosjak (Kazali\u0161te Schoenbrunn, Be\u010d, Austrija)<br \/>\nBoccaccio, Majstori pjeva\u010di (Volksopera, Be\u010d, Austrija)<br \/>\nJanica i Jean, Ru\u017ea na asfaltu, Lijepa Helena, \u0160i\u0161mi\u0161, \u0110erdan, Operetni express 2 013, Kneginja \u010darda\u0161a, Byron, Alfi Kabiljo: Moji mjuzikli #2, Ljepotica i Zvijer (ZGK \u201eKomedija\u201c)<\/td>\n<\/tr>\n<tr>\n<td valign=\"top\" width=\"18%\" height=\"14\"><strong>KONCERTI<\/strong><\/td>\n<td valign=\"top\" width=\"82%\" height=\"14\"><strong>\u0161est solisti\u010dkih koncerata<\/strong>, nastupi diljem Europe (Austrija, Njema\u010dka, Belgija, Francuska i dr.)<\/td>\n<\/tr>\n<tr>\n<td valign=\"top\" width=\"18%\" height=\"20\"><strong>TELEVIZIJA<\/strong><\/td>\n<td valign=\"top\" width=\"82%\" height=\"20\">Lijepom na\u0161om, Moderato Cantabile, Klub seniora, Dobro jutro, Hrvatska, Svirci moji, Svakodnevica, Turbo Limach Show&#8230; (HRT)<\/td>\n<\/tr>\n<tr>\n<td valign=\"top\" width=\"18%\" height=\"20\"><strong>RADIO<\/strong><\/td>\n<td valign=\"top\" width=\"82%\" height=\"20\">brojni nastupi u kontakt emisijama Hrvatskog radija, kao i Radija \u201eKaj\u201c, Radija Samobor, Radija Martin, Narodnog radija itd.<\/td>\n<\/tr>\n<tr>\n<td colspan=\"2\" valign=\"top\" height=\"33\">&nbsp;<\/td>\n<\/tr>\n<tr>\n<td valign=\"top\" width=\"18%\" height=\"33\"><strong>NAGRADE I PRIZNANJA<\/strong><\/td>\n<td valign=\"top\" width=\"82%\" height=\"33\">1988. godine Nagrada za najboljeg debitanta \u201eKOR\u201c<\/td>\n<\/tr>\n<tr>\n<td colspan=\"2\" valign=\"top\" height=\"33\">&nbsp;<\/td>\n<\/tr>\n<tr>\n<td valign=\"top\" width=\"18%\" height=\"33\"><strong>STATUSI U &#8220;KOMEDIJI&#8221;<\/strong><\/td>\n<td valign=\"top\" width=\"82%\" height=\"33\">Prva premijera 20. 2. 2003. (Janica i Jean); zaposlena od 5. 2. 2007.<\/td>\n<\/tr>\n<\/tbody>\n<\/table>\n","protected":false},"excerpt":{"rendered":"<p>Operna pjeva\u010dica \/ mezzosopran &nbsp; RO\u0110ENDAN I MJESTO RO\u0110ENJA 26. 7. 1980., Zagreb kontakt e-mail: vlatkaburic@hotmail.com Telefon: 48 14 566, 48 13 200 www.vlatkaburic.com &nbsp; OBRAZOVANJE Studij i postiplomski studij opernog pjevanja na Univerzitetu za glazbenu i scensku umjetnost u Be\u010du (Austrija) SEMINARI, TE\u010cAJEVI&#8230; Wiener Musikseminar2005. i 2006. godine \u2013 Maister klass prof,. Margit Klaushofer [&hellip;]<\/p>\n","protected":false},"author":4,"featured_media":0,"parent":7017,"menu_order":0,"comment_status":"closed","ping_status":"closed","template":"","meta":{"ngg_post_thumbnail":0,"footnotes":""},"class_list":["post-932","page","type-page","status-publish","hentry"],"yoast_head":"<!-- This site is optimized with the Yoast SEO plugin v27.4 - https:\/\/yoast.com\/product\/yoast-seo-wordpress\/ -->\n<title>Vlatka Buri\u0107 Dujmovi\u0107 - Kazali\u0161te Komedija<\/title>\n<meta name=\"robots\" content=\"index, follow, max-snippet:-1, max-image-preview:large, max-video-preview:-1\" \/>\n<link rel=\"canonical\" href=\"https:\/\/www.komedija.hr\/www\/ansambl-2\/pjevaci\/buric-vlatka\/\" \/>\n<meta property=\"og:locale\" content=\"hr_HR\" \/>\n<meta property=\"og:type\" content=\"article\" \/>\n<meta property=\"og:title\" content=\"Vlatka Buri\u0107 Dujmovi\u0107 - Kazali\u0161te Komedija\" \/>\n<meta property=\"og:description\" content=\"Operna pjeva\u010dica \/ mezzosopran &nbsp; RO\u0110ENDAN I MJESTO RO\u0110ENJA 26. 7. 1980., Zagreb kontakt e-mail: vlatkaburic@hotmail.com Telefon: 48 14 566, 48 13 200 www.vlatkaburic.com &nbsp; OBRAZOVANJE Studij i postiplomski studij opernog pjevanja na Univerzitetu za glazbenu i scensku umjetnost u Be\u010du (Austrija) SEMINARI, TE\u010cAJEVI&#8230; Wiener Musikseminar2005. i 2006. godine \u2013 Maister klass prof,. Margit Klaushofer [&hellip;]\" \/>\n<meta property=\"og:url\" content=\"https:\/\/www.komedija.hr\/www\/ansambl-2\/pjevaci\/buric-vlatka\/\" \/>\n<meta property=\"og:site_name\" content=\"Kazali\u0161te Komedija\" \/>\n<meta property=\"article:publisher\" content=\"https:\/\/www.facebook.com\/kazaliste.komedija\/\" \/>\n<meta property=\"article:modified_time\" content=\"2022-10-04T13:19:54+00:00\" \/>\n<meta property=\"og:image\" content=\"http:\/\/www.komedija.hr\/www\/wp-content\/uploads\/2011\/08\/vlatka_bdujmovic.jpg\" \/>\n<meta name=\"twitter:card\" content=\"summary_large_image\" \/>\n<meta name=\"twitter:site\" content=\"@KKomedija\" \/>\n<meta name=\"twitter:label1\" content=\"Procijenjeno vrijeme \u010ditanja\" \/>\n\t<meta name=\"twitter:data1\" content=\"2 minute\" \/>\n<script type=\"application\/ld+json\" class=\"yoast-schema-graph\">{\"@context\":\"https:\\\/\\\/schema.org\",\"@graph\":[{\"@type\":\"WebPage\",\"@id\":\"https:\\\/\\\/www.komedija.hr\\\/www\\\/ansambl-2\\\/pjevaci\\\/buric-vlatka\\\/\",\"url\":\"https:\\\/\\\/www.komedija.hr\\\/www\\\/ansambl-2\\\/pjevaci\\\/buric-vlatka\\\/\",\"name\":\"Vlatka Buri\u0107 Dujmovi\u0107 - Kazali\u0161te Komedija\",\"isPartOf\":{\"@id\":\"http:\\\/\\\/www.komedija.hr\\\/www\\\/#website\"},\"primaryImageOfPage\":{\"@id\":\"https:\\\/\\\/www.komedija.hr\\\/www\\\/ansambl-2\\\/pjevaci\\\/buric-vlatka\\\/#primaryimage\"},\"image\":{\"@id\":\"https:\\\/\\\/www.komedija.hr\\\/www\\\/ansambl-2\\\/pjevaci\\\/buric-vlatka\\\/#primaryimage\"},\"thumbnailUrl\":\"http:\\\/\\\/www.komedija.hr\\\/www\\\/wp-content\\\/uploads\\\/2011\\\/08\\\/vlatka_bdujmovic.jpg\",\"datePublished\":\"2011-08-02T20:07:04+00:00\",\"dateModified\":\"2022-10-04T13:19:54+00:00\",\"breadcrumb\":{\"@id\":\"https:\\\/\\\/www.komedija.hr\\\/www\\\/ansambl-2\\\/pjevaci\\\/buric-vlatka\\\/#breadcrumb\"},\"inLanguage\":\"hr\",\"potentialAction\":[{\"@type\":\"ReadAction\",\"target\":[\"https:\\\/\\\/www.komedija.hr\\\/www\\\/ansambl-2\\\/pjevaci\\\/buric-vlatka\\\/\"]}]},{\"@type\":\"ImageObject\",\"inLanguage\":\"hr\",\"@id\":\"https:\\\/\\\/www.komedija.hr\\\/www\\\/ansambl-2\\\/pjevaci\\\/buric-vlatka\\\/#primaryimage\",\"url\":\"https:\\\/\\\/www.komedija.hr\\\/www\\\/wp-content\\\/uploads\\\/2011\\\/08\\\/vlatka_bdujmovic.jpg\",\"contentUrl\":\"https:\\\/\\\/www.komedija.hr\\\/www\\\/wp-content\\\/uploads\\\/2011\\\/08\\\/vlatka_bdujmovic.jpg\",\"width\":533,\"height\":800},{\"@type\":\"BreadcrumbList\",\"@id\":\"https:\\\/\\\/www.komedija.hr\\\/www\\\/ansambl-2\\\/pjevaci\\\/buric-vlatka\\\/#breadcrumb\",\"itemListElement\":[{\"@type\":\"ListItem\",\"position\":1,\"name\":\"Po\u010detna stranica\",\"item\":\"http:\\\/\\\/www.komedija.hr\\\/www\\\/\"},{\"@type\":\"ListItem\",\"position\":2,\"name\":\"Ansambl\",\"item\":\"https:\\\/\\\/www.komedija.hr\\\/www\\\/ansambl-2\\\/\"},{\"@type\":\"ListItem\",\"position\":3,\"name\":\"Pjeva\u010di\",\"item\":\"https:\\\/\\\/www.komedija.hr\\\/www\\\/ansambl-2\\\/pjevaci\\\/\"},{\"@type\":\"ListItem\",\"position\":4,\"name\":\"Vlatka Buri\u0107 Dujmovi\u0107\"}]},{\"@type\":\"WebSite\",\"@id\":\"http:\\\/\\\/www.komedija.hr\\\/www\\\/#website\",\"url\":\"http:\\\/\\\/www.komedija.hr\\\/www\\\/\",\"name\":\"Kazali\u0161te Komedija\",\"description\":\"\",\"publisher\":{\"@id\":\"http:\\\/\\\/www.komedija.hr\\\/www\\\/#organization\"},\"potentialAction\":[{\"@type\":\"SearchAction\",\"target\":{\"@type\":\"EntryPoint\",\"urlTemplate\":\"http:\\\/\\\/www.komedija.hr\\\/www\\\/?s={search_term_string}\"},\"query-input\":{\"@type\":\"PropertyValueSpecification\",\"valueRequired\":true,\"valueName\":\"search_term_string\"}}],\"inLanguage\":\"hr\"},{\"@type\":\"Organization\",\"@id\":\"http:\\\/\\\/www.komedija.hr\\\/www\\\/#organization\",\"name\":\"Zagreba\u010dko gradsko Kazali\u0161ta Komedija\",\"url\":\"http:\\\/\\\/www.komedija.hr\\\/www\\\/\",\"logo\":{\"@type\":\"ImageObject\",\"inLanguage\":\"hr\",\"@id\":\"http:\\\/\\\/www.komedija.hr\\\/www\\\/#\\\/schema\\\/logo\\\/image\\\/\",\"url\":\"https:\\\/\\\/www.komedija.hr\\\/www\\\/wp-content\\\/uploads\\\/2020\\\/02\\\/cropped-Kazaliste_Komedija_logo_2.png\",\"contentUrl\":\"https:\\\/\\\/www.komedija.hr\\\/www\\\/wp-content\\\/uploads\\\/2020\\\/02\\\/cropped-Kazaliste_Komedija_logo_2.png\",\"width\":512,\"height\":512,\"caption\":\"Zagreba\u010dko gradsko Kazali\u0161ta Komedija\"},\"image\":{\"@id\":\"http:\\\/\\\/www.komedija.hr\\\/www\\\/#\\\/schema\\\/logo\\\/image\\\/\"},\"sameAs\":[\"https:\\\/\\\/www.facebook.com\\\/kazaliste.komedija\\\/\",\"https:\\\/\\\/x.com\\\/KKomedija\",\"https:\\\/\\\/www.instagram.com\\\/kazaliste_komedija\\\/\",\"https:\\\/\\\/www.youtube.com\\\/channel\\\/UC1NcapMYUXJW3miW_oPxT5w\\\/videos\"]}]}<\/script>\n<!-- \/ Yoast SEO plugin. -->","yoast_head_json":{"title":"Vlatka Buri\u0107 Dujmovi\u0107 - Kazali\u0161te Komedija","robots":{"index":"index","follow":"follow","max-snippet":"max-snippet:-1","max-image-preview":"max-image-preview:large","max-video-preview":"max-video-preview:-1"},"canonical":"https:\/\/www.komedija.hr\/www\/ansambl-2\/pjevaci\/buric-vlatka\/","og_locale":"hr_HR","og_type":"article","og_title":"Vlatka Buri\u0107 Dujmovi\u0107 - Kazali\u0161te Komedija","og_description":"Operna pjeva\u010dica \/ mezzosopran &nbsp; RO\u0110ENDAN I MJESTO RO\u0110ENJA 26. 7. 1980., Zagreb kontakt e-mail: vlatkaburic@hotmail.com Telefon: 48 14 566, 48 13 200 www.vlatkaburic.com &nbsp; OBRAZOVANJE Studij i postiplomski studij opernog pjevanja na Univerzitetu za glazbenu i scensku umjetnost u Be\u010du (Austrija) SEMINARI, TE\u010cAJEVI&#8230; Wiener Musikseminar2005. i 2006. godine \u2013 Maister klass prof,. Margit Klaushofer [&hellip;]","og_url":"https:\/\/www.komedija.hr\/www\/ansambl-2\/pjevaci\/buric-vlatka\/","og_site_name":"Kazali\u0161te Komedija","article_publisher":"https:\/\/www.facebook.com\/kazaliste.komedija\/","article_modified_time":"2022-10-04T13:19:54+00:00","og_image":[{"url":"http:\/\/www.komedija.hr\/www\/wp-content\/uploads\/2011\/08\/vlatka_bdujmovic.jpg","type":"","width":"","height":""}],"twitter_card":"summary_large_image","twitter_site":"@KKomedija","twitter_misc":{"Procijenjeno vrijeme \u010ditanja":"2 minute"},"schema":{"@context":"https:\/\/schema.org","@graph":[{"@type":"WebPage","@id":"https:\/\/www.komedija.hr\/www\/ansambl-2\/pjevaci\/buric-vlatka\/","url":"https:\/\/www.komedija.hr\/www\/ansambl-2\/pjevaci\/buric-vlatka\/","name":"Vlatka Buri\u0107 Dujmovi\u0107 - Kazali\u0161te Komedija","isPartOf":{"@id":"http:\/\/www.komedija.hr\/www\/#website"},"primaryImageOfPage":{"@id":"https:\/\/www.komedija.hr\/www\/ansambl-2\/pjevaci\/buric-vlatka\/#primaryimage"},"image":{"@id":"https:\/\/www.komedija.hr\/www\/ansambl-2\/pjevaci\/buric-vlatka\/#primaryimage"},"thumbnailUrl":"http:\/\/www.komedija.hr\/www\/wp-content\/uploads\/2011\/08\/vlatka_bdujmovic.jpg","datePublished":"2011-08-02T20:07:04+00:00","dateModified":"2022-10-04T13:19:54+00:00","breadcrumb":{"@id":"https:\/\/www.komedija.hr\/www\/ansambl-2\/pjevaci\/buric-vlatka\/#breadcrumb"},"inLanguage":"hr","potentialAction":[{"@type":"ReadAction","target":["https:\/\/www.komedija.hr\/www\/ansambl-2\/pjevaci\/buric-vlatka\/"]}]},{"@type":"ImageObject","inLanguage":"hr","@id":"https:\/\/www.komedija.hr\/www\/ansambl-2\/pjevaci\/buric-vlatka\/#primaryimage","url":"https:\/\/www.komedija.hr\/www\/wp-content\/uploads\/2011\/08\/vlatka_bdujmovic.jpg","contentUrl":"https:\/\/www.komedija.hr\/www\/wp-content\/uploads\/2011\/08\/vlatka_bdujmovic.jpg","width":533,"height":800},{"@type":"BreadcrumbList","@id":"https:\/\/www.komedija.hr\/www\/ansambl-2\/pjevaci\/buric-vlatka\/#breadcrumb","itemListElement":[{"@type":"ListItem","position":1,"name":"Po\u010detna stranica","item":"http:\/\/www.komedija.hr\/www\/"},{"@type":"ListItem","position":2,"name":"Ansambl","item":"https:\/\/www.komedija.hr\/www\/ansambl-2\/"},{"@type":"ListItem","position":3,"name":"Pjeva\u010di","item":"https:\/\/www.komedija.hr\/www\/ansambl-2\/pjevaci\/"},{"@type":"ListItem","position":4,"name":"Vlatka Buri\u0107 Dujmovi\u0107"}]},{"@type":"WebSite","@id":"http:\/\/www.komedija.hr\/www\/#website","url":"http:\/\/www.komedija.hr\/www\/","name":"Kazali\u0161te Komedija","description":"","publisher":{"@id":"http:\/\/www.komedija.hr\/www\/#organization"},"potentialAction":[{"@type":"SearchAction","target":{"@type":"EntryPoint","urlTemplate":"http:\/\/www.komedija.hr\/www\/?s={search_term_string}"},"query-input":{"@type":"PropertyValueSpecification","valueRequired":true,"valueName":"search_term_string"}}],"inLanguage":"hr"},{"@type":"Organization","@id":"http:\/\/www.komedija.hr\/www\/#organization","name":"Zagreba\u010dko gradsko Kazali\u0161ta Komedija","url":"http:\/\/www.komedija.hr\/www\/","logo":{"@type":"ImageObject","inLanguage":"hr","@id":"http:\/\/www.komedija.hr\/www\/#\/schema\/logo\/image\/","url":"https:\/\/www.komedija.hr\/www\/wp-content\/uploads\/2020\/02\/cropped-Kazaliste_Komedija_logo_2.png","contentUrl":"https:\/\/www.komedija.hr\/www\/wp-content\/uploads\/2020\/02\/cropped-Kazaliste_Komedija_logo_2.png","width":512,"height":512,"caption":"Zagreba\u010dko gradsko Kazali\u0161ta Komedija"},"image":{"@id":"http:\/\/www.komedija.hr\/www\/#\/schema\/logo\/image\/"},"sameAs":["https:\/\/www.facebook.com\/kazaliste.komedija\/","https:\/\/x.com\/KKomedija","https:\/\/www.instagram.com\/kazaliste_komedija\/","https:\/\/www.youtube.com\/channel\/UC1NcapMYUXJW3miW_oPxT5w\/videos"]}]}},"_links":{"self":[{"href":"https:\/\/www.komedija.hr\/www\/wp-json\/wp\/v2\/pages\/932","targetHints":{"allow":["GET"]}}],"collection":[{"href":"https:\/\/www.komedija.hr\/www\/wp-json\/wp\/v2\/pages"}],"about":[{"href":"https:\/\/www.komedija.hr\/www\/wp-json\/wp\/v2\/types\/page"}],"author":[{"embeddable":true,"href":"https:\/\/www.komedija.hr\/www\/wp-json\/wp\/v2\/users\/4"}],"replies":[{"embeddable":true,"href":"https:\/\/www.komedija.hr\/www\/wp-json\/wp\/v2\/comments?post=932"}],"version-history":[{"count":0,"href":"https:\/\/www.komedija.hr\/www\/wp-json\/wp\/v2\/pages\/932\/revisions"}],"up":[{"embeddable":true,"href":"https:\/\/www.komedija.hr\/www\/wp-json\/wp\/v2\/pages\/7017"}],"wp:attachment":[{"href":"https:\/\/www.komedija.hr\/www\/wp-json\/wp\/v2\/media?parent=932"}],"curies":[{"name":"wp","href":"https:\/\/api.w.org\/{rel}","templated":true}]}}