{"id":9789,"date":"2018-01-03T13:46:36","date_gmt":"2018-01-03T12:46:36","guid":{"rendered":"http:\/\/www.komedija.hr\/www\/?page_id=9789"},"modified":"2020-09-17T12:56:04","modified_gmt":"2020-09-17T10:56:04","slug":"aida-2","status":"publish","type":"page","link":"https:\/\/www.komedija.hr\/www\/arhiva-predstava\/aida-2\/","title":{"rendered":"AIDA (2017.)"},"content":{"rendered":"<p align=\"left\"><em>Mjuzikl<br \/>\n<\/em>glazba: <strong>Elton John<\/strong><br \/>\nstihovi: <strong>Tim Rice<\/strong><br \/>\ntekst: Linda Woolverton, Robert Falls i David Henry Hwang<\/p>\n<p align=\"left\">redatelj izvorne predstave na Broadwayu: Robert Falls<br \/>\nizvorna produkcija: DISNEY Theatrical Production<br \/>\nPrema dogovoru s Music Theatre International Europe<\/p>\n<p>prevoditeljica: Ivanka Ani\u010di\u0107<\/p>\n<p>Dirigent <a href=\"http:\/\/www.komedija.hr\/www\/ansambl-2\/dirigenti\/appelt-dinko\/\">Dinko Appelt<\/a><br \/>\nRedateljica Dora Ru\u017edjak Podolski<br \/>\nScenograf Ivo Knezovi\u0107<br \/>\nKostimografkinja Mirjana Zagorec<br \/>\nKoreograf Igor Barberi\u0107<br \/>\nOblikovatelj tona Mario Stanin<br \/>\nKoncert majstor Melita \u0160afran<\/p>\n<div style=\"text-algn:left\"><span style=\"display:inline-block;text-align:center;\"><iframe allow=\"autoplay\" class=\"youtube_embed_iframe\"    allowFullScreen=\"true\" style=\"width:640px; height:360px\" src=\"https:\/\/www.youtube.com\/embed\/-7CATLROaI0?autoplay=0&theme=dark&loop=0&fs=1&showinfo=1&modestbranding=0&iv_load_policy=3&color=red&autohide=1&disablekb=0&enablejsapi=1&version=3\"><\/iframe><\/span><\/div>\n<p>AIDA: <a href=\"http:\/\/www.komedija.hr\/www\/ansambl-2\/glumci\/sabljak-renata\/\"><strong>Renata Sabljak<\/strong><br \/>\n<\/a>AMNERIS: <a href=\"http:\/\/www.komedija.hr\/www\/ansambl-2\/glumci\/vanda-winter\/\"><strong>Vanda Winter<\/strong><br \/>\n<\/a>RADAMES: <a href=\"http:\/\/www.komedija.hr\/www\/ansambl-2\/pjevaci\/stipanicev-dani\/\"><strong>\u0110ani Stipani\u010dev<\/strong><br \/>\n<\/a>ZOSER: <a href=\"http:\/\/www.komedija.hr\/www\/ansambl-2\/pjevaci\/ervin-baucic\/\"><strong>Ervin Bau\u010di\u0107<\/strong><br \/>\n<\/a>MEREB:<strong> Igor Barberi\u0107<\/strong> \/ <a href=\"http:\/\/www.komedija.hr\/www\/ansambl-2\/glumci\/fabijan-pavao-medvesek\/\"><strong>Fabijan Pavao Medve\u0161ek<\/strong><\/a><br \/>\nAMONASRO: <a href=\"http:\/\/www.komedija.hr\/www\/ansambl-2\/glumci\/ljubo-zecevic\/\"><strong>Ljubo Ze\u010devi\u0107<\/strong><br \/>\n<\/a>FARAON: <a href=\"http:\/\/www.komedija.hr\/www\/umirovljeni-i-bivsi-clanovi-ansambla\/prohic-nedim\/\"><strong>Nedim Prohi\u0107<\/strong><br \/>\n<\/a>NEHEBKA: <strong>\u017deljka Veverec<\/strong> \/ <strong>Mateja Majerle<\/strong><\/p>\n<p>[supsystic-gallery id=32 position=center]<\/p>\n<p>Ansambl:<br \/>\nAleta Arbanas Renduli\u0107, Iva Bor\u0161i\u0107, Stela Gajski, Mateja Majerle, Tamara Masnjak, Ivana Mesec, Irena Raduka, Kristina \u0160kori\u0107, Sofija \u0160iroka, \u017deljka Veverec<br \/>\nDino Antoni\u0107, Boris Barberi\u0107, Stjepan Cutvari\u0107, Emil Kuzminski, Dejan Jakovljevi\u0107, Mario Juki\u0107, Dragan Peka, Matija Podnar, Zoran Simiki\u0107, Matija \u0160kvorc, Bojan Valenti\u0107, Roman Vran\u010di\u0107<\/p>\n<p>Inspicijent: Zlatko Kelneri\u0107<br \/>\n\u0160apta\u010dica: Dorotea Krivec<\/p>\n<p>Ansambl glazbeno uvje\u017ebao: Dinko Appelt<br \/>\nProdukcija tona: Mario Stanin<br \/>\nPlesni kapetan: Morana Pa\u0161kievi\u0107<br \/>\nKoreografija borbi: Bojan Valenti\u0107<br \/>\nAsistentica kostimografkinje: Emilija \u0160u\u0161kovi\u0107 Jakopac<\/p>\n<p>Orkestar Kazali\u0161ta &#8220;Komedija&#8221;<\/p>\n<p align=\"left\">&#8220;Svaka pri\u010da je ljubavna pri\u010da&#8221;, tako glasi prijevod naslova uvodne pjesme koju pjeva egipatske princeza Amneris u muzeju, nakon \u0161to njen kip o\u017eivi. Amneris pjeva gledaju\u0107i mu\u0161karca i \u017eenu koji se, obilaze\u0107i izlo\u017ebu u muzeju, zagledaju jedno u drugo. Njena pjesma uvodi nas u fascinantni svijet ljubavi i \u017eudnje, hrabrosti i izdaje preto\u010den u glazbu i stihove koji bude osje\u0107aje, prenose\u0107i nas u davno pro\u0161la vremena \u010dija je strast i poezija besmrtna.<\/p>\n<p>Pri\u010da je klasi\u010dna, koristio ju je ve\u0107 i Giuseppe Verdi u svojoj operi. Aida je nubijska princeza koju je zarobio egipatski vojskovo\u0111a Radames. Njegov interes za tamnoputu djevojku spa\u0161ava Aidu od sigurne smrti u rudnicima. Umjesto toga, Radames je \u0161alje da bude slu\u0161kinja njegovoj zaru\u010dnici, egipatskoj princezi Amneris. Aida je uspjela sakriti svoje visoko podrijetlo, a vremenom se izme\u0111u nje i Amneris razvija toplo prijateljstvo. S druge strane, Radames u Aidi prepoznaje dostojanstvo koje bi i sam \u017eelio posjedovati te se zaljubi u nju, a ona mu uzvra\u0107a osje\u0107aje. Razapeta izme\u0111u prijateljstva s Amneris, nesumnjive strasti prema Radamesu i osje\u0107aju du\u017enosti prema svom narodu koji se nalazi u egipatskom zarobljeni\u0161tvu, Aida se nalazi pred te\u0161kim odlukama. Njen identitet uskoro prestaje biti skriven jer je prepoznaje Radamesov nubijski sluga Mereb. U novom pohodu Radames zarobljava njenog oca Amonasroa te ona i Mereb kuju plan o njegovm spa\u0161avanju iz tamnice. U me\u0111uvremenu, ministar Zoser, Radamesov otac, saznaje za sinovljevu ljubav prema nubijskoj robinji i nare\u0111uje njeno umorstvo&#8230;Tragi\u010dan i dramati\u010dan kraj dvoje ljubavnika i njihova zakletva vra\u0107a nas u sada\u0161njost koja je ujedno i novi po\u010detak fascinantne ljubavne pri\u010de&#8230;<\/p>\n<p>Autor Aide Elton John u proteklih je trideset godina postao legenda populatrne glazbe, cijenjen upravo zbog svog pjeva\u010dkog i skladateljskog rada. Ipak, tek je trijumfalan uspjeh mjuzikla The Lion King pokazao \u0161to njegov talent mo\u017ee doprinijeti broadwayskoj pozornici. Prvi mjuzikl nastao je u produkciji Hyperion Theatricals iz \u010dijih redova dolazi i ideja o drugom projektu. Elton John \u017eelio je raditi ne\u0161to izazovno i opasno, a ideja o prilagodbi Aide za broadwaysku pozornicu bila je dovoljno te\u0161ka da je i Tim Rice i Elton John objeru\u010dke prihvate kao izazov dostojan njihovog talenta&#8230;<\/p>\n<p>Mjuzikl Aida premijerno je prikazan 23. o\u017eujka 2000. Predstava je do\u017eivjela 1852 izvedbe (ne uklju\u010duju\u0107i 30 pretpremijernih). Aida je dobila \u010detiri nagrade Tony: za najbolju glumicu (Heather Headley), najbolju glazbenu partituru (Elton John i Tim Rice), scenski dizajn (Bob Crowley) i dizajn svjetla (Natasha Katz). Heather Headley nagra\u0111ena je i nagradom Drama Desk za 2000. godinu.<\/p>\n<p>Hrvatska premijera: 18. 6. 2005.<br \/>\nPremijera obnovljene predstave: 3. 2. 2017.<\/p>\n","protected":false},"excerpt":{"rendered":"<p>Mjuzikl glazba: Elton John stihovi: Tim Rice tekst: Linda Woolverton, Robert Falls i David Henry Hwang redatelj izvorne predstave na Broadwayu: Robert Falls izvorna produkcija: DISNEY Theatrical Production Prema dogovoru s Music Theatre International Europe prevoditeljica: Ivanka Ani\u010di\u0107 Dirigent Dinko Appelt Redateljica Dora Ru\u017edjak Podolski Scenograf Ivo Knezovi\u0107 Kostimografkinja Mirjana Zagorec Koreograf Igor Barberi\u0107 Oblikovatelj [&hellip;]<\/p>\n","protected":false},"author":5,"featured_media":10313,"parent":1659,"menu_order":0,"comment_status":"closed","ping_status":"closed","template":"","meta":{"ngg_post_thumbnail":0,"footnotes":""},"class_list":["post-9789","page","type-page","status-publish","has-post-thumbnail","hentry"],"yoast_head":"<!-- This site is optimized with the Yoast SEO plugin v27.5 - https:\/\/yoast.com\/product\/yoast-seo-wordpress\/ -->\n<title>AIDA (2017.) - Kazali\u0161te Komedija<\/title>\n<meta name=\"robots\" content=\"index, follow, max-snippet:-1, max-image-preview:large, max-video-preview:-1\" \/>\n<link rel=\"canonical\" href=\"https:\/\/www.komedija.hr\/www\/arhiva-predstava\/aida-2\/\" \/>\n<meta property=\"og:locale\" content=\"hr_HR\" \/>\n<meta property=\"og:type\" content=\"article\" \/>\n<meta property=\"og:title\" content=\"AIDA (2017.) - Kazali\u0161te Komedija\" \/>\n<meta property=\"og:description\" content=\"Mjuzikl glazba: Elton John stihovi: Tim Rice tekst: Linda Woolverton, Robert Falls i David Henry Hwang redatelj izvorne predstave na Broadwayu: Robert Falls izvorna produkcija: DISNEY Theatrical Production Prema dogovoru s Music Theatre International Europe prevoditeljica: Ivanka Ani\u010di\u0107 Dirigent Dinko Appelt Redateljica Dora Ru\u017edjak Podolski Scenograf Ivo Knezovi\u0107 Kostimografkinja Mirjana Zagorec Koreograf Igor Barberi\u0107 Oblikovatelj [&hellip;]\" \/>\n<meta property=\"og:url\" content=\"https:\/\/www.komedija.hr\/www\/arhiva-predstava\/aida-2\/\" \/>\n<meta property=\"og:site_name\" content=\"Kazali\u0161te Komedija\" \/>\n<meta property=\"article:publisher\" content=\"https:\/\/www.facebook.com\/kazaliste.komedija\/\" \/>\n<meta property=\"article:modified_time\" content=\"2020-09-17T10:56:04+00:00\" \/>\n<meta property=\"og:image\" content=\"https:\/\/www.komedija.hr\/www\/wp-content\/uploads\/2018\/02\/aida-37.jpg\" \/>\n\t<meta property=\"og:image:width\" content=\"1200\" \/>\n\t<meta property=\"og:image:height\" content=\"800\" \/>\n\t<meta property=\"og:image:type\" content=\"image\/jpeg\" \/>\n<meta name=\"twitter:card\" content=\"summary_large_image\" \/>\n<meta name=\"twitter:site\" content=\"@KKomedija\" \/>\n<meta name=\"twitter:label1\" content=\"Procijenjeno vrijeme \u010ditanja\" \/>\n\t<meta name=\"twitter:data1\" content=\"3 minute\" \/>\n<script type=\"application\/ld+json\" class=\"yoast-schema-graph\">{\"@context\":\"https:\\\/\\\/schema.org\",\"@graph\":[{\"@type\":\"WebPage\",\"@id\":\"https:\\\/\\\/www.komedija.hr\\\/www\\\/arhiva-predstava\\\/aida-2\\\/\",\"url\":\"https:\\\/\\\/www.komedija.hr\\\/www\\\/arhiva-predstava\\\/aida-2\\\/\",\"name\":\"AIDA (2017.) - Kazali\u0161te Komedija\",\"isPartOf\":{\"@id\":\"http:\\\/\\\/www.komedija.hr\\\/www\\\/#website\"},\"primaryImageOfPage\":{\"@id\":\"https:\\\/\\\/www.komedija.hr\\\/www\\\/arhiva-predstava\\\/aida-2\\\/#primaryimage\"},\"image\":{\"@id\":\"https:\\\/\\\/www.komedija.hr\\\/www\\\/arhiva-predstava\\\/aida-2\\\/#primaryimage\"},\"thumbnailUrl\":\"https:\\\/\\\/www.komedija.hr\\\/www\\\/wp-content\\\/uploads\\\/2018\\\/02\\\/aida-37.jpg\",\"datePublished\":\"2018-01-03T12:46:36+00:00\",\"dateModified\":\"2020-09-17T10:56:04+00:00\",\"breadcrumb\":{\"@id\":\"https:\\\/\\\/www.komedija.hr\\\/www\\\/arhiva-predstava\\\/aida-2\\\/#breadcrumb\"},\"inLanguage\":\"hr\",\"potentialAction\":[{\"@type\":\"ReadAction\",\"target\":[\"https:\\\/\\\/www.komedija.hr\\\/www\\\/arhiva-predstava\\\/aida-2\\\/\"]}]},{\"@type\":\"ImageObject\",\"inLanguage\":\"hr\",\"@id\":\"https:\\\/\\\/www.komedija.hr\\\/www\\\/arhiva-predstava\\\/aida-2\\\/#primaryimage\",\"url\":\"https:\\\/\\\/www.komedija.hr\\\/www\\\/wp-content\\\/uploads\\\/2018\\\/02\\\/aida-37.jpg\",\"contentUrl\":\"https:\\\/\\\/www.komedija.hr\\\/www\\\/wp-content\\\/uploads\\\/2018\\\/02\\\/aida-37.jpg\",\"width\":1200,\"height\":800},{\"@type\":\"BreadcrumbList\",\"@id\":\"https:\\\/\\\/www.komedija.hr\\\/www\\\/arhiva-predstava\\\/aida-2\\\/#breadcrumb\",\"itemListElement\":[{\"@type\":\"ListItem\",\"position\":1,\"name\":\"Po\u010detna stranica\",\"item\":\"http:\\\/\\\/www.komedija.hr\\\/www\\\/\"},{\"@type\":\"ListItem\",\"position\":2,\"name\":\"Arhiva predstava\",\"item\":\"https:\\\/\\\/www.komedija.hr\\\/www\\\/arhiva-predstava\\\/\"},{\"@type\":\"ListItem\",\"position\":3,\"name\":\"AIDA (2017.)\"}]},{\"@type\":\"WebSite\",\"@id\":\"http:\\\/\\\/www.komedija.hr\\\/www\\\/#website\",\"url\":\"http:\\\/\\\/www.komedija.hr\\\/www\\\/\",\"name\":\"Kazali\u0161te Komedija\",\"description\":\"\",\"publisher\":{\"@id\":\"http:\\\/\\\/www.komedija.hr\\\/www\\\/#organization\"},\"potentialAction\":[{\"@type\":\"SearchAction\",\"target\":{\"@type\":\"EntryPoint\",\"urlTemplate\":\"http:\\\/\\\/www.komedija.hr\\\/www\\\/?s={search_term_string}\"},\"query-input\":{\"@type\":\"PropertyValueSpecification\",\"valueRequired\":true,\"valueName\":\"search_term_string\"}}],\"inLanguage\":\"hr\"},{\"@type\":\"Organization\",\"@id\":\"http:\\\/\\\/www.komedija.hr\\\/www\\\/#organization\",\"name\":\"Zagreba\u010dko gradsko Kazali\u0161ta Komedija\",\"url\":\"http:\\\/\\\/www.komedija.hr\\\/www\\\/\",\"logo\":{\"@type\":\"ImageObject\",\"inLanguage\":\"hr\",\"@id\":\"http:\\\/\\\/www.komedija.hr\\\/www\\\/#\\\/schema\\\/logo\\\/image\\\/\",\"url\":\"https:\\\/\\\/www.komedija.hr\\\/www\\\/wp-content\\\/uploads\\\/2020\\\/02\\\/cropped-Kazaliste_Komedija_logo_2.png\",\"contentUrl\":\"https:\\\/\\\/www.komedija.hr\\\/www\\\/wp-content\\\/uploads\\\/2020\\\/02\\\/cropped-Kazaliste_Komedija_logo_2.png\",\"width\":512,\"height\":512,\"caption\":\"Zagreba\u010dko gradsko Kazali\u0161ta Komedija\"},\"image\":{\"@id\":\"http:\\\/\\\/www.komedija.hr\\\/www\\\/#\\\/schema\\\/logo\\\/image\\\/\"},\"sameAs\":[\"https:\\\/\\\/www.facebook.com\\\/kazaliste.komedija\\\/\",\"https:\\\/\\\/x.com\\\/KKomedija\",\"https:\\\/\\\/www.instagram.com\\\/kazaliste_komedija\\\/\",\"https:\\\/\\\/www.youtube.com\\\/channel\\\/UC1NcapMYUXJW3miW_oPxT5w\\\/videos\"]}]}<\/script>\n<!-- \/ Yoast SEO plugin. -->","yoast_head_json":{"title":"AIDA (2017.) - Kazali\u0161te Komedija","robots":{"index":"index","follow":"follow","max-snippet":"max-snippet:-1","max-image-preview":"max-image-preview:large","max-video-preview":"max-video-preview:-1"},"canonical":"https:\/\/www.komedija.hr\/www\/arhiva-predstava\/aida-2\/","og_locale":"hr_HR","og_type":"article","og_title":"AIDA (2017.) - Kazali\u0161te Komedija","og_description":"Mjuzikl glazba: Elton John stihovi: Tim Rice tekst: Linda Woolverton, Robert Falls i David Henry Hwang redatelj izvorne predstave na Broadwayu: Robert Falls izvorna produkcija: DISNEY Theatrical Production Prema dogovoru s Music Theatre International Europe prevoditeljica: Ivanka Ani\u010di\u0107 Dirigent Dinko Appelt Redateljica Dora Ru\u017edjak Podolski Scenograf Ivo Knezovi\u0107 Kostimografkinja Mirjana Zagorec Koreograf Igor Barberi\u0107 Oblikovatelj [&hellip;]","og_url":"https:\/\/www.komedija.hr\/www\/arhiva-predstava\/aida-2\/","og_site_name":"Kazali\u0161te Komedija","article_publisher":"https:\/\/www.facebook.com\/kazaliste.komedija\/","article_modified_time":"2020-09-17T10:56:04+00:00","og_image":[{"width":1200,"height":800,"url":"https:\/\/www.komedija.hr\/www\/wp-content\/uploads\/2018\/02\/aida-37.jpg","type":"image\/jpeg"}],"twitter_card":"summary_large_image","twitter_site":"@KKomedija","twitter_misc":{"Procijenjeno vrijeme \u010ditanja":"3 minute"},"schema":{"@context":"https:\/\/schema.org","@graph":[{"@type":"WebPage","@id":"https:\/\/www.komedija.hr\/www\/arhiva-predstava\/aida-2\/","url":"https:\/\/www.komedija.hr\/www\/arhiva-predstava\/aida-2\/","name":"AIDA (2017.) - Kazali\u0161te Komedija","isPartOf":{"@id":"http:\/\/www.komedija.hr\/www\/#website"},"primaryImageOfPage":{"@id":"https:\/\/www.komedija.hr\/www\/arhiva-predstava\/aida-2\/#primaryimage"},"image":{"@id":"https:\/\/www.komedija.hr\/www\/arhiva-predstava\/aida-2\/#primaryimage"},"thumbnailUrl":"https:\/\/www.komedija.hr\/www\/wp-content\/uploads\/2018\/02\/aida-37.jpg","datePublished":"2018-01-03T12:46:36+00:00","dateModified":"2020-09-17T10:56:04+00:00","breadcrumb":{"@id":"https:\/\/www.komedija.hr\/www\/arhiva-predstava\/aida-2\/#breadcrumb"},"inLanguage":"hr","potentialAction":[{"@type":"ReadAction","target":["https:\/\/www.komedija.hr\/www\/arhiva-predstava\/aida-2\/"]}]},{"@type":"ImageObject","inLanguage":"hr","@id":"https:\/\/www.komedija.hr\/www\/arhiva-predstava\/aida-2\/#primaryimage","url":"https:\/\/www.komedija.hr\/www\/wp-content\/uploads\/2018\/02\/aida-37.jpg","contentUrl":"https:\/\/www.komedija.hr\/www\/wp-content\/uploads\/2018\/02\/aida-37.jpg","width":1200,"height":800},{"@type":"BreadcrumbList","@id":"https:\/\/www.komedija.hr\/www\/arhiva-predstava\/aida-2\/#breadcrumb","itemListElement":[{"@type":"ListItem","position":1,"name":"Po\u010detna stranica","item":"http:\/\/www.komedija.hr\/www\/"},{"@type":"ListItem","position":2,"name":"Arhiva predstava","item":"https:\/\/www.komedija.hr\/www\/arhiva-predstava\/"},{"@type":"ListItem","position":3,"name":"AIDA (2017.)"}]},{"@type":"WebSite","@id":"http:\/\/www.komedija.hr\/www\/#website","url":"http:\/\/www.komedija.hr\/www\/","name":"Kazali\u0161te Komedija","description":"","publisher":{"@id":"http:\/\/www.komedija.hr\/www\/#organization"},"potentialAction":[{"@type":"SearchAction","target":{"@type":"EntryPoint","urlTemplate":"http:\/\/www.komedija.hr\/www\/?s={search_term_string}"},"query-input":{"@type":"PropertyValueSpecification","valueRequired":true,"valueName":"search_term_string"}}],"inLanguage":"hr"},{"@type":"Organization","@id":"http:\/\/www.komedija.hr\/www\/#organization","name":"Zagreba\u010dko gradsko Kazali\u0161ta Komedija","url":"http:\/\/www.komedija.hr\/www\/","logo":{"@type":"ImageObject","inLanguage":"hr","@id":"http:\/\/www.komedija.hr\/www\/#\/schema\/logo\/image\/","url":"https:\/\/www.komedija.hr\/www\/wp-content\/uploads\/2020\/02\/cropped-Kazaliste_Komedija_logo_2.png","contentUrl":"https:\/\/www.komedija.hr\/www\/wp-content\/uploads\/2020\/02\/cropped-Kazaliste_Komedija_logo_2.png","width":512,"height":512,"caption":"Zagreba\u010dko gradsko Kazali\u0161ta Komedija"},"image":{"@id":"http:\/\/www.komedija.hr\/www\/#\/schema\/logo\/image\/"},"sameAs":["https:\/\/www.facebook.com\/kazaliste.komedija\/","https:\/\/x.com\/KKomedija","https:\/\/www.instagram.com\/kazaliste_komedija\/","https:\/\/www.youtube.com\/channel\/UC1NcapMYUXJW3miW_oPxT5w\/videos"]}]}},"_links":{"self":[{"href":"https:\/\/www.komedija.hr\/www\/wp-json\/wp\/v2\/pages\/9789","targetHints":{"allow":["GET"]}}],"collection":[{"href":"https:\/\/www.komedija.hr\/www\/wp-json\/wp\/v2\/pages"}],"about":[{"href":"https:\/\/www.komedija.hr\/www\/wp-json\/wp\/v2\/types\/page"}],"author":[{"embeddable":true,"href":"https:\/\/www.komedija.hr\/www\/wp-json\/wp\/v2\/users\/5"}],"replies":[{"embeddable":true,"href":"https:\/\/www.komedija.hr\/www\/wp-json\/wp\/v2\/comments?post=9789"}],"version-history":[{"count":0,"href":"https:\/\/www.komedija.hr\/www\/wp-json\/wp\/v2\/pages\/9789\/revisions"}],"up":[{"embeddable":true,"href":"https:\/\/www.komedija.hr\/www\/wp-json\/wp\/v2\/pages\/1659"}],"wp:featuredmedia":[{"embeddable":true,"href":"https:\/\/www.komedija.hr\/www\/wp-json\/wp\/v2\/media\/10313"}],"wp:attachment":[{"href":"https:\/\/www.komedija.hr\/www\/wp-json\/wp\/v2\/media?parent=9789"}],"curies":[{"name":"wp","href":"https:\/\/api.w.org\/{rel}","templated":true}]}}